CRAN Package Check Results for Package colr

Last updated on 2020-07-11 02:09:18 CEST.

Flavor Version Tinstall Tcheck Ttotal Status Flags
r-devel-linux-x86_64-debian-clang 0.1.900 1.87 21.56 23.43 NOTE
r-devel-linux-x86_64-debian-gcc 0.1.900 1.44 17.21 18.65 NOTE
r-devel-linux-x86_64-fedora-clang 0.1.900 37.14 OK
r-devel-linux-x86_64-fedora-gcc 0.1.900 28.91 OK
r-devel-windows-ix86+x86_64 0.1.900 9.00 49.00 58.00 NOTE
r-patched-linux-x86_64 0.1.900 1.69 21.55 23.24 NOTE
r-patched-solaris-x86 0.1.900 43.70 OK
r-release-linux-x86_64 0.1.900 1.73 21.43 23.16 NOTE
r-release-osx-x86_64 0.1.900 OK
r-release-windows-ix86+x86_64 0.1.900 6.00 49.00 55.00 NOTE
r-oldrel-osx-x86_64 0.1.900 OK
r-oldrel-windows-ix86+x86_64 0.1.900 5.00 34.00 39.00 OK

Check Details

Version: 0.1.900
Check: package vignettes
Result: NOTE
    Package vignette with placeholder title 'Vignette Title':
     'colr.Rmd'
Flavors: r-devel-linux-x86_64-debian-clang, r-devel-linux-x86_64-debian-gcc, r-devel-windows-ix86+x86_64, r-patched-linux-x86_64, r-release-linux-x86_64, r-release-windows-ix86+x86_64