CRAN Package Check Results for Package combinat

Last updated on 2020-11-27 00:48:47 CET.

Flavor Version Tinstall Tcheck Ttotal Status Flags
r-devel-linux-x86_64-debian-clang 0.0-8 2.40 23.30 25.70 NOTE
r-devel-linux-x86_64-debian-gcc 0.0-8 1.74 19.75 21.49 NOTE
r-devel-linux-x86_64-fedora-clang 0.0-8 35.75 NOTE
r-devel-linux-x86_64-fedora-gcc 0.0-8 26.31 NOTE
r-devel-windows-ix86+x86_64 0.0-8 4.00 33.00 37.00 NOTE
r-patched-linux-x86_64 0.0-8 2.41 21.19 23.60 NOTE
r-patched-solaris-x86 0.0-8 40.20 NOTE
r-release-linux-x86_64 0.0-8 2.42 21.71 24.13 NOTE
r-release-macos-x86_64 0.0-8 NOTE
r-release-windows-ix86+x86_64 0.0-8 4.00 24.00 28.00 NOTE
r-oldrel-macos-x86_64 0.0-8 NOTE
r-oldrel-windows-ix86+x86_64 0.0-8 4.00 37.00 41.00 NOTE

Check Details

Version: 0.0-8
Check: DESCRIPTION meta-information
Result: NOTE
    Malformed Description field: should contain one or more complete sentences.
Flavors: r-devel-linux-x86_64-debian-clang, r-devel-linux-x86_64-debian-gcc, r-devel-linux-x86_64-fedora-clang, r-devel-linux-x86_64-fedora-gcc, r-devel-windows-ix86+x86_64, r-patched-linux-x86_64, r-patched-solaris-x86, r-release-linux-x86_64, r-release-macos-x86_64, r-release-windows-ix86+x86_64, r-oldrel-macos-x86_64, r-oldrel-windows-ix86+x86_64