Last updated on 2021-01-22 00:48:49 CET.
Flavor | Version | Tinstall | Tcheck | Ttotal | Status | Flags |
---|---|---|---|---|---|---|
r-devel-linux-x86_64-debian-clang | 4.4.6 | 23.21 | 204.75 | 227.96 | OK | |
r-devel-linux-x86_64-debian-gcc | 4.4.6 | 19.44 | 150.49 | 169.93 | OK | |
r-devel-linux-x86_64-fedora-clang | 4.4.6 | 272.37 | OK | |||
r-devel-linux-x86_64-fedora-gcc | 4.4.6 | 266.04 | OK | |||
r-devel-windows-ix86+x86_64 | 4.4.6 | 47.00 | 265.00 | 312.00 | OK | |
r-patched-linux-x86_64 | 4.4.6 | 20.91 | 187.05 | 207.96 | OK | |
r-patched-solaris-x86 | 4.4.6 | 371.70 | NOTE | |||
r-release-linux-x86_64 | 4.4.6 | 19.51 | 188.54 | 208.05 | OK | |
r-release-macos-x86_64 | 4.4.6 | OK | ||||
r-release-windows-ix86+x86_64 | 4.4.6 | 48.00 | 257.00 | 305.00 | OK | |
r-oldrel-macos-x86_64 | 4.4.6 | NOTE | ||||
r-oldrel-windows-ix86+x86_64 | 4.4.6 | 30.00 | 172.00 | 202.00 | OK |
Version: 4.4.6
Check: installed package size
Result: NOTE
installed size is 5.3Mb
sub-directories of 1Mb or more:
doc 1.6Mb
help 1.4Mb
Flavor: r-patched-solaris-x86
Version: 4.4.6
Check: dependencies in R code
Result: NOTE
No protocol specified
No protocol specified
Flavor: r-oldrel-macos-x86_64