Last updated on 2023-11-28 07:52:58 CET.
Flavor | Version | Tinstall | Tcheck | Ttotal | Status | Flags |
---|---|---|---|---|---|---|
r-devel-linux-x86_64-debian-clang | 0.5.0 | 10.48 | 182.11 | 192.59 | OK | |
r-devel-linux-x86_64-debian-gcc | 0.5.0 | 7.18 | 131.89 | 139.07 | OK | |
r-devel-linux-x86_64-fedora-clang | 0.5.0 | 244.75 | OK | |||
r-devel-linux-x86_64-fedora-gcc | 0.5.0 | 243.34 | OK | |||
r-devel-windows-x86_64 | 0.5.0 | 9.00 | 156.00 | 165.00 | OK | |
r-patched-linux-x86_64 | 0.5.0 | 8.58 | 174.86 | 183.44 | OK | |
r-release-linux-x86_64 | 0.5.0 | 10.11 | 173.30 | 183.41 | OK | |
r-release-macos-arm64 | 0.5.0 | 66.00 | OK | |||
r-release-macos-x86_64 | 0.5.0 | 103.00 | NOTE | |||
r-release-windows-x86_64 | 0.5.0 | 13.00 | 192.00 | 205.00 | OK | |
r-oldrel-macos-arm64 | 0.5.0 | 70.00 | OK | |||
r-oldrel-macos-x86_64 | 0.5.0 | 79.00 | OK | |||
r-oldrel-windows-x86_64 | 0.5.0 | 12.00 | 185.00 | 197.00 | OK |
Version: 0.5.0
Check: package dependencies
Result: NOTE
Package suggested but not available for checking: ‘rstan’
Flavor: r-release-macos-x86_64