Last updated on 2023-02-05 01:54:14 CET.
Flavor | Version | Tinstall | Tcheck | Ttotal | Status | Flags |
---|---|---|---|---|---|---|
r-devel-linux-x86_64-debian-clang | 1.1.0 | 13.34 | 53.22 | 66.56 | OK | |
r-devel-linux-x86_64-debian-gcc | 1.1.0 | 10.32 | 40.89 | 51.21 | OK | |
r-devel-linux-x86_64-fedora-clang | 1.1.0 | 87.79 | OK | |||
r-devel-linux-x86_64-fedora-gcc | 1.1.0 | 90.43 | OK | |||
r-devel-windows-x86_64 | 1.1.0 | 38.00 | 96.00 | 134.00 | OK | |
r-patched-linux-x86_64 | 1.1.0 | 12.30 | 51.06 | 63.36 | OK | |
r-release-linux-x86_64 | 1.1.0 | 11.84 | 51.36 | 63.20 | OK | |
r-release-macos-arm64 | 1.1.0 | 35.00 | NOTE | |||
r-release-macos-x86_64 | 1.1.0 | 62.00 | OK | |||
r-release-windows-x86_64 | 1.1.0 | 45.00 | 97.00 | 142.00 | OK | |
r-oldrel-macos-arm64 | 1.1.0 | 41.00 | NOTE | |||
r-oldrel-macos-x86_64 | 1.1.0 | 64.00 | OK | |||
r-oldrel-windows-ix86+x86_64 | 1.1.0 | 26.00 | 88.00 | 114.00 | OK |
Version: 1.1.0
Check: installed package size
Result: NOTE
installed size is 5.2Mb
sub-directories of 1Mb or more:
data 4.9Mb
Flavors: r-release-macos-arm64, r-oldrel-macos-arm64