CRAN Package Check Results for Package conStruct

Last updated on 2020-03-29 00:47:15 CET.

Flavor Version Tinstall Tcheck Ttotal Status Flags
r-devel-linux-x86_64-debian-clang 1.0.4 NOTE
r-devel-linux-x86_64-debian-gcc 1.0.4 377.51 98.05 475.56 NOTE
r-devel-linux-x86_64-fedora-clang 1.0.4 742.82 NOTE
r-devel-linux-x86_64-fedora-gcc 1.0.4 817.18 NOTE
r-devel-windows-ix86+x86_64 1.0.4 606.00 179.00 785.00 NOTE
r-devel-windows-ix86+x86_64-gcc8 1.0.4 734.00 204.00 938.00 NOTE
r-patched-linux-x86_64 1.0.4 366.11 122.96 489.07 NOTE
r-patched-solaris-x86 1.0.4 690.90 NOTE
r-release-linux-x86_64 1.0.4 361.55 108.10 469.65 NOTE
r-release-windows-ix86+x86_64 1.0.4 140.00 8.00 148.00 ERROR
r-release-osx-x86_64 1.0.4 NOTE
r-oldrel-windows-ix86+x86_64 1.0.4 928.00 219.00 1147.00 NOTE
r-oldrel-osx-x86_64 1.0.4 NOTE

Check Details

Version: 1.0.4
Check: for GNU extensions in Makefiles
Result: NOTE
    GNU make is a SystemRequirements.
Flavors: r-devel-linux-x86_64-debian-clang, r-devel-linux-x86_64-debian-gcc, r-devel-linux-x86_64-fedora-clang, r-devel-linux-x86_64-fedora-gcc, r-devel-windows-ix86+x86_64, r-devel-windows-ix86+x86_64-gcc8, r-patched-linux-x86_64, r-patched-solaris-x86, r-release-linux-x86_64, r-release-osx-x86_64, r-oldrel-windows-ix86+x86_64, r-oldrel-osx-x86_64

Version: 1.0.4
Check: installed package size
Result: NOTE
     installed size is 70.6Mb
     sub-directories of 1Mb or more:
     libs 69.4Mb
Flavors: r-devel-linux-x86_64-fedora-clang, r-devel-windows-ix86+x86_64, r-devel-windows-ix86+x86_64-gcc8, r-patched-solaris-x86, r-release-osx-x86_64, r-oldrel-windows-ix86+x86_64, r-oldrel-osx-x86_64

Version: 1.0.4
Check: whether package can be installed
Result: ERROR
    Installation failed.
Flavor: r-release-windows-ix86+x86_64