CRAN Package Check Results for Package concom

Last updated on 2023-02-02 00:54:39 CET.

Flavor Version Tinstall Tcheck Ttotal Status Flags
r-devel-linux-x86_64-debian-clang 1.0.0 25.57 36.28 61.85 NOTE
r-devel-linux-x86_64-debian-gcc 1.0.0 20.37 29.66 50.03 NOTE
r-devel-linux-x86_64-fedora-clang 1.0.0 84.85 NOTE
r-devel-linux-x86_64-fedora-gcc 1.0.0 82.66 NOTE
r-devel-windows-x86_64 1.0.0 31.00 86.00 117.00 NOTE
r-patched-linux-x86_64 1.0.0 21.19 38.73 59.92 OK
r-release-linux-x86_64 1.0.0 18.75 38.25 57.00 OK
r-release-macos-arm64 1.0.0 27.00 OK
r-release-macos-x86_64 1.0.0 38.00 OK
r-release-windows-x86_64 1.0.0 29.00 87.00 116.00 OK
r-oldrel-macos-arm64 1.0.0 28.00 OK
r-oldrel-macos-x86_64 1.0.0 33.00 OK
r-oldrel-windows-ix86+x86_64 1.0.0 63.00 88.00 151.00 OK

Check Details

Version: 1.0.0
Check: C++ specification
Result: NOTE
     Specified C++11: please update to current default of C++17
Flavors: r-devel-linux-x86_64-debian-clang, r-devel-linux-x86_64-debian-gcc, r-devel-linux-x86_64-fedora-clang, r-devel-linux-x86_64-fedora-gcc, r-devel-windows-x86_64