CRAN Package Check Results for Package concurve

Last updated on 2021-04-20 01:47:00 CEST.

Flavor Version Tinstall Tcheck Ttotal Status Flags
r-devel-linux-x86_64-debian-clang 2.7.7 16.44 159.66 176.10 NOTE
r-devel-linux-x86_64-debian-gcc 2.7.7 13.07 117.70 130.77 NOTE
r-devel-linux-x86_64-fedora-clang 2.7.7 214.42 NOTE
r-devel-linux-x86_64-fedora-gcc 2.7.7 205.26 NOTE
r-devel-windows-ix86+x86_64 2.7.7 26.00 136.00 162.00 NOTE
r-devel-windows-x86_64-gcc10-UCRT 2.7.7 NOTE
r-patched-linux-x86_64 2.7.7 13.81 148.48 162.29 OK
r-patched-solaris-x86 2.7.7 285.90 OK
r-release-linux-x86_64 2.7.7 13.99 148.57 162.56 OK
r-release-macos-x86_64 2.7.7 OK
r-release-windows-ix86+x86_64 2.7.7 38.00 194.00 232.00 OK
r-oldrel-macos-x86_64 2.7.7 ERROR
r-oldrel-windows-ix86+x86_64 2.5.0 31.00 337.00 368.00 OK

Check Details

Version: 2.7.7
Check: LazyData
Result: NOTE
     'LazyData' is specified without a 'data' directory
Flavors: r-devel-linux-x86_64-debian-clang, r-devel-linux-x86_64-debian-gcc, r-devel-linux-x86_64-fedora-clang, r-devel-linux-x86_64-fedora-gcc, r-devel-windows-ix86+x86_64, r-devel-windows-x86_64-gcc10-UCRT

Version: 2.7.7
Check: Rd cross-references
Result: NOTE
    Undeclared package ‘rlang’ in Rd xrefs
Flavor: r-devel-linux-x86_64-fedora-clang

Version: 2.7.7
Check: whether package can be installed
Result: ERROR
    Installation failed.
Flavor: r-oldrel-macos-x86_64