Last updated on 2023-02-07 00:54:12 CET.
Flavor | Version | Tinstall | Tcheck | Ttotal | Status | Flags |
---|---|---|---|---|---|---|
r-devel-linux-x86_64-debian-clang | 1.2-3.1 | 8.57 | 87.42 | 95.99 | NOTE | |
r-devel-linux-x86_64-debian-gcc | 1.2-3.1 | 8.11 | 66.81 | 74.92 | NOTE | |
r-devel-linux-x86_64-fedora-clang | 1.2-3.1 | 123.33 | NOTE | |||
r-devel-linux-x86_64-fedora-gcc | 1.2-3.1 | 136.56 | NOTE | |||
r-devel-windows-x86_64 | 1.2-3.1 | 15.00 | 128.00 | 143.00 | NOTE | |
r-patched-linux-x86_64 | 1.2-3.1 | 9.05 | 84.98 | 94.03 | OK | |
r-release-linux-x86_64 | 1.2-3.1 | 9.31 | 84.57 | 93.88 | OK | |
r-release-macos-arm64 | 1.2-3.1 | 36.00 | OK | |||
r-release-macos-x86_64 | 1.2-3.1 | 55.00 | OK | |||
r-release-windows-x86_64 | 1.2-3.1 | 21.00 | 134.00 | 155.00 | OK | |
r-oldrel-macos-arm64 | 1.2-3.1 | 53.00 | OK | |||
r-oldrel-macos-x86_64 | 1.2-3.1 | 78.00 | OK | |||
r-oldrel-windows-ix86+x86_64 | 1.2-3.1 | 19.00 | 111.00 | 130.00 | OK |
Version: 1.2-3.1
Check: Rd files
Result: NOTE
checkRd: (-1) babies.Rd:35: Escaped LaTeX specials: \&
Flavors: r-devel-linux-x86_64-debian-clang, r-devel-linux-x86_64-debian-gcc, r-devel-linux-x86_64-fedora-clang, r-devel-linux-x86_64-fedora-gcc, r-devel-windows-x86_64