CRAN Package Check Results for Package condformat

Last updated on 2020-04-04 01:52:13 CEST.

Flavor Version Tinstall Tcheck Ttotal Status Flags
r-devel-linux-x86_64-debian-clang 0.8.0 5.49 69.75 75.24 NOTE
r-devel-linux-x86_64-debian-gcc 0.8.0 4.51 53.32 57.83 NOTE
r-devel-linux-x86_64-fedora-clang 0.8.0 89.78 NOTE
r-devel-linux-x86_64-fedora-gcc 0.8.0 86.48 NOTE
r-devel-windows-ix86+x86_64 0.8.0 17.00 92.00 109.00 NOTE
r-devel-windows-ix86+x86_64-gcc8 0.8.0 16.00 96.00 112.00 NOTE
r-patched-linux-x86_64 0.8.0 5.10 68.02 73.12 NOTE
r-patched-solaris-x86 0.8.0 130.20 NOTE
r-release-linux-x86_64 0.8.0 4.01 63.70 67.71 NOTE
r-release-windows-ix86+x86_64 0.8.0 13.00 95.00 108.00 NOTE
r-release-osx-x86_64 0.8.0 NOTE
r-oldrel-windows-ix86+x86_64 0.8.0 8.00 99.00 107.00 NOTE
r-oldrel-osx-x86_64 0.8.0 NOTE

Check Details

Version: 0.8.0
Check: dependencies in R code
Result: NOTE
    Missing or unexported object: 'xlsx::CellBlock.default'
Flavors: r-devel-linux-x86_64-debian-clang, r-devel-linux-x86_64-debian-gcc, r-devel-windows-ix86+x86_64, r-devel-windows-ix86+x86_64-gcc8, r-patched-linux-x86_64, r-release-linux-x86_64, r-release-windows-ix86+x86_64, r-oldrel-windows-ix86+x86_64

Version: 0.8.0
Check: dependencies in R code
Result: NOTE
    Namespace in Imports field not imported from: ‘graphics’
     All declared Imports should be used.
    Missing or unexported object: ‘xlsx::CellBlock.default’
Flavors: r-devel-linux-x86_64-fedora-clang, r-devel-linux-x86_64-fedora-gcc, r-patched-solaris-x86

Version: 0.8.0
Check: dependencies in R code
Result: NOTE
    Namespace in Imports field not imported from: ‘graphics’
     All declared Imports should be used.
Flavors: r-release-osx-x86_64, r-oldrel-osx-x86_64