CRAN Package Check Results for Package condformat

Last updated on 2019-10-18 02:47:39 CEST.

Flavor Version Tinstall Tcheck Ttotal Status Flags
r-devel-linux-x86_64-debian-clang 0.8.0 5.26 61.89 67.15 OK
r-devel-linux-x86_64-debian-gcc 0.8.0 3.97 47.95 51.92 OK
r-devel-linux-x86_64-fedora-clang 0.8.0 80.02 NOTE
r-devel-linux-x86_64-fedora-gcc 0.8.0 76.45 NOTE
r-devel-windows-ix86+x86_64 0.8.0 21.00 83.00 104.00 OK
r-patched-linux-x86_64 0.8.0 5.19 60.51 65.70 OK
r-patched-solaris-x86 0.8.0 118.10 NOTE
r-release-linux-x86_64 0.8.0 4.64 60.58 65.22 OK
r-release-windows-ix86+x86_64 0.8.0 10.00 82.00 92.00 OK
r-release-osx-x86_64 0.8.0 NOTE
r-oldrel-windows-ix86+x86_64 0.8.0 6.00 82.00 88.00 OK
r-oldrel-osx-x86_64 0.8.0 NOTE

Check Details

Version: 0.8.0
Check: dependencies in R code
Result: NOTE
    Namespace in Imports field not imported from: ‘graphics’
     All declared Imports should be used.
Flavors: r-devel-linux-x86_64-fedora-clang, r-devel-linux-x86_64-fedora-gcc, r-patched-solaris-x86, r-release-osx-x86_64, r-oldrel-osx-x86_64