CRAN Package Check Results for Package condmixt

Last updated on 2021-06-22 01:49:10 CEST.

Flavor Version Tinstall Tcheck Ttotal Status Flags
r-devel-linux-x86_64-debian-clang 1.1 8.02 38.22 46.24 OK
r-devel-linux-x86_64-debian-gcc 1.1 6.01 28.91 34.92 OK
r-devel-linux-x86_64-fedora-clang 1.1 64.82 NOTE
r-devel-linux-x86_64-fedora-gcc 1.1 54.69 NOTE
r-devel-windows-x86_64 1.1 12.00 53.00 65.00 OK
r-devel-windows-x86_64-gcc10-UCRT 1.1 OK
r-patched-linux-x86_64 1.1 8.95 36.68 45.63 OK
r-patched-solaris-x86 1.1 72.40 OK
r-release-linux-x86_64 1.1 6.94 36.90 43.84 OK
r-release-macos-arm64 1.1 OK
r-release-macos-x86_64 1.1 OK
r-release-windows-ix86+x86_64 1.1 17.00 55.00 72.00 OK
r-oldrel-macos-x86_64 1.1 OK

Check Details

Version: 1.1
Check: compiled code
Result: NOTE
    File ‘condmixt/libs/condmixt.so’:
     Found no calls to: ‘R_registerRoutines’, ‘R_useDynamicSymbols’
    
    It is good practice to register native routines and to disable symbol
    search.
    
    See ‘Writing portable packages’ in the ‘Writing R Extensions’ manual.
Flavors: r-devel-linux-x86_64-fedora-clang, r-devel-linux-x86_64-fedora-gcc