CRAN Package Check Results for Package confidence

Last updated on 2021-12-08 01:51:39 CET.

Flavor Version Tinstall Tcheck Ttotal Status Flags
r-devel-linux-x86_64-debian-clang 1.1-2 5.88 74.44 80.32 OK
r-devel-linux-x86_64-debian-gcc 1.1-2 4.70 56.61 61.31 WARN
r-devel-linux-x86_64-fedora-clang 1.1-2 98.67 WARN
r-devel-linux-x86_64-fedora-gcc 1.1-2 92.96 WARN
r-devel-windows-x86_64-new-UL 1.1-2 15.00 128.00 143.00 OK
r-devel-windows-x86_64-new-TK 1.1-2 WARN
r-devel-windows-x86_64-old 1.1-2 11.00 95.00 106.00 OK
r-patched-linux-x86_64 1.1-2 6.66 68.25 74.91 WARN
r-release-linux-x86_64 1.1-2 5.74 68.68 74.42 OK
r-release-macos-arm64 1.1-2 OK
r-release-macos-x86_64 1.1-2 OK
r-release-windows-ix86+x86_64 1.1-2 10.00 97.00 107.00 OK
r-oldrel-macos-x86_64 1.1-2 OK
r-oldrel-windows-ix86+x86_64 1.1-2 16.00 93.00 109.00 OK

Check Details

Version: 1.1-2
Check: re-building of vignette outputs
Result: WARN
    Error(s) in re-building vignettes:
     ...
    --- re-building ‘confidence.Rnw’ using knitr
    Loading required package: tcltk
    
    For more information on the usage of the Confidence tool, type:
    vignette("confidence")
    Examples of input files can be found in:
    '/home/hornik/tmp/R.check/r-devel-gcc/Work/build/Packages/confidence/extdata'
    Error: processing vignette ‘confidence.Rnw’ failed with diagnostics:
    Running ‘texi2dvi’ on ‘confidence.tex’ failed.
    LaTeX errors:
    ! Package xcolor Error: Undefined color `fgcolor'.
    
    See the xcolor package documentation for explanation.
    Type H <return> for immediate help.
     ...
    ! Emergency stop.
     ...
    
    l.195 ...{rgb}{0.969, 0.969, 0.969}\color{fgcolor}
     \begin{kframe}
    ! ==> Fatal error occurred, no output PDF file produced!
    --- failed re-building ‘confidence.Rnw’
    
    SUMMARY: processing the following file failed:
     ‘confidence.Rnw’
    
    Error: Vignette re-building failed.
    Execution halted
Flavor: r-devel-linux-x86_64-debian-gcc

Version: 1.1-2
Check: re-building of vignette outputs
Result: WARN
    Error(s) in re-building vignettes:
    --- re-building ‘confidence.Rnw’ using knitr
    Loading required package: tcltk
    
    For more information on the usage of the Confidence tool, type:
    vignette("confidence")
    Examples of input files can be found in:
    '/data/gannet/ripley/R/packages/tests-clang/confidence.Rcheck/confidence/extdata'
    Error: processing vignette 'confidence.Rnw' failed with diagnostics:
    Running 'texi2dvi' on 'confidence.tex' failed.
    LaTeX errors:
    ! Package xcolor Error: Undefined color `fgcolor'.
    
    See the xcolor package documentation for explanation.
    Type H <return> for immediate help.
     ...
    ! Package xcolor Error: Undefined color `fgcolor'.
    
    See the xcolor package documentation for explanation.
    Type H <return> for immediate help.
     ...
    ! Package xcolor Error: Undefined color `fgcolor'.
    
    See the xcolor package documentation for explanation.
    Type H <return> for immediate help.
     ...
    ! Package xcolor Error: Undefined color `fgcolor'.
    
    See the xcolor package documentation for explanation.
    Type H <return> for immediate help.
     ...
    ! Package xcolor Error: Undefined color `fgcolor'.
    
    See the xcolor package documentation for explanation.
    Type H <return> for immediate help.
     ...
    ! Package xcolor Error: Undefined color `fgcolor'.
    
    See the xcolor package documentation for explanation.
    Type H <return> for immediate help.
     ...
    ! Package xcolor Error: Undefined color `fgcolor'.
    
    See the xcolor package documentation for explanation.
    Type H <return> for immediate help.
     ...
    ! Package xcolor Error: Undefined color `fgcolor'.
    
    See the xcolor package documentation for explanation.
    Type H <return> for immediate help.
     ...
    ! Package xcolor Error: Undefined color `fgcolor'.
    
    See the xcolor package documentation for explanation.
    Type H <return> for immediate help.
     ...
    --- failed re-building ‘confidence.Rnw’
    
    SUMMARY: processing the following file failed:
     ‘confidence.Rnw’
    
    Error: Vignette re-building failed.
    Execution halted
Flavor: r-devel-linux-x86_64-fedora-clang

Version: 1.1-2
Check: re-building of vignette outputs
Result: WARN
    Error(s) in re-building vignettes:
    --- re-building ‘confidence.Rnw’ using knitr
    Loading required package: tcltk
    
    For more information on the usage of the Confidence tool, type:
    vignette("confidence")
    Examples of input files can be found in:
    '/data/gannet/ripley/R/packages/tests-devel/confidence.Rcheck/confidence/extdata'
    Error: processing vignette 'confidence.Rnw' failed with diagnostics:
    Running 'texi2dvi' on 'confidence.tex' failed.
    LaTeX errors:
    ! Package xcolor Error: Undefined color `fgcolor'.
    
    See the xcolor package documentation for explanation.
    Type H <return> for immediate help.
     ...
    ! Package xcolor Error: Undefined color `fgcolor'.
    
    See the xcolor package documentation for explanation.
    Type H <return> for immediate help.
     ...
    ! Package xcolor Error: Undefined color `fgcolor'.
    
    See the xcolor package documentation for explanation.
    Type H <return> for immediate help.
     ...
    ! Package xcolor Error: Undefined color `fgcolor'.
    
    See the xcolor package documentation for explanation.
    Type H <return> for immediate help.
     ...
    ! Package xcolor Error: Undefined color `fgcolor'.
    
    See the xcolor package documentation for explanation.
    Type H <return> for immediate help.
     ...
    ! Package xcolor Error: Undefined color `fgcolor'.
    
    See the xcolor package documentation for explanation.
    Type H <return> for immediate help.
     ...
    ! Package xcolor Error: Undefined color `fgcolor'.
    
    See the xcolor package documentation for explanation.
    Type H <return> for immediate help.
     ...
    ! Package xcolor Error: Undefined color `fgcolor'.
    
    See the xcolor package documentation for explanation.
    Type H <return> for immediate help.
     ...
    ! Package xcolor Error: Undefined color `fgcolor'.
    
    See the xcolor package documentation for explanation.
    Type H <return> for immediate help.
     ...
    --- failed re-building ‘confidence.Rnw’
    
    SUMMARY: processing the following file failed:
     ‘confidence.Rnw’
    
    Error: Vignette re-building failed.
    Execution halted
Flavor: r-devel-linux-x86_64-fedora-gcc

Version: 1.1-2
Check: re-building of vignette outputs
Result: WARN
    Error(s) in re-building vignettes:
    --- re-building 'confidence.Rnw' using knitr
    Loading required package: tcltk
    
    For more information on the usage of the Confidence tool, type:
    vignette("confidence")
    Examples of input files can be found in:
    'C:/r_packages/pkgcheck/CRAN/confidence/confidence.Rcheck/confidence/extdata'
    Warning in system(paste(shQuote(texi2dvi), if (quiet) "--quiet" else "", :
     running command '"C:\PROGRA~1\MiKTeX\miktex\bin\x64\texify.exe" --quiet --pdf "confidence.tex" --max-iterations=20 -I "C:/r_packages/rinst/share/texmf/tex/latex" -I "C:/r_packages/rinst/share/texmf/bibtex/bst"' had status 1
    Error: processing vignette 'confidence.Rnw' failed with diagnostics:
    running 'texi2dvi' on 'confidence.tex' failed
    
    LaTeX errors:
    ignettes/confidence.tex:195: Package xcolor Error: Undefined color `fgcolor'.
    
    See the xcolor package documentation for explanation.
    Type H <return> for immediate help.
     ...
    ignettes/confidence.tex:280: Package xcolor Error: Undefined color `fgcolor'.
    
    See the xcolor package documentation for explanation.
    Type H <return> for immediate help.
     ...
    ignettes/confidence.tex:291: Package xcolor Error: Undefined color `fgcolor'.
    
    See the xcolor package documentation for explanation.
    Type H <return> for immediate help.
     ...
    ignettes/confidence.tex:301: Package xcolor Error: Undefined color `fgcolor'.
    
    See the xcolor package documentation for explanation.
    Type H <return> for immediate help.
     ...
    ignettes/confidence.tex:316: Package xcolor Error: Undefined color `fgcolor'.
    
    See the xcolor package documentation for explanation.
    Type H <return> for immediate help.
     ...
    ignettes/confidence.tex:325: Package xcolor Error: Undefined color `fgcolor'.
    
    See the xcolor package documentation for explanation.
    Type H <return> for immediate help.
     ...
    ignettes/confidence.tex:337: Package xcolor Error: Undefined color `fgcolor'.
    
    See the xcolor package documentation for explanation.
    Type H <return> for immediate help.
     ...
    ignettes/confidence.tex:393: Package xcolor Error: Undefined color `fgcolor'.
    
    See the xcolor package documentation for explanation.
    Type H <return> for immediate help.
     ...
    ignettes/confidence.tex:411: Package xcolor Error: Undefined color `fgcolor'.
    
    See the xcolor package documentation for explanation.
    Type H <return> for immediate help.
     ...
    
    --- failed re-building 'confidence.Rnw'
    
    SUMMARY: processing the following file failed:
     'confidence.Rnw'
    
    Error: Vignette re-building failed.
    Execution halted
Flavor: r-devel-windows-x86_64-new-TK

Version: 1.1-2
Check: re-building of vignette outputs
Result: WARN
    Error(s) in re-building vignettes:
     ...
    --- re-building ‘confidence.Rnw’ using knitr
    Loading required package: tcltk
    
    For more information on the usage of the Confidence tool, type:
    vignette("confidence")
    Examples of input files can be found in:
    '/home/hornik/tmp/R.check/r-patched-gcc/Work/build/Packages/confidence/extdata'
    Error: processing vignette 'confidence.Rnw' failed with diagnostics:
    Running 'texi2dvi' on 'confidence.tex' failed.
    LaTeX errors:
    ! Package xcolor Error: Undefined color `fgcolor'.
    
    See the xcolor package documentation for explanation.
    Type H <return> for immediate help.
     ...
    ! Emergency stop.
     ...
    
    l.195 ...{rgb}{0.969, 0.969, 0.969}\color{fgcolor}
     \begin{kframe}
    ! ==> Fatal error occurred, no output PDF file produced!
    --- failed re-building ‘confidence.Rnw’
    
    SUMMARY: processing the following file failed:
     ‘confidence.Rnw’
    
    Error: Vignette re-building failed.
    Execution halted
Flavor: r-patched-linux-x86_64