CRAN Package Check Results for Package conmet

Last updated on 2023-09-25 08:02:24 CEST.

Flavor Version Tinstall Tcheck Ttotal Status Flags
r-devel-linux-x86_64-debian-clang 0.1.0 4.59 38.40 42.99 OK
r-devel-linux-x86_64-debian-gcc 0.1.0 3.48 29.23 32.71 OK
r-devel-linux-x86_64-fedora-clang 0.1.0 51.81 NOTE
r-devel-linux-x86_64-fedora-gcc 0.1.0 54.26 NOTE
r-devel-windows-x86_64 0.1.0 6.00 57.00 63.00 OK
r-patched-linux-x86_64 0.1.0 2.64 36.72 39.36 OK
r-release-linux-x86_64 0.1.0 3.72 37.20 40.92 OK
r-release-macos-arm64 0.1.0 22.00 OK
r-release-macos-x86_64 0.1.0 28.00 OK
r-release-windows-x86_64 0.1.0 6.00 56.00 62.00 OK
r-oldrel-macos-arm64 0.1.0 21.00 NOTE
r-oldrel-macos-x86_64 0.1.0 34.00 NOTE
r-oldrel-windows-x86_64 0.1.0 8.00 63.00 71.00 OK

Check Details

Version: 0.1.0
Check: dependencies in R code
Result: NOTE
    Namespaces in Imports field not imported from:
     ‘DT’ ‘Hmisc’ ‘dplyr’ ‘foreign’ ‘lavaan’ ‘openxlsx’ ‘purrr’ ‘semTools’
     ‘shinyWidgets’ ‘stringr’ ‘summarytools’ ‘waiter’
     All declared Imports should be used.
Flavors: r-devel-linux-x86_64-fedora-clang, r-devel-linux-x86_64-fedora-gcc, r-oldrel-macos-arm64, r-oldrel-macos-x86_64