Last updated on 2023-12-09 07:49:28 CET.
Flavor | Version | Tinstall | Tcheck | Ttotal | Status | Flags |
---|---|---|---|---|---|---|
r-devel-linux-x86_64-debian-clang | 1.2.1 | 4.80 | 80.60 | 85.40 | OK | |
r-devel-linux-x86_64-debian-gcc | 1.2.1 | 3.33 | 58.90 | 62.23 | OK | |
r-devel-linux-x86_64-fedora-clang | 1.2.1 | 102.66 | NOTE | |||
r-devel-linux-x86_64-fedora-gcc | 1.2.1 | 112.40 | OK | |||
r-devel-windows-x86_64 | 1.2.1 | 4.00 | 75.00 | 79.00 | OK | |
r-patched-linux-x86_64 | 1.2.1 | 4.89 | 322.28 | 327.17 | OK | |
r-release-linux-x86_64 | 1.2.1 | 3.94 | 319.55 | 323.49 | OK | |
r-release-macos-arm64 | 1.2.1 | 102.00 | OK | |||
r-release-macos-x86_64 | 1.2.1 | 357.00 | OK | |||
r-release-windows-x86_64 | 1.2.1 | 5.00 | 86.00 | 91.00 | OK | |
r-oldrel-macos-arm64 | 1.2.1 | 135.00 | OK | |||
r-oldrel-macos-x86_64 | 1.2.1 | 159.00 | OK | |||
r-oldrel-windows-x86_64 | 1.2.1 | 7.00 | 87.00 | 94.00 | OK |
Version: 1.2.1
Check: Rd cross-references
Result: NOTE
Undeclared package ‘ggplot2’ in Rd xrefs
Flavor: r-devel-linux-x86_64-fedora-clang