CRAN Package Check Results for Package contourPlot

Last updated on 2022-06-30 01:49:06 CEST.

Flavor Version Tinstall Tcheck Ttotal Status Flags
r-devel-linux-x86_64-debian-clang 0.2.0 2.02 30.88 32.90 NOTE
r-devel-linux-x86_64-debian-gcc 0.2.0 2.36 23.58 25.94 NOTE
r-devel-linux-x86_64-fedora-clang 0.2.0 51.19 NOTE
r-devel-linux-x86_64-fedora-gcc 0.2.0 50.39 NOTE
r-devel-windows-x86_64 0.2.0 16.00 63.00 79.00 NOTE
r-patched-linux-x86_64 0.2.0 1.77 29.80 31.57 NOTE
r-release-linux-x86_64 0.2.0 2.82 29.45 32.27 NOTE
r-release-macos-arm64 0.2.0 18.00 NOTE
r-release-macos-x86_64 0.2.0 26.00 NOTE
r-release-windows-x86_64 0.2.0 9.00 56.00 65.00 NOTE
r-oldrel-macos-arm64 0.2.0 22.00 NOTE
r-oldrel-macos-x86_64 0.2.0 24.00 NOTE
r-oldrel-windows-ix86+x86_64 0.2.0 8.00 52.00 60.00 NOTE

Check Details

Version: 0.2.0
Check: LazyData
Result: NOTE
     'LazyData' is specified without a 'data' directory
Flavors: r-devel-linux-x86_64-debian-clang, r-devel-linux-x86_64-debian-gcc, r-devel-linux-x86_64-fedora-clang, r-devel-linux-x86_64-fedora-gcc, r-devel-windows-x86_64, r-patched-linux-x86_64, r-release-linux-x86_64, r-release-macos-arm64, r-release-macos-x86_64, r-release-windows-x86_64, r-oldrel-macos-arm64, r-oldrel-macos-x86_64, r-oldrel-windows-ix86+x86_64