Last updated on 2023-01-28 01:50:06 CET.
Flavor | Version | Tinstall | Tcheck | Ttotal | Status | Flags |
---|---|---|---|---|---|---|
r-devel-linux-x86_64-debian-clang | 0.2.5 | 6.72 | 55.27 | 61.99 | NOTE | |
r-devel-linux-x86_64-debian-gcc | 0.2.5 | 4.64 | 41.07 | 45.71 | NOTE | |
r-devel-linux-x86_64-fedora-clang | 0.2.5 | 75.41 | NOTE | |||
r-devel-linux-x86_64-fedora-gcc | 0.2.5 | 75.00 | NOTE | |||
r-devel-windows-x86_64 | 0.2.5 | 14.00 | 100.00 | 114.00 | NOTE | |
r-patched-linux-x86_64 | 0.2.5 | 7.17 | 50.70 | 57.87 | NOTE | |
r-release-linux-x86_64 | 0.2.5 | 5.89 | 51.55 | 57.44 | NOTE | |
r-release-macos-arm64 | 0.2.5 | 23.00 | NOTE | |||
r-release-macos-x86_64 | 0.2.5 | 35.00 | NOTE | |||
r-release-windows-x86_64 | 0.2.5 | 37.00 | 85.00 | 122.00 | NOTE | |
r-oldrel-macos-arm64 | 0.2.5 | 26.00 | NOTE | |||
r-oldrel-macos-x86_64 | 0.2.5 | 50.00 | NOTE | |||
r-oldrel-windows-ix86+x86_64 | 0.2.5 | 11.00 | 81.00 | 92.00 | NOTE |
Version: 0.2.5
Check: LazyData
Result: NOTE
'LazyData' is specified without a 'data' directory
Flavors: r-devel-linux-x86_64-debian-clang, r-devel-linux-x86_64-debian-gcc, r-devel-linux-x86_64-fedora-clang, r-devel-linux-x86_64-fedora-gcc, r-devel-windows-x86_64, r-patched-linux-x86_64, r-release-linux-x86_64, r-release-macos-arm64, r-release-macos-x86_64, r-release-windows-x86_64, r-oldrel-macos-arm64, r-oldrel-macos-x86_64, r-oldrel-windows-ix86+x86_64