CRAN Package Check Results for Package control

Last updated on 2023-06-09 07:55:43 CEST.

Flavor Version Tinstall Tcheck Ttotal Status Flags
r-devel-linux-x86_64-debian-clang 0.2.5 6.55 54.61 61.16 NOTE
r-devel-linux-x86_64-debian-gcc 0.2.5 3.94 41.47 45.41 NOTE
r-devel-linux-x86_64-fedora-clang 0.2.5 78.93 NOTE
r-devel-linux-x86_64-fedora-gcc 0.2.5 72.34 NOTE
r-devel-windows-x86_64 0.2.5 7.00 74.00 81.00 NOTE
r-patched-linux-x86_64 0.2.5 7.38 52.73 60.11 NOTE
r-release-linux-x86_64 0.2.5 4.64 52.70 57.34 NOTE
r-release-macos-arm64 0.2.5 27.00 NOTE
r-release-macos-x86_64 0.2.5 38.00 NOTE
r-release-windows-x86_64 0.2.5 7.00 82.00 89.00 NOTE
r-oldrel-macos-arm64 0.2.5 26.00 NOTE
r-oldrel-macos-x86_64 0.2.5 35.00 NOTE
r-oldrel-windows-x86_64 0.2.5 7.00 75.00 82.00 NOTE

Check Details

Version: 0.2.5
Check: LazyData
Result: NOTE
     'LazyData' is specified without a 'data' directory
Flavors: r-devel-linux-x86_64-debian-clang, r-devel-linux-x86_64-debian-gcc, r-devel-linux-x86_64-fedora-clang, r-devel-linux-x86_64-fedora-gcc, r-devel-windows-x86_64, r-patched-linux-x86_64, r-release-linux-x86_64, r-release-macos-arm64, r-release-macos-x86_64, r-release-windows-x86_64, r-oldrel-macos-arm64, r-oldrel-macos-x86_64, r-oldrel-windows-x86_64