CRAN Package Check Results for Package convergEU

Last updated on 2021-06-25 02:51:51 CEST.

Flavor Version Tinstall Tcheck Ttotal Status Flags
r-devel-linux-x86_64-debian-clang 0.5.1 6.62 138.80 145.42 OK
r-devel-linux-x86_64-debian-gcc 0.5.1 4.50 100.17 104.67 OK
r-devel-linux-x86_64-fedora-clang 0.5.1 180.41 NOTE
r-devel-linux-x86_64-fedora-gcc 0.5.1 165.34 NOTE
r-devel-windows-x86_64 0.5.1 11.00 115.00 126.00 OK
r-devel-windows-x86_64-gcc10-UCRT 0.5.1 NOTE
r-patched-linux-x86_64 0.5.1 6.29 129.80 136.09 OK
r-patched-solaris-x86 0.5.1 206.30 NOTE
r-release-linux-x86_64 0.5.1 6.13 128.72 134.85 OK
r-release-macos-arm64 0.5.1 NOTE
r-release-macos-x86_64 0.5.1 NOTE
r-release-windows-ix86+x86_64 0.5.1 10.00 130.00 140.00 OK
r-oldrel-macos-x86_64 0.5.1 NOTE
r-oldrel-windows-ix86+x86_64 0.5.1 11.00 145.00 156.00 OK

Check Details

Version: 0.5.1
Check: data for non-ASCII characters
Result: NOTE
     Note: found 1 marked UTF-8 string
Flavors: r-devel-linux-x86_64-fedora-clang, r-devel-linux-x86_64-fedora-gcc, r-devel-windows-x86_64-gcc10-UCRT, r-patched-solaris-x86, r-release-macos-arm64, r-release-macos-x86_64, r-oldrel-macos-x86_64