CRAN Package Check Results for Package convergEU

Last updated on 2021-09-26 01:49:47 CEST.

Flavor Version Tinstall Tcheck Ttotal Status Flags
r-devel-linux-x86_64-debian-clang 0.5.1 6.04 136.72 142.76 OK
r-devel-linux-x86_64-debian-gcc 0.5.1 5.11 97.01 102.12 OK
r-devel-linux-x86_64-fedora-clang 0.5.1 165.96 NOTE
r-devel-linux-x86_64-fedora-gcc 0.5.1 159.35 NOTE
r-devel-windows-x86_64 0.5.1 9.00 124.00 133.00 OK
r-devel-windows-x86_64-gcc10-UCRT 0.5.1 NOTE
r-patched-linux-x86_64 0.5.1 7.77 129.52 137.29 OK
r-patched-solaris-x86 0.5.1 144.10 NOTE
r-release-linux-x86_64 0.5.1 6.01 129.94 135.95 OK
r-release-macos-arm64 0.5.1 NOTE
r-release-macos-x86_64 0.5.1 NOTE
r-release-windows-ix86+x86_64 0.5.1 14.00 122.00 136.00 OK
r-oldrel-macos-x86_64 0.5.1 NOTE
r-oldrel-windows-ix86+x86_64 0.5.1 8.00 130.00 138.00 OK

Check Details

Version: 0.5.1
Check: data for non-ASCII characters
Result: NOTE
     Note: found 1 marked UTF-8 string
Flavors: r-devel-linux-x86_64-fedora-clang, r-devel-linux-x86_64-fedora-gcc, r-devel-windows-x86_64-gcc10-UCRT, r-patched-solaris-x86, r-release-macos-arm64, r-release-macos-x86_64, r-oldrel-macos-x86_64