CRAN Package Check Results for Package convexjlr

Last updated on 2022-05-22 01:51:23 CEST.

Flavor Version Tinstall Tcheck Ttotal Status Flags
r-devel-linux-x86_64-debian-clang 0.8.1 3.07 37.26 40.33 NOTE
r-devel-linux-x86_64-debian-gcc 0.8.1 2.07 29.01 31.08 NOTE
r-devel-linux-x86_64-fedora-clang 0.8.1 48.77 NOTE
r-devel-linux-x86_64-fedora-gcc 0.8.1 47.57 NOTE
r-devel-windows-x86_64 0.8.1 50.00 60.00 110.00 NOTE
r-patched-linux-x86_64 0.8.1 3.48 35.96 39.44 NOTE
r-release-linux-x86_64 0.8.1 2.99 35.22 38.21 NOTE
r-release-macos-arm64 0.8.1 19.00 NOTE
r-release-macos-x86_64 0.8.1 25.00 NOTE
r-release-windows-x86_64 0.8.1 47.00 56.00 103.00 NOTE
r-oldrel-macos-arm64 0.8.1 25.00 NOTE
r-oldrel-macos-x86_64 0.8.1 25.00 NOTE
r-oldrel-windows-ix86+x86_64 0.8.1 7.00 47.00 54.00 NOTE

Check Details

Version: 0.8.1
Check: LazyData
Result: NOTE
     'LazyData' is specified without a 'data' directory
Flavors: r-devel-linux-x86_64-debian-clang, r-devel-linux-x86_64-debian-gcc, r-devel-linux-x86_64-fedora-clang, r-devel-linux-x86_64-fedora-gcc, r-devel-windows-x86_64, r-patched-linux-x86_64, r-release-linux-x86_64, r-release-macos-arm64, r-release-macos-x86_64, r-release-windows-x86_64, r-oldrel-macos-arm64, r-oldrel-macos-x86_64, r-oldrel-windows-ix86+x86_64