CRAN Package Check Results for Package cops

Last updated on 2020-07-05 01:49:06 CEST.

Flavor Version Tinstall Tcheck Ttotal Status Flags
r-devel-linux-x86_64-debian-clang 1.0-2 19.75 149.59 169.34 OK
r-devel-linux-x86_64-debian-gcc 1.0-2 16.60 114.34 130.94 OK
r-devel-linux-x86_64-fedora-clang 1.0-2 222.79 OK
r-devel-linux-x86_64-fedora-gcc 1.0-2 201.98 OK
r-devel-windows-ix86+x86_64 1.0-2 86.00 245.00 331.00 OK
r-patched-linux-x86_64 1.0-2 15.02 147.08 162.10 OK
r-patched-solaris-x86 1.0-2 322.70 OK
r-release-linux-x86_64 1.0-2 18.68 147.74 166.42 OK
r-release-osx-x86_64 1.0-2 OK
r-release-windows-ix86+x86_64 1.0-2 46.00 165.00 211.00 OK
r-oldrel-osx-x86_64 1.0-2 WARN
r-oldrel-windows-ix86+x86_64 1.0-2 76.00 289.00 365.00 OK

Check Details

Version: 1.0-2
Check: whether package can be installed
Result: WARN
    Found the following significant warnings:
     Warning: 'rgl_init' failed, running with rgl.useNULL = TRUE
Flavor: r-oldrel-osx-x86_64

Version: 1.0-2
Check: dependencies in R code
Result: NOTE
    No protocol specified
Flavor: r-oldrel-osx-x86_64

Version: 1.0-2
Check: S3 generic/method consistency
Result: WARN
    No protocol specified
    See section ‘Generic functions and methods’ in the ‘Writing R
    Extensions’ manual.
Flavor: r-oldrel-osx-x86_64

Version: 1.0-2
Check: replacement functions
Result: WARN
    No protocol specified
    The argument of a replacement function which corresponds to the right
    hand side must be named ‘value’.
Flavor: r-oldrel-osx-x86_64

Version: 1.0-2
Check: foreign function calls
Result: NOTE
    No protocol specified
    See chapter ‘System and foreign language interfaces’ in the ‘Writing R
    Extensions’ manual.
Flavor: r-oldrel-osx-x86_64

Version: 1.0-2
Check: R code for possible problems
Result: NOTE
    No protocol specified
Flavor: r-oldrel-osx-x86_64

Version: 1.0-2
Check: for missing documentation entries
Result: WARN
    No protocol specified
    All user-level objects in a package should have documentation entries.
    See chapter ‘Writing R documentation files’ in the ‘Writing R
    Extensions’ manual.
Flavor: r-oldrel-osx-x86_64

Version: 1.0-2
Check: for code/documentation mismatches
Result: WARN
    No protocol specified
    No protocol specified
    No protocol specified
Flavor: r-oldrel-osx-x86_64

Version: 1.0-2
Check: Rd \usage sections
Result: NOTE
    No protocol specified
    The \usage entries for S3 methods should use the \method markup and not
    their full name.
    See chapter ‘Writing R documentation files’ in the ‘Writing R
    Extensions’ manual.
Flavor: r-oldrel-osx-x86_64