CRAN Package Check Results for Package coronavirus

Last updated on 2022-06-27 01:49:48 CEST.

Flavor Version Tinstall Tcheck Ttotal Status Flags
r-devel-linux-x86_64-debian-clang 0.3.31 10.84 45.58 56.42 OK
r-devel-linux-x86_64-debian-gcc 0.3.32 11.53 43.68 55.21 OK
r-devel-linux-x86_64-fedora-clang 0.3.32 102.35 NOTE
r-devel-linux-x86_64-fedora-gcc 0.3.32 77.16 NOTE
r-devel-windows-x86_64 0.3.31 28.00 74.00 102.00 NOTE
r-patched-linux-x86_64 0.3.32 10.62 53.73 64.35 OK
r-release-linux-x86_64 0.3.31 7.54 44.91 52.45 OK
r-release-macos-arm64 0.3.32 33.00 NOTE
r-release-macos-x86_64 0.3.32 48.00 NOTE
r-release-windows-x86_64 0.3.31 41.00 74.00 115.00 NOTE
r-oldrel-macos-arm64 0.3.32 32.00 NOTE
r-oldrel-macos-x86_64 0.3.32 46.00 NOTE
r-oldrel-windows-ix86+x86_64 0.3.31 19.00 68.00 87.00 NOTE

Check Details

Version: 0.3.32
Check: data for non-ASCII characters
Result: NOTE
     Note: found 6 marked UTF-8 strings
Flavors: r-devel-linux-x86_64-fedora-clang, r-devel-linux-x86_64-fedora-gcc, r-release-macos-arm64, r-release-macos-x86_64, r-oldrel-macos-arm64, r-oldrel-macos-x86_64

Version: 0.3.31
Check: installed package size
Result: NOTE
     installed size is 5.1Mb
     sub-directories of 1Mb or more:
     data 1.3Mb
     help 3.7Mb
Flavors: r-devel-windows-x86_64, r-release-windows-x86_64, r-oldrel-windows-ix86+x86_64