Last updated on 2023-12-01 07:50:01 CET.
Flavor | Version | Tinstall | Tcheck | Ttotal | Status | Flags |
---|---|---|---|---|---|---|
r-devel-linux-x86_64-debian-clang | 0.5.1 | 111.44 | 178.45 | 289.89 | OK | |
r-devel-linux-x86_64-debian-gcc | 0.5.1 | 77.00 | 124.46 | 201.46 | OK | |
r-devel-linux-x86_64-fedora-clang | 0.5.1 | 387.29 | NOTE | |||
r-devel-linux-x86_64-fedora-gcc | 0.5.1 | 374.10 | NOTE | |||
r-devel-windows-x86_64 | 0.5.1 | 86.00 | 177.00 | 263.00 | OK | |
r-patched-linux-x86_64 | 0.5.1 | 97.35 | 160.96 | 258.31 | OK | |
r-release-linux-x86_64 | 0.5.1 | 91.25 | 161.24 | 252.49 | OK | |
r-release-macos-arm64 | 0.5.1 | 83.00 | OK | |||
r-release-macos-x86_64 | 0.5.1 | 211.00 | OK | |||
r-release-windows-x86_64 | 0.5.1 | 109.00 | 216.00 | 325.00 | OK | |
r-oldrel-macos-arm64 | 0.5.1 | 81.00 | OK | |||
r-oldrel-macos-x86_64 | 0.5.1 | 121.00 | OK | |||
r-oldrel-windows-x86_64 | 0.5.1 | 99.00 | 192.00 | 291.00 | OK |
Version: 0.5.1
Check: data for non-ASCII characters
Result: NOTE
Note: found 438 marked UTF-8 strings
Flavors: r-devel-linux-x86_64-fedora-clang, r-devel-linux-x86_64-fedora-gcc