CRAN Package Check Results for Package corr2D

Last updated on 2019-10-18 02:47:39 CEST.

Flavor Version Tinstall Tcheck Ttotal Status Flags
r-devel-linux-x86_64-debian-clang 1.0.0 3.61 36.32 39.93 OK
r-devel-linux-x86_64-debian-gcc 1.0.0 2.64 28.26 30.90 OK
r-devel-linux-x86_64-fedora-clang 1.0.0 50.30 NOTE
r-devel-linux-x86_64-fedora-gcc 1.0.0 49.83 NOTE
r-devel-windows-ix86+x86_64 1.0.0 16.00 73.00 89.00 OK
r-patched-linux-x86_64 1.0.0 2.83 35.33 38.16 OK
r-patched-solaris-x86 1.0.0 80.00 NOTE
r-release-linux-x86_64 1.0.0 2.74 35.59 38.33 OK
r-release-windows-ix86+x86_64 1.0.0 9.00 56.00 65.00 OK
r-release-osx-x86_64 1.0.0 NOTE
r-oldrel-windows-ix86+x86_64 1.0.0 6.00 54.00 60.00 OK
r-oldrel-osx-x86_64 1.0.0 NOTE

Check Details

Version: 1.0.0
Check: dependencies in R code
Result: NOTE
    Namespaces in Imports field not imported from:
     ‘profr’ ‘xtable’
     All declared Imports should be used.
Flavors: r-devel-linux-x86_64-fedora-clang, r-devel-linux-x86_64-fedora-gcc, r-patched-solaris-x86, r-release-osx-x86_64, r-oldrel-osx-x86_64