CRAN Package Check Results for Package corr2D

Last updated on 2020-06-03 01:50:43 CEST.

Flavor Version Tinstall Tcheck Ttotal Status Flags
r-devel-linux-x86_64-debian-clang 1.0.0 3.32 40.64 43.96 OK
r-devel-linux-x86_64-debian-gcc 1.0.0 2.94 31.64 34.58 OK
r-devel-linux-x86_64-fedora-clang 1.0.0 62.03 NOTE
r-devel-linux-x86_64-fedora-gcc 1.0.0 52.24 NOTE
r-devel-windows-ix86+x86_64 1.0.0 17.00 87.00 104.00 OK
r-patched-linux-x86_64 1.0.0 3.91 40.36 44.27 OK
r-patched-solaris-x86 1.0.0 84.60 NOTE
r-release-linux-x86_64 1.0.0 3.97 40.20 44.17 OK
r-release-osx-x86_64 1.0.0 NOTE
r-release-windows-ix86+x86_64 1.0.0 10.00 63.00 73.00 OK
r-oldrel-osx-x86_64 1.0.0 NOTE
r-oldrel-windows-ix86+x86_64 1.0.0 11.00 57.00 68.00 OK

Check Details

Version: 1.0.0
Check: dependencies in R code
Result: NOTE
    Namespaces in Imports field not imported from:
     ‘profr’ ‘xtable’
     All declared Imports should be used.
Flavors: r-devel-linux-x86_64-fedora-clang, r-devel-linux-x86_64-fedora-gcc, r-patched-solaris-x86, r-release-osx-x86_64, r-oldrel-osx-x86_64