CRAN Package Check Results for Package corrcoverage

Last updated on 2020-07-03 01:49:00 CEST.

Flavor Version Tinstall Tcheck Ttotal Status Flags
r-devel-linux-x86_64-debian-clang 1.2.1 24.88 79.19 104.07 OK
r-devel-linux-x86_64-debian-gcc 1.2.1 20.07 57.11 77.18 OK
r-devel-linux-x86_64-fedora-clang 1.2.1 139.90 NOTE
r-devel-linux-x86_64-fedora-gcc 1.2.1 118.59 NOTE
r-patched-linux-x86_64 1.2.1 18.80 72.55 91.35 OK
r-patched-solaris-x86 1.2.1 166.60 NOTE
r-release-linux-x86_64 1.2.1 20.21 71.98 92.19 OK
r-release-osx-x86_64 1.2.1 NOTE
r-release-windows-ix86+x86_64 1.1.0 41.00 136.00 177.00 NOTE
r-oldrel-osx-x86_64 1.2.1 NOTE
r-oldrel-windows-ix86+x86_64 1.1.0 53.00 136.00 189.00 NOTE

Check Details

Version: 1.2.1
Check: installed package size
Result: NOTE
     installed size is 5.1Mb
     sub-directories of 1Mb or more:
     extdata 3.8Mb
Flavors: r-devel-linux-x86_64-fedora-clang, r-release-osx-x86_64

Version: 1.2.1
Check: dependencies in R code
Result: NOTE
    Namespace in Imports field not imported from: ‘data.table’
     All declared Imports should be used.
Flavors: r-devel-linux-x86_64-fedora-clang, r-devel-linux-x86_64-fedora-gcc, r-patched-solaris-x86, r-release-osx-x86_64, r-oldrel-osx-x86_64

Version: 1.1.0
Check: installed package size
Result: NOTE
     installed size is 5.6Mb
     sub-directories of 1Mb or more:
     extdata 3.2Mb
     libs 2.0Mb
Flavors: r-release-windows-ix86+x86_64, r-oldrel-windows-ix86+x86_64