CRAN Package Check Results for Package correlation

Last updated on 2021-07-28 01:48:43 CEST.

Flavor Version Tinstall Tcheck Ttotal Status Flags
r-devel-linux-x86_64-debian-clang 0.6.1 6.10 207.85 213.95 OK
r-devel-linux-x86_64-debian-gcc 0.6.1 4.16 150.22 154.38 ERROR
r-devel-linux-x86_64-fedora-clang 0.6.1 246.07 ERROR
r-devel-linux-x86_64-fedora-gcc 0.6.1 247.62 ERROR
r-devel-windows-x86_64 0.6.1 15.00 264.00 279.00 OK
r-devel-windows-x86_64-gcc10-UCRT 0.6.1 OK
r-patched-linux-x86_64 0.6.1 9.39 194.04 203.43 OK
r-patched-solaris-x86 0.6.1 331.60 ERROR
r-release-linux-x86_64 0.6.1 5.20 195.50 200.70 OK
r-release-macos-arm64 0.6.1 WARN
r-release-macos-x86_64 0.6.1 OK
r-release-windows-ix86+x86_64 0.6.1 20.00 183.00 203.00 OK
r-oldrel-macos-x86_64 0.6.1 OK
r-oldrel-windows-ix86+x86_64 0.6.1 16.00 246.00 262.00 OK

Check Details

Version: 0.6.1
Check: tests
Result: ERROR
     Running ‘spelling.R’ [0s/1s]
     Running ‘testthat.R’ [19s/27s]
    Running the tests in ‘tests/testthat.R’ failed.
    Complete output:
     > library(testthat)
     > library(correlation)
     >
     > test_check("correlation")
    
     Attaching package: 'bayestestR'
    
     The following object is masked from 'package:correlation':
    
     simulate_simpson
    
     boundary (singular) fit: see ?isSingular
     boundary (singular) fit: see ?isSingular
     boundary (singular) fit: see ?isSingular
     boundary (singular) fit: see ?isSingular
     boundary (singular) fit: see ?isSingular
     boundary (singular) fit: see ?isSingular
     boundary (singular) fit: see ?isSingular
     boundary (singular) fit: see ?isSingular
     boundary (singular) fit: see ?isSingular
     boundary (singular) fit: see ?isSingular
     boundary (singular) fit: see ?isSingular
     boundary (singular) fit: see ?isSingular
     boundary (singular) fit: see ?isSingular
     boundary (singular) fit: see ?isSingular
     boundary (singular) fit: see ?isSingular
     boundary (singular) fit: see ?isSingular
     boundary (singular) fit: see ?isSingular
     boundary (singular) fit: see ?isSingular
     boundary (singular) fit: see ?isSingular
     boundary (singular) fit: see ?isSingular
     ************
     Welcome to BayesFactor 0.9.12-4.2. If you have questions, please contact Richard Morey ([email protected]).
    
     Type BFManual() to open the manual.
     ************
    
     Attaching package: 'BayesFactor'
    
     The following object is masked from 'package:testthat':
    
     compare
    
    
     Attaching package: 'psych'
    
     The following object is masked from 'package:effectsize':
    
     phi
    
     The following object is masked from 'package:testthat':
    
     describe
    
    
    
     Attaching package: 'ggplot2'
    
     The following objects are masked from 'package:psych':
    
     %+%, alpha
    
    
     Attaching package: 'Hmisc'
    
     The following object is masked from 'package:psych':
    
     describe
    
     The following object is masked from 'package:testthat':
    
     describe
    
     The following objects are masked from 'package:base':
    
     format.pval, units
    
     Loading required namespace: ppcor
     Loading required package: dplyr
    
     Attaching package: 'dplyr'
    
     The following objects are masked from 'package:Hmisc':
    
     src, summarize
    
     The following object is masked from 'package:testthat':
    
     matches
    
     The following objects are masked from 'package:stats':
    
     filter, lag
    
     The following objects are masked from 'package:base':
    
     intersect, setdiff, setequal, union
    
     For i = 2 j = 1 A cell entry of 0 was replaced with correct = 0.5. Check your data!
     For i = 2 j = 1 A cell entry of 0 was replaced with correct = 0.5. Check your data!
     For i = 2 j = 1 A cell entry of 0 was replaced with correct = 0.5. Check your data!
     Loading required package: gt
    
     Attaching package: 'gt'
    
     The following object is masked from 'package:Hmisc':
    
     html
    
     The following object is masked from 'package:testthat':
    
     matches
    
     ══ Skipped tests ═══════════════════════════════════════════════════════════════
     • On CRAN (7)
     • empty test (1)
    
     ══ Failed tests ════════════════════════════════════════════════════════════════
     ── Error (test-correlation.R:70:7): comparison with other packages ─────────────
     Error: Something's unexpected happened when creating the diagonal data. Please open an issue at https://github.com/easystats/correlation/issues
     Backtrace:
     █
     1. ├─base::as.data.frame(summary(out, redundant = TRUE)) test-correlation.R:70:6
     2. ├─base::summary(out, redundant = TRUE)
     3. └─correlation:::summary.easycorrelation(out, redundant = TRUE)
     4. └─correlation:::.add_redundant(object)
     5. └─correlation:::.create_diagonal(params)
     ── Failure (test-correlation.R:159:5): format checks ───────────────────────────
     c(nrow(out), ncol(out)) (`actual`) not equal to c(6, 14) (`expected`).
    
     `actual`: 6 15
     `expected`: 6 14
     ── Error (test-correlation.R:160:5): format checks ─────────────────────────────
     Error: Something's unexpected happened when creating the diagonal data. Please open an issue at https://github.com/easystats/correlation/issues
     Backtrace:
     █
     1. ├─testthat::expect_equal(...) test-correlation.R:160:4
     2. │ └─testthat::quasi_label(enquo(object), label, arg = "object")
     3. │ └─rlang::eval_bare(expr, quo_get_env(quo))
     4. ├─base::nrow(summary(out, redundant = TRUE))
     5. ├─base::summary(out, redundant = TRUE)
     6. └─correlation:::summary.easycorrelation(out, redundant = TRUE)
     7. └─correlation:::.add_redundant(object)
     8. └─correlation:::.create_diagonal(params)
    
     [ FAIL 3 | WARN 12 | SKIP 8 | PASS 137 ]
     Error: Test failures
     Execution halted
Flavor: r-devel-linux-x86_64-debian-gcc

Version: 0.6.1
Check: tests
Result: ERROR
     Running ‘spelling.R’
     Running ‘testthat.R’ [29s/33s]
    Running the tests in ‘tests/testthat.R’ failed.
    Complete output:
     > library(testthat)
     > library(correlation)
     >
     > test_check("correlation")
    
     Attaching package: 'bayestestR'
    
     The following object is masked from 'package:correlation':
    
     simulate_simpson
    
     boundary (singular) fit: see ?isSingular
     boundary (singular) fit: see ?isSingular
     boundary (singular) fit: see ?isSingular
     boundary (singular) fit: see ?isSingular
     boundary (singular) fit: see ?isSingular
     boundary (singular) fit: see ?isSingular
     boundary (singular) fit: see ?isSingular
     boundary (singular) fit: see ?isSingular
     boundary (singular) fit: see ?isSingular
     boundary (singular) fit: see ?isSingular
     boundary (singular) fit: see ?isSingular
     boundary (singular) fit: see ?isSingular
     boundary (singular) fit: see ?isSingular
     boundary (singular) fit: see ?isSingular
     boundary (singular) fit: see ?isSingular
     boundary (singular) fit: see ?isSingular
     boundary (singular) fit: see ?isSingular
     boundary (singular) fit: see ?isSingular
     boundary (singular) fit: see ?isSingular
     boundary (singular) fit: see ?isSingular
     ************
     Welcome to BayesFactor 0.9.12-4.2. If you have questions, please contact Richard Morey ([email protected]).
    
     Type BFManual() to open the manual.
     ************
    
     Attaching package: 'BayesFactor'
    
     The following object is masked from 'package:testthat':
    
     compare
    
    
     Attaching package: 'psych'
    
     The following object is masked from 'package:effectsize':
    
     phi
    
     The following object is masked from 'package:testthat':
    
     describe
    
    
    
     Attaching package: 'ggplot2'
    
     The following objects are masked from 'package:psych':
    
     %+%, alpha
    
    
     Attaching package: 'Hmisc'
    
     The following object is masked from 'package:psych':
    
     describe
    
     The following object is masked from 'package:testthat':
    
     describe
    
     The following objects are masked from 'package:base':
    
     format.pval, units
    
     Loading required namespace: ppcor
     Loading required package: dplyr
    
     Attaching package: 'dplyr'
    
     The following objects are masked from 'package:Hmisc':
    
     src, summarize
    
     The following object is masked from 'package:testthat':
    
     matches
    
     The following objects are masked from 'package:stats':
    
     filter, lag
    
     The following objects are masked from 'package:base':
    
     intersect, setdiff, setequal, union
    
     For i = 2 j = 1 A cell entry of 0 was replaced with correct = 0.5. Check your data!
     For i = 2 j = 1 A cell entry of 0 was replaced with correct = 0.5. Check your data!
     For i = 2 j = 1 A cell entry of 0 was replaced with correct = 0.5. Check your data!
     Loading required package: gt
    
     Attaching package: 'gt'
    
     The following object is masked from 'package:Hmisc':
    
     html
    
     The following object is masked from 'package:testthat':
    
     matches
    
     ══ Skipped tests ═══════════════════════════════════════════════════════════════
     • On CRAN (7)
     • empty test (1)
    
     ══ Failed tests ════════════════════════════════════════════════════════════════
     ── Error (test-correlation.R:70:7): comparison with other packages ─────────────
     Error: Something's unexpected happened when creating the diagonal data. Please open an issue at https://github.com/easystats/correlation/issues
     Backtrace:
     █
     1. ├─base::as.data.frame(summary(out, redundant = TRUE)) test-correlation.R:70:6
     2. ├─base::summary(out, redundant = TRUE)
     3. └─correlation:::summary.easycorrelation(out, redundant = TRUE)
     4. └─correlation:::.add_redundant(object)
     5. └─correlation:::.create_diagonal(params)
     ── Failure (test-correlation.R:159:5): format checks ───────────────────────────
     c(nrow(out), ncol(out)) (`actual`) not equal to c(6, 14) (`expected`).
    
     `actual`: 6 15
     `expected`: 6 14
     ── Error (test-correlation.R:160:5): format checks ─────────────────────────────
     Error: Something's unexpected happened when creating the diagonal data. Please open an issue at https://github.com/easystats/correlation/issues
     Backtrace:
     █
     1. ├─testthat::expect_equal(...) test-correlation.R:160:4
     2. │ └─testthat::quasi_label(enquo(object), label, arg = "object")
     3. │ └─rlang::eval_bare(expr, quo_get_env(quo))
     4. ├─base::nrow(summary(out, redundant = TRUE))
     5. ├─base::summary(out, redundant = TRUE)
     6. └─correlation:::summary.easycorrelation(out, redundant = TRUE)
     7. └─correlation:::.add_redundant(object)
     8. └─correlation:::.create_diagonal(params)
    
     [ FAIL 3 | WARN 12 | SKIP 8 | PASS 137 ]
     Error: Test failures
     Execution halted
Flavor: r-devel-linux-x86_64-fedora-clang

Version: 0.6.1
Check: tests
Result: ERROR
     Running ‘spelling.R’
     Running ‘testthat.R’ [32s/39s]
    Running the tests in ‘tests/testthat.R’ failed.
    Complete output:
     > library(testthat)
     > library(correlation)
     >
     > test_check("correlation")
    
     Attaching package: 'bayestestR'
    
     The following object is masked from 'package:correlation':
    
     simulate_simpson
    
     boundary (singular) fit: see ?isSingular
     boundary (singular) fit: see ?isSingular
     boundary (singular) fit: see ?isSingular
     boundary (singular) fit: see ?isSingular
     boundary (singular) fit: see ?isSingular
     boundary (singular) fit: see ?isSingular
     boundary (singular) fit: see ?isSingular
     boundary (singular) fit: see ?isSingular
     boundary (singular) fit: see ?isSingular
     boundary (singular) fit: see ?isSingular
     boundary (singular) fit: see ?isSingular
     boundary (singular) fit: see ?isSingular
     boundary (singular) fit: see ?isSingular
     boundary (singular) fit: see ?isSingular
     boundary (singular) fit: see ?isSingular
     boundary (singular) fit: see ?isSingular
     boundary (singular) fit: see ?isSingular
     boundary (singular) fit: see ?isSingular
     boundary (singular) fit: see ?isSingular
     boundary (singular) fit: see ?isSingular
     ************
     Welcome to BayesFactor 0.9.12-4.2. If you have questions, please contact Richard Morey ([email protected]).
    
     Type BFManual() to open the manual.
     ************
    
     Attaching package: 'BayesFactor'
    
     The following object is masked from 'package:testthat':
    
     compare
    
    
     Attaching package: 'psych'
    
     The following object is masked from 'package:effectsize':
    
     phi
    
     The following object is masked from 'package:testthat':
    
     describe
    
    
    
     Attaching package: 'ggplot2'
    
     The following objects are masked from 'package:psych':
    
     %+%, alpha
    
    
     Attaching package: 'Hmisc'
    
     The following object is masked from 'package:psych':
    
     describe
    
     The following object is masked from 'package:testthat':
    
     describe
    
     The following objects are masked from 'package:base':
    
     format.pval, units
    
     Loading required namespace: ppcor
     Loading required package: dplyr
    
     Attaching package: 'dplyr'
    
     The following objects are masked from 'package:Hmisc':
    
     src, summarize
    
     The following object is masked from 'package:testthat':
    
     matches
    
     The following objects are masked from 'package:stats':
    
     filter, lag
    
     The following objects are masked from 'package:base':
    
     intersect, setdiff, setequal, union
    
     For i = 2 j = 1 A cell entry of 0 was replaced with correct = 0.5. Check your data!
     For i = 2 j = 1 A cell entry of 0 was replaced with correct = 0.5. Check your data!
     For i = 2 j = 1 A cell entry of 0 was replaced with correct = 0.5. Check your data!
     Loading required package: gt
    
     Attaching package: 'gt'
    
     The following object is masked from 'package:Hmisc':
    
     html
    
     The following object is masked from 'package:testthat':
    
     matches
    
     ══ Skipped tests ═══════════════════════════════════════════════════════════════
     • On CRAN (7)
     • empty test (1)
    
     ══ Failed tests ════════════════════════════════════════════════════════════════
     ── Error (test-correlation.R:70:7): comparison with other packages ─────────────
     Error: Something's unexpected happened when creating the diagonal data. Please open an issue at https://github.com/easystats/correlation/issues
     Backtrace:
     █
     1. ├─base::as.data.frame(summary(out, redundant = TRUE)) test-correlation.R:70:6
     2. ├─base::summary(out, redundant = TRUE)
     3. └─correlation:::summary.easycorrelation(out, redundant = TRUE)
     4. └─correlation:::.add_redundant(object)
     5. └─correlation:::.create_diagonal(params)
     ── Failure (test-correlation.R:159:5): format checks ───────────────────────────
     c(nrow(out), ncol(out)) (`actual`) not equal to c(6, 14) (`expected`).
    
     `actual`: 6 15
     `expected`: 6 14
     ── Error (test-correlation.R:160:5): format checks ─────────────────────────────
     Error: Something's unexpected happened when creating the diagonal data. Please open an issue at https://github.com/easystats/correlation/issues
     Backtrace:
     █
     1. ├─testthat::expect_equal(...) test-correlation.R:160:4
     2. │ └─testthat::quasi_label(enquo(object), label, arg = "object")
     3. │ └─rlang::eval_bare(expr, quo_get_env(quo))
     4. ├─base::nrow(summary(out, redundant = TRUE))
     5. ├─base::summary(out, redundant = TRUE)
     6. └─correlation:::summary.easycorrelation(out, redundant = TRUE)
     7. └─correlation:::.add_redundant(object)
     8. └─correlation:::.create_diagonal(params)
    
     [ FAIL 3 | WARN 12 | SKIP 8 | PASS 137 ]
     Error: Test failures
     Execution halted
Flavor: r-devel-linux-x86_64-fedora-gcc

Version: 0.6.1
Check: installed package size
Result: NOTE
     installed size is 5.3Mb
     sub-directories of 1Mb or more:
     doc 1.7Mb
     help 3.4Mb
Flavor: r-patched-solaris-x86

Version: 0.6.1
Check: tests
Result: ERROR
     Running ‘spelling.R’
     Running ‘testthat.R’ [38s/42s]
    Running the tests in ‘tests/testthat.R’ failed.
    Complete output:
     > library(testthat)
     > library(correlation)
     >
     > test_check("correlation")
    
     Attaching package: 'bayestestR'
    
     The following object is masked from 'package:correlation':
    
     simulate_simpson
    
     boundary (singular) fit: see ?isSingular
     boundary (singular) fit: see ?isSingular
     boundary (singular) fit: see ?isSingular
     boundary (singular) fit: see ?isSingular
     boundary (singular) fit: see ?isSingular
     boundary (singular) fit: see ?isSingular
     boundary (singular) fit: see ?isSingular
     boundary (singular) fit: see ?isSingular
     boundary (singular) fit: see ?isSingular
     boundary (singular) fit: see ?isSingular
     boundary (singular) fit: see ?isSingular
     boundary (singular) fit: see ?isSingular
     boundary (singular) fit: see ?isSingular
     boundary (singular) fit: see ?isSingular
     boundary (singular) fit: see ?isSingular
     boundary (singular) fit: see ?isSingular
     boundary (singular) fit: see ?isSingular
     boundary (singular) fit: see ?isSingular
     boundary (singular) fit: see ?isSingular
     boundary (singular) fit: see ?isSingular
     ************
     Welcome to BayesFactor 0.9.12-4.2. If you have questions, please contact Richard Morey ([email protected]).
    
     Type BFManual() to open the manual.
     ************
    
     Attaching package: 'BayesFactor'
    
     The following object is masked from 'package:testthat':
    
     compare
    
    
     Attaching package: 'psych'
    
     The following object is masked from 'package:effectsize':
    
     phi
    
     The following object is masked from 'package:testthat':
    
     describe
    
    
    
     Attaching package: 'ggplot2'
    
     The following objects are masked from 'package:psych':
    
     %+%, alpha
    
    
     Attaching package: 'Hmisc'
    
     The following object is masked from 'package:psych':
    
     describe
    
     The following object is masked from 'package:testthat':
    
     describe
    
     The following objects are masked from 'package:base':
    
     format.pval, units
    
     Loading required namespace: ppcor
     Loading required package: dplyr
    
     Attaching package: 'dplyr'
    
     The following objects are masked from 'package:Hmisc':
    
     src, summarize
    
     The following object is masked from 'package:testthat':
    
     matches
    
     The following objects are masked from 'package:stats':
    
     filter, lag
    
     The following objects are masked from 'package:base':
    
     intersect, setdiff, setequal, union
    
     For i = 2 j = 1 A cell entry of 0 was replaced with correct = 0.5. Check your data!
     For i = 2 j = 1 A cell entry of 0 was replaced with correct = 0.5. Check your data!
     For i = 2 j = 1 A cell entry of 0 was replaced with correct = 0.5. Check your data!
     Loading required package: gt
    
     Attaching package: 'gt'
    
     The following object is masked from 'package:Hmisc':
    
     html
    
     The following object is masked from 'package:testthat':
    
     matches
    
     ══ Skipped tests ═══════════════════════════════════════════════════════════════
     • On CRAN (7)
     • empty test (1)
    
     ══ Failed tests ════════════════════════════════════════════════════════════════
     ── Error (test-correlation.R:70:7): comparison with other packages ─────────────
     Error: Something's unexpected happened when creating the diagonal data. Please open an issue at https://github.com/easystats/correlation/issues
     Backtrace:
     █
     1. ├─base::as.data.frame(summary(out, redundant = TRUE)) test-correlation.R:70:6
     2. ├─base::summary(out, redundant = TRUE)
     3. └─correlation:::summary.easycorrelation(out, redundant = TRUE)
     4. └─correlation:::.add_redundant(object)
     5. └─correlation:::.create_diagonal(params)
     ── Failure (test-correlation.R:159:5): format checks ───────────────────────────
     c(nrow(out), ncol(out)) (`actual`) not equal to c(6, 14) (`expected`).
    
     `actual`: 6 15
     `expected`: 6 14
     ── Error (test-correlation.R:160:5): format checks ─────────────────────────────
     Error: Something's unexpected happened when creating the diagonal data. Please open an issue at https://github.com/easystats/correlation/issues
     Backtrace:
     █
     1. ├─testthat::expect_equal(...) test-correlation.R:160:4
     2. │ └─testthat::quasi_label(enquo(object), label, arg = "object")
     3. │ └─rlang::eval_bare(expr, quo_get_env(quo))
     4. ├─base::nrow(summary(out, redundant = TRUE))
     5. ├─base::summary(out, redundant = TRUE)
     6. └─correlation:::summary.easycorrelation(out, redundant = TRUE)
     7. └─correlation:::.add_redundant(object)
     8. └─correlation:::.create_diagonal(params)
    
     [ FAIL 3 | WARN 12 | SKIP 8 | PASS 137 ]
     Error: Test failures
     Execution halted
Flavor: r-patched-solaris-x86

Version: 0.6.1
Check: re-building of vignette outputs
Result: WARN
    Error(s) in re-building vignettes:
    --- re-building ‘multilevel.Rmd’ using rmarkdown
    Warning in engine$weave(file, quiet = quiet, encoding = enc) :
     Pandoc (>= 1.12.3) not available. Falling back to R Markdown v1.
    Quitting from lines 67-73 (multilevel.Rmd)
    Error: processing vignette 'multilevel.Rmd' failed with diagnostics:
    polygon edge not found
    --- failed re-building ‘multilevel.Rmd’
    
    --- re-building ‘types.Rmd’ using rmarkdown
    Warning in engine$weave(file, quiet = quiet, encoding = enc) :
     Pandoc (>= 1.12.3) not available. Falling back to R Markdown v1.
    
    Attaching package: 'dplyr'
    
    The following objects are masked from 'package:stats':
    
     filter, lag
    
    The following objects are masked from 'package:base':
    
     intersect, setdiff, setequal, union
    
    `geom_smooth()` using formula 'y ~ x'
    Warning: Removed 87 rows containing non-finite values (stat_smooth).
    Warning in grid.Call(C_stringMetric, as.graphicsAnnot(x$label)) :
     no font could be found for family "Arial"
    Warning in grid.Call(C_stringMetric, as.graphicsAnnot(x$label)) :
     no font could be found for family "Arial"
    Warning in grid.Call(C_stringMetric, as.graphicsAnnot(x$label)) :
     no font could be found for family "Arial"
    Warning in grid.Call(C_stringMetric, as.graphicsAnnot(x$label)) :
     no font could be found for family "Arial"
    Warning in grid.Call(C_stringMetric, as.graphicsAnnot(x$label)) :
     no font could be found for family "Arial"
    Warning in grid.Call(C_stringMetric, as.graphicsAnnot(x$label)) :
     no font could be found for family "Arial"
    Warning in grid.Call(C_stringMetric, as.graphicsAnnot(x$label)) :
     no font could be found for family "Arial"
    Warning in grid.Call(C_stringMetric, as.graphicsAnnot(x$label)) :
     no font could be found for family "Arial"
    Warning in grid.Call(C_stringMetric, as.graphicsAnnot(x$label)) :
     no font could be found for family "Arial"
    Warning in grid.Call(C_stringMetric, as.graphicsAnnot(x$label)) :
     no font could be found for family "Arial"
    Warning in grid.Call(C_stringMetric, as.graphicsAnnot(x$label)) :
     no font could be found for family "Arial"
    Warning in grid.Call(C_stringMetric, as.graphicsAnnot(x$label)) :
     no font could be found for family "Arial"
    Warning in grid.Call(C_stringMetric, as.graphicsAnnot(x$label)) :
     no font could be found for family "Arial"
    Warning in grid.Call(C_stringMetric, as.graphicsAnnot(x$label)) :
     no font could be found for family "Arial"
    Warning in grid.Call(C_stringMetric, as.graphicsAnnot(x$label)) :
     no font could be found for family "Arial"
    Warning in grid.Call(C_stringMetric, as.graphicsAnnot(x$label)) :
     no font could be found for family "Arial"
    Warning in grid.Call(C_stringMetric, as.graphicsAnnot(x$label)) :
     no font could be found for family "Arial"
    Warning in grid.Call(C_stringMetric, as.graphicsAnnot(x$label)) :
     no font could be found for family "Arial"
    Warning in grid.Call(C_stringMetric, as.graphicsAnnot(x$label)) :
     no font could be found for family "Arial"
    Warning in grid.Call(C_stringMetric, as.graphicsAnnot(x$label)) :
     no font could be found for family "Arial"
    Warning in grid.Call(C_stringMetric, as.graphicsAnnot(x$label)) :
     no font could be found for family "Arial"
    Warning in grid.Call(C_stringMetric, as.graphicsAnnot(x$label)) :
     no font could be found for family "Arial"
    Warning in grid.Call(C_stringMetric, as.graphicsAnnot(x$label)) :
     no font could be found for family "Arial"
    Warning in grid.Call(C_stringMetric, as.graphicsAnnot(x$label)) :
     no font could be found for family "Arial"
    Warning in grid.Call(C_stringMetric, as.graphicsAnnot(x$label)) :
     no font could be found for family "Arial"
    Warning in grid.Call(C_stringMetric, as.graphicsAnnot(x$label)) :
     no font could be found for family "Arial"
    Warning in grid.Call(C_stringMetric, as.graphicsAnnot(x$label)) :
     no font could be found for family "Arial"
    Warning in grid.Call(C_stringMetric, as.graphicsAnnot(x$label)) :
     no font could be found for family "Arial"
    Warning in grid.Call(C_textBounds, as.graphicsAnnot(x$label), x$x, x$y, :
     no font could be found for family "Arial"
    Warning in grid.Call(C_textBounds, as.graphicsAnnot(x$label), x$x, x$y, :
     no font could be found for family "Arial"
    Quitting from lines 204-251 (types.Rmd)
    Error: processing vignette 'types.Rmd' failed with diagnostics:
    polygon edge not found
    --- failed re-building ‘types.Rmd’
    
    SUMMARY: processing the following files failed:
     ‘multilevel.Rmd’ ‘types.Rmd’
    
    Error: Vignette re-building failed.
    Execution halted
Flavor: r-release-macos-arm64