CRAN Package Check Results for Package correlationfunnel

Last updated on 2020-10-01 01:48:36 CEST.

Flavor Version Tinstall Tcheck Ttotal Status Flags
r-devel-linux-x86_64-debian-clang 0.2.0 13.21 156.14 169.35 OK
r-devel-linux-x86_64-debian-gcc 0.2.0 11.69 117.36 129.05 OK
r-devel-linux-x86_64-fedora-clang 0.2.0 212.34 NOTE
r-devel-linux-x86_64-fedora-gcc 0.2.0 200.45 NOTE
r-devel-windows-ix86+x86_64 0.2.0 33.00 178.00 211.00 OK
r-patched-linux-x86_64 0.2.0 11.99 144.82 156.81 OK
r-patched-solaris-x86 0.2.0 289.60 NOTE
r-release-linux-x86_64 0.2.0 13.06 143.56 156.62 OK
r-release-macos-x86_64 0.2.0 NOTE
r-release-windows-ix86+x86_64 0.2.0 36.00 180.00 216.00 OK
r-oldrel-macos-x86_64 0.2.0 NOTE
r-oldrel-windows-ix86+x86_64 0.2.0 30.00 172.00 202.00 OK

Check Details

Version: 0.2.0
Check: dependencies in R code
Result: NOTE
    Namespace in Imports field not imported from: ‘utils’
     All declared Imports should be used.
Flavors: r-devel-linux-x86_64-fedora-clang, r-devel-linux-x86_64-fedora-gcc, r-patched-solaris-x86, r-release-macos-x86_64, r-oldrel-macos-x86_64