CRAN Package Check Results for Package countrycode

Last updated on 2021-03-02 00:47:23 CET.

Flavor Version Tinstall Tcheck Ttotal Status Flags
r-devel-linux-x86_64-debian-clang 1.2.0 OK
r-devel-linux-x86_64-debian-gcc 1.2.0 3.85 44.81 48.66 OK
r-devel-linux-x86_64-fedora-clang 1.2.0 86.53 NOTE
r-devel-linux-x86_64-fedora-gcc 1.2.0 74.87 NOTE
r-devel-windows-ix86+x86_64 1.2.0 7.00 112.00 119.00 OK
r-patched-linux-x86_64 1.2.0 4.12 57.49 61.61 OK
r-patched-solaris-x86 1.2.0 112.20 NOTE
r-release-linux-x86_64 1.2.0 4.52 57.49 62.01 OK
r-release-macos-x86_64 1.2.0 NOTE
r-release-windows-ix86+x86_64 1.2.0 6.00 105.00 111.00 OK
r-oldrel-macos-x86_64 1.2.0 NOTE
r-oldrel-windows-ix86+x86_64 1.2.0 5.00 146.00 151.00 ERROR

Check Details

Version: 1.2.0
Check: data for non-ASCII characters
Result: NOTE
     Note: found 128392 marked UTF-8 strings
Flavors: r-devel-linux-x86_64-fedora-clang, r-devel-linux-x86_64-fedora-gcc, r-patched-solaris-x86, r-release-macos-x86_64, r-oldrel-macos-x86_64

Version: 1.2.0
Check: tests
Result: ERROR
     Running 'test-all.R' [104s]
    Running the tests in 'tests/test-all.R' failed.
    Complete output:
     > ## Test `countrycode` using the `testthat` package
     >
     > ## Setup
     > library(testthat)
     >
     > ## Runs the tests in tests/testthat
     > test_check('countrycode')
     Loading required package: countrycode
     == Warnings ====================================================================
     -- Warning (test-unicode-symbols.R:5:5): converting to and from emoji works ----
     Some values were not matched unambiguously: <U+0001F1E6><ed><U+00A0><U+00BC>
    
     Backtrace:
     1. testthat::expect_equal(...) test-unicode-symbols.R:5:4
     4. countrycode::countrycode(...)
     -- Warning (test-unicode-symbols.R:11:13): unicode.symbol-to-country.name-to-unicode.symbol is internally consistent --
     Some values were not matched unambiguously: <U+0001F1E6><ed><U+00A0><U+00BC>
    
     Backtrace:
     1. countrycode::countrycode(...) test-unicode-symbols.R:11:12
     -- Warning (test-unicode-symbols.R:11:13): unicode.symbol-to-country.name-to-unicode.symbol is internally consistent --
     Some values were not matched unambiguously: <U+0001F1E6><ed><U+00A0><U+00BC>
    
     Backtrace:
     1. countrycode::countrycode(...) test-unicode-symbols.R:11:12
     -- Warning (test-unicode-symbols.R:11:13): unicode.symbol-to-country.name-to-unicode.symbol is internally consistent --
     Some values were not matched unambiguously: <U+0001F1E6><ed><U+00A0><U+00BC>
    
     Backtrace:
     1. countrycode::countrycode(...) test-unicode-symbols.R:11:12
     -- Warning (test-unicode-symbols.R:11:13): unicode.symbol-to-country.name-to-unicode.symbol is internally consistent --
     Some values were not matched unambiguously: <U+0001F1E9><ed><U+00A0><U+00BC>
    
     Backtrace:
     1. countrycode::countrycode(...) test-unicode-symbols.R:11:12
     -- Warning (test-unicode-symbols.R:11:13): unicode.symbol-to-country.name-to-unicode.symbol is internally consistent --
     Some values were not matched unambiguously: <U+0001F1E6><ed><U+00A0><U+00BC>
    
     Backtrace:
     1. countrycode::countrycode(...) test-unicode-symbols.R:11:12
     -- Warning (test-unicode-symbols.R:11:13): unicode.symbol-to-country.name-to-unicode.symbol is internally consistent --
     Some values were not matched unambiguously: <U+0001F1E6><ed><U+00A0><U+00BC>
    
     Backtrace:
     1. countrycode::countrycode(...) test-unicode-symbols.R:11:12
     -- Warning (test-unicode-symbols.R:11:13): unicode.symbol-to-country.name-to-unicode.symbol is internally consistent --
     Some values were not matched unambiguously: <U+0001F1E6><ed><U+00A0><U+00BC>
    
     Backtrace:
     1. countrycode::countrycode(...) test-unicode-symbols.R:11:12
     -- Warning (test-unicode-symbols.R:11:13): unicode.symbol-to-country.name-to-unicode.symbol is internally consistent --
     Some values were not matched unambiguously: <U+0001F1E6><ed><U+00A0><U+00BC>
    
     Backtrace:
     1. countrycode::countrycode(...) test-unicode-symbols.R:11:12
     -- Warning (test-unicode-symbols.R:11:13): unicode.symbol-to-country.name-to-unicode.symbol is internally consistent --
     Some values were not matched unambiguously: <U+0001F1E6><ed><U+00A0><U+00BC>
    
     Backtrace:
     1. countrycode::countrycode(...) test-unicode-symbols.R:11:12
     -- Warning (test-unicode-symbols.R:11:13): unicode.symbol-to-country.name-to-unicode.symbol is internally consistent --
     Some values were not matched unambiguously: <U+0001F1E6><ed><U+00A0><U+00BC>
    
     Backtrace:
     1. countrycode::countrycode(...) test-unicode-symbols.R:11:12
     -- Warning (test-unicode-symbols.R:11:13): unicode.symbol-to-country.name-to-unicode.symbol is internally consistent --
     Some values were not matched unambiguously: <U+0001F1E6><ed><U+00A0><U+00BC>
    
     Backtrace:
     1. countrycode::countrycode(...) test-unicode-symbols.R:11:12
     -- Warning (test-unicode-symbols.R:11:13): unicode.symbol-to-country.name-to-unicode.symbol is internally consistent --
     Some values were not matched unambiguously: <U+0001F1E6><ed><U+00A0><U+00BC>
    
     Backtrace:
     1. countrycode::countrycode(...) test-unicode-symbols.R:11:12
     -- Warning (test-unicode-symbols.R:11:13): unicode.symbol-to-country.name-to-unicode.symbol is internally consistent --
     Some values were not matched unambiguously: <U+0001F1E6><ed><U+00A0><U+00BC>
    
     Backtrace:
     1. countrycode::countrycode(...) test-unicode-symbols.R:11:12
     -- Warning (test-unicode-symbols.R:11:13): unicode.symbol-to-country.name-to-unicode.symbol is internally consistent --
     Some values were not matched unambiguously: <U+0001F1E6><ed><U+00A0><U+00BC>
    
     Backtrace:
     1. countrycode::countrycode(...) test-unicode-symbols.R:11:12
     -- Warning (test-unicode-symbols.R:11:13): unicode.symbol-to-country.name-to-unicode.symbol is internally consistent --
     Some values were not matched unambiguously: <U+0001F1E6><ed><U+00A0><U+00BC>
    
     Backtrace:
     1. countrycode::countrycode(...) test-unicode-symbols.R:11:12
     -- Warning (test-unicode-symbols.R:11:13): unicode.symbol-to-country.name-to-unicode.symbol is internally consistent --
     Some values were not matched unambiguously: <U+0001F1E6><ed><U+00A0><U+00BC>
    
     Backtrace:
     1. countrycode::countrycode(...) test-unicode-symbols.R:11:12
     -- Warning (test-unicode-symbols.R:11:13): unicode.symbol-to-country.name-to-unicode.symbol is internally consistent --
     Some values were not matched unambiguously: <U+0001F1E7><ed><U+00A0><U+00BC>
    
     Backtrace:
     1. countrycode::countrycode(...) test-unicode-symbols.R:11:12
     -- Warning (test-unicode-symbols.R:11:13): unicode.symbol-to-country.name-to-unicode.symbol is internally consistent --
     Some values were not matched unambiguously: <U+0001F1E7><ed><U+00A0><U+00BC>
    
     Backtrace:
     1. countrycode::countrycode(...) test-unicode-symbols.R:11:12
     -- Warning (test-unicode-symbols.R:11:13): unicode.symbol-to-country.name-to-unicode.symbol is internally consistent --
     Some values were not matched unambiguously: <U+0001F1E7><ed><U+00A0><U+00BC>
    
     Backtrace:
     1. countrycode::countrycode(...) test-unicode-symbols.R:11:12
     -- Warning (test-unicode-symbols.R:11:13): unicode.symbol-to-country.name-to-unicode.symbol is internally consistent --
     Some values were not matched unambiguously: <U+0001F1E7><ed><U+00A0><U+00BC>
    
     Backtrace:
     1. countrycode::countrycode(...) test-unicode-symbols.R:11:12
     -- Warning (test-unicode-symbols.R:11:13): unicode.symbol-to-country.name-to-unicode.symbol is internally consistent --
     Some values were not matched unambiguously: <U+0001F1E7><ed><U+00A0><U+00BC>
    
     Backtrace:
     1. countrycode::countrycode(...) test-unicode-symbols.R:11:12
     -- Warning (test-unicode-symbols.R:11:13): unicode.symbol-to-country.name-to-unicode.symbol is internally consistent --
     Some values were not matched unambiguously: <U+0001F1E7><ed><U+00A0><U+00BC>
    
     Backtrace:
     1. countrycode::countrycode(...) test-unicode-symbols.R:11:12
     -- Warning (test-unicode-symbols.R:11:13): unicode.symbol-to-country.name-to-unicode.symbol is internally consistent --
     Some values were not matched unambiguously: <U+0001F1E7><ed><U+00A0><U+00BC>
    
     Backtrace:
     1. countrycode::countrycode(...) test-unicode-symbols.R:11:12
     -- Warning (test-unicode-symbols.R:11:13): unicode.symbol-to-country.name-to-unicode.symbol is internally consistent --
     Some values were not matched unambiguously: <U+0001F1E7><ed><U+00A0><U+00BC>
    
     Backtrace:
     1. countrycode::countrycode(...) test-unicode-symbols.R:11:12
     -- Warning (test-unicode-symbols.R:11:13): unicode.symbol-to-country.name-to-unicode.symbol is internally consistent --
     Some values were not matched unambiguously: <U+0001F1E7><ed><U+00A0><U+00BC>
    
     Backtrace:
     1. countrycode::countrycode(...) test-unicode-symbols.R:11:12
     -- Warning (test-unicode-symbols.R:11:13): unicode.symbol-to-country.name-to-unicode.symbol is internally consistent --
     Some values were not matched unambiguously: <U+0001F1E7><ed><U+00A0><U+00BC>
    
     Backtrace:
     1. countrycode::countrycode(...) test-unicode-symbols.R:11:12
     -- Warning (test-unicode-symbols.R:11:13): unicode.symbol-to-country.name-to-unicode.symbol is internally consistent --
     Some values were not matched unambiguously: <U+0001F1E7><ed><U+00A0><U+00BC>
    
     Backtrace:
     1. countrycode::countrycode(...) test-unicode-symbols.R:11:12
     -- Warning (test-unicode-symbols.R:11:13): unicode.symbol-to-country.name-to-unicode.symbol is internally consistent --
     Some values were not matched unambiguously: <U+0001F1E7><ed><U+00A0><U+00BC>
    
     Backtrace:
     1. countrycode::countrycode(...) test-unicode-symbols.R:11:12
     -- Warning (test-unicode-symbols.R:11:13): unicode.symbol-to-country.name-to-unicode.symbol is internally consistent --
     Some values were not matched unambiguously: <U+0001F1E7><ed><U+00A0><U+00BC>
    
     Backtrace:
     1. countrycode::countrycode(...) test-unicode-symbols.R:11:12
     -- Warning (test-unicode-symbols.R:11:13): unicode.symbol-to-country.name-to-unicode.symbol is internally consistent --
     Some values were not matched unambiguously: <U+0001F1E7><ed><U+00A0><U+00BC>
    
     Backtrace:
     1. countrycode::countrycode(...) test-unicode-symbols.R:11:12
     -- Warning (test-unicode-symbols.R:11:13): unicode.symbol-to-country.name-to-unicode.symbol is internally consistent --
     Some values were not matched unambiguously: <U+0001F1E7><ed><U+00A0><U+00BC>
    
     Backtrace:
     1. countrycode::countrycode(...) test-unicode-symbols.R:11:12
     -- Warning (test-unicode-symbols.R:11:13): unicode.symbol-to-country.name-to-unicode.symbol is internally consistent --
     Some values were not matched unambiguously: <U+0001F1EE><ed><U+00A0><U+00BC>
    
     Backtrace:
     1. countrycode::countrycode(...) test-unicode-symbols.R:11:12
     -- Warning (test-unicode-symbols.R:11:13): unicode.symbol-to-country.name-to-unicode.symbol is internally consistent --
     Some values were not matched unambiguously: <U+0001F1FB><ed><U+00A0><U+00BC>
    
     Backtrace:
     1. countrycode::countrycode(...) test-unicode-symbols.R:11:12
     -- Warning (test-unicode-symbols.R:11:13): unicode.symbol-to-country.name-to-unicode.symbol is internally consistent --
     Some values were not matched unambiguously: <U+0001F1E7><ed><U+00A0><U+00BC>
    
     Backtrace:
     1. countrycode::countrycode(...) test-unicode-symbols.R:11:12
     -- Warning (test-unicode-symbols.R:11:13): unicode.symbol-to-country.name-to-unicode.symbol is internally consistent --
     Some values were not matched unambiguously: <U+0001F1E7><ed><U+00A0><U+00BC>
    
     Backtrace:
     1. countrycode::countrycode(...) test-unicode-symbols.R:11:12
     -- Warning (test-unicode-symbols.R:11:13): unicode.symbol-to-country.name-to-unicode.symbol is internally consistent --
     Some values were not matched unambiguously: <U+0001F1E7><ed><U+00A0><U+00BC>
    
     Backtrace:
     1. countrycode::countrycode(...) test-unicode-symbols.R:11:12
     -- Warning (test-unicode-symbols.R:11:13): unicode.symbol-to-country.name-to-unicode.symbol is internally consistent --
     Some values were not matched unambiguously: <U+0001F1E7><ed><U+00A0><U+00BC>
    
     Backtrace:
     1. countrycode::countrycode(...) test-unicode-symbols.R:11:12
     -- Warning (test-unicode-symbols.R:11:13): unicode.symbol-to-country.name-to-unicode.symbol is internally consistent --
     Some values were not matched unambiguously: <U+0001F1F0><ed><U+00A0><U+00BC>
    
     Backtrace:
     1. countrycode::countrycode(...) test-unicode-symbols.R:11:12
     -- Warning (test-unicode-symbols.R:11:13): unicode.symbol-to-country.name-to-unicode.symbol is internally consistent --
     Some values were not matched unambiguously: <U+0001F1E8><ed><U+00A0><U+00BC>
    
     Backtrace:
     1. countrycode::countrycode(...) test-unicode-symbols.R:11:12
     -- Warning (test-unicode-symbols.R:11:13): unicode.symbol-to-country.name-to-unicode.symbol is internally consistent --
     Some values were not matched unambiguously: <U+0001F1E8><ed><U+00A0><U+00BC>
    
     Backtrace:
     1. countrycode::countrycode(...) test-unicode-symbols.R:11:12
     -- Warning (test-unicode-symbols.R:11:13): unicode.symbol-to-country.name-to-unicode.symbol is internally consistent --
     Some values were not matched unambiguously: <U+0001F1E8><ed><U+00A0><U+00BC>
    
     Backtrace:
     1. countrycode::countrycode(...) test-unicode-symbols.R:11:12
     -- Warning (test-unicode-symbols.R:11:13): unicode.symbol-to-country.name-to-unicode.symbol is internally consistent --
     Some values were not matched unambiguously: <U+0001F1E7><ed><U+00A0><U+00BC>
    
     Backtrace:
     1. countrycode::countrycode(...) test-unicode-symbols.R:11:12
     -- Warning (test-unicode-symbols.R:11:13): unicode.symbol-to-country.name-to-unicode.symbol is internally consistent --
     Some values were not matched unambiguously: <U+0001F1F0><ed><U+00A0><U+00BC>
    
     Backtrace:
     1. countrycode::countrycode(...) test-unicode-symbols.R:11:12
     -- Warning (test-unicode-symbols.R:11:13): unicode.symbol-to-country.name-to-unicode.symbol is internally consistent --
     Some values were not matched unambiguously: <U+0001F1E8><ed><U+00A0><U+00BC>
    
     Backtrace:
     1. countrycode::countrycode(...) test-unicode-symbols.R:11:12
     -- Warning (test-unicode-symbols.R:11:13): unicode.symbol-to-country.name-to-unicode.symbol is internally consistent --
     Some values were not matched unambiguously: <U+0001F1F9><ed><U+00A0><U+00BC>
    
     Backtrace:
     1. countrycode::countrycode(...) test-unicode-symbols.R:11:12
     -- Warning (test-unicode-symbols.R:11:13): unicode.symbol-to-country.name-to-unicode.symbol is internally consistent --
     Some values were not matched unambiguously: <U+0001F1E8><ed><U+00A0><U+00BC>
    
     Backtrace:
     1. countrycode::countrycode(...) test-unicode-symbols.R:11:12
     -- Warning (test-unicode-symbols.R:11:13): unicode.symbol-to-country.name-to-unicode.symbol is internally consistent --
     Some values were not matched unambiguously: <U+0001F1E8><ed><U+00A0><U+00BC>
    
     Backtrace:
     1. countrycode::countrycode(...) test-unicode-symbols.R:11:12
     -- Warning (test-unicode-symbols.R:11:13): unicode.symbol-to-country.name-to-unicode.symbol is internally consistent --
     Some values were not matched unambiguously: <U+0001F1E8><ed><U+00A0><U+00BC>
    
     Backtrace:
     1. countrycode::countrycode(...) test-unicode-symbols.R:11:12
     -- Warning (test-unicode-symbols.R:11:13): unicode.symbol-to-country.name-to-unicode.symbol is internally consistent --
     Some values were not matched unambiguously: <U+0001F1E8><ed><U+00A0><U+00BC>
    
     Backtrace:
     1. countrycode::countrycode(...) test-unicode-symbols.R:11:12
     -- Warning (test-unicode-symbols.R:11:13): unicode.symbol-to-country.name-to-unicode.symbol is internally consistent --
     Some values were not matched unambiguously: <U+0001F1E8><ed><U+00A0><U+00BC>
    
     Backtrace:
     1. countrycode::countrycode(...) test-unicode-symbols.R:11:12
     -- Warning (test-unicode-symbols.R:11:13): unicode.symbol-to-country.name-to-unicode.symbol is internally consistent --
     Some values were not matched unambiguously: <U+0001F1F0><ed><U+00A0><U+00BC>
    
     Backtrace:
     1. countrycode::countrycode(...) test-unicode-symbols.R:11:12
     -- Warning (test-unicode-symbols.R:11:13): unicode.symbol-to-country.name-to-unicode.symbol is internally consistent --
     Some values were not matched unambiguously: <U+0001F1E8><ed><U+00A0><U+00BC>
    
     Backtrace:
     1. countrycode::countrycode(...) test-unicode-symbols.R:11:12
     -- Warning (test-unicode-symbols.R:11:13): unicode.symbol-to-country.name-to-unicode.symbol is internally consistent --
     Some values were not matched unambiguously: <U+0001F1E8><ed><U+00A0><U+00BC>
    
     Backtrace:
     1. countrycode::countrycode(...) test-unicode-symbols.R:11:12
     -- Warning (test-unicode-symbols.R:11:13): unicode.symbol-to-country.name-to-unicode.symbol is internally consistent --
     Some values were not matched unambiguously: <U+0001F1E8><ed><U+00A0><U+00BC>
    
     Backtrace:
     1. countrycode::countrycode(...) test-unicode-symbols.R:11:12
     -- Warning (test-unicode-symbols.R:11:13): unicode.symbol-to-country.name-to-unicode.symbol is internally consistent --
     Some values were not matched unambiguously: <U+0001F1E8><ed><U+00A0><U+00BC>
    
     Backtrace:
     1. countrycode::countrycode(...) test-unicode-symbols.R:11:12
     -- Warning (test-unicode-symbols.R:11:13): unicode.symbol-to-country.name-to-unicode.symbol is internally consistent --
     Some values were not matched unambiguously: <U+0001F1E8><ed><U+00A0><U+00BC>
    
     Backtrace:
     1. countrycode::countrycode(...) test-unicode-symbols.R:11:12
     -- Warning (test-unicode-symbols.R:11:13): unicode.symbol-to-country.name-to-unicode.symbol is internally consistent --
     Some values were not matched unambiguously: <U+0001F1ED><ed><U+00A0><U+00BC>
    
     Backtrace:
     1. countrycode::countrycode(...) test-unicode-symbols.R:11:12
     -- Warning (test-unicode-symbols.R:11:13): unicode.symbol-to-country.name-to-unicode.symbol is internally consistent --
     Some values were not matched unambiguously: <U+0001F1E8><ed><U+00A0><U+00BC>
    
     Backtrace:
     1. countrycode::countrycode(...) test-unicode-symbols.R:11:12
     -- Warning (test-unicode-symbols.R:11:13): unicode.symbol-to-country.name-to-unicode.symbol is internally consistent --
     Some values were not matched unambiguously: <U+0001F1E8><ed><U+00A0><U+00BC>
    
     Backtrace:
     1. countrycode::countrycode(...) test-unicode-symbols.R:11:12
     -- Warning (test-unicode-symbols.R:11:13): unicode.symbol-to-country.name-to-unicode.symbol is internally consistent --
     Some values were not matched unambiguously: <U+0001F1E8><ed><U+00A0><U+00BC>
    
     Backtrace:
     1. countrycode::countrycode(...) test-unicode-symbols.R:11:12
     -- Warning (test-unicode-symbols.R:11:13): unicode.symbol-to-country.name-to-unicode.symbol is internally consistent --
     Some values were not matched unambiguously: <U+0001F1E8><ed><U+00A0><U+00BC>
    
     Backtrace:
     1. countrycode::countrycode(...) test-unicode-symbols.R:11:12
     -- Warning (test-unicode-symbols.R:11:13): unicode.symbol-to-country.name-to-unicode.symbol is internally consistent --
     Some values were not matched unambiguously: <U+0001F1E9><ed><U+00A0><U+00BC>
    
     Backtrace:
     1. countrycode::countrycode(...) test-unicode-symbols.R:11:12
     -- Warning (test-unicode-symbols.R:11:13): unicode.symbol-to-country.name-to-unicode.symbol is internally consistent --
     Some values were not matched unambiguously: <U+0001F1E9><ed><U+00A0><U+00BC>
    
     Backtrace:
     1. countrycode::countrycode(...) test-unicode-symbols.R:11:12
     -- Warning (test-unicode-symbols.R:11:13): unicode.symbol-to-country.name-to-unicode.symbol is internally consistent --
     Some values were not matched unambiguously: <U+0001F1E9><ed><U+00A0><U+00BC>
    
     Backtrace:
     1. countrycode::countrycode(...) test-unicode-symbols.R:11:12
     -- Warning (test-unicode-symbols.R:11:13): unicode.symbol-to-country.name-to-unicode.symbol is internally consistent --
     Some values were not matched unambiguously: <U+0001F1E9><ed><U+00A0><U+00BC>
    
     Backtrace:
     1. countrycode::countrycode(...) test-unicode-symbols.R:11:12
     -- Warning (test-unicode-symbols.R:11:13): unicode.symbol-to-country.name-to-unicode.symbol is internally consistent --
     Some values were not matched unambiguously: <U+0001F1EA><ed><U+00A0><U+00BC>
    
     Backtrace:
     1. countrycode::countrycode(...) test-unicode-symbols.R:11:12
     -- Warning (test-unicode-symbols.R:11:13): unicode.symbol-to-country.name-to-unicode.symbol is internally consistent --
     Some values were not matched unambiguously: <U+0001F1EA><ed><U+00A0><U+00BC>
    
     Backtrace:
     1. countrycode::countrycode(...) test-unicode-symbols.R:11:12
     -- Warning (test-unicode-symbols.R:11:13): unicode.symbol-to-country.name-to-unicode.symbol is internally consistent --
     Some values were not matched unambiguously: <U+0001F1F8><ed><U+00A0><U+00BC>
    
     Backtrace:
     1. countrycode::countrycode(...) test-unicode-symbols.R:11:12
     -- Warning (test-unicode-symbols.R:11:13): unicode.symbol-to-country.name-to-unicode.symbol is internally consistent --
     Some values were not matched unambiguously: <U+0001F1EC><ed><U+00A0><U+00BC>
    
     Backtrace:
     1. countrycode::countrycode(...) test-unicode-symbols.R:11:12
     -- Warning (test-unicode-symbols.R:11:13): unicode.symbol-to-country.name-to-unicode.symbol is internally consistent --
     Some values were not matched unambiguously: <U+0001F1EA><ed><U+00A0><U+00BC>
    
     Backtrace:
     1. countrycode::countrycode(...) test-unicode-symbols.R:11:12
     -- Warning (test-unicode-symbols.R:11:13): unicode.symbol-to-country.name-to-unicode.symbol is internally consistent --
     Some values were not matched unambiguously: <U+0001F1EA><ed><U+00A0><U+00BC>
    
     Backtrace:
     1. countrycode::countrycode(...) test-unicode-symbols.R:11:12
     -- Warning (test-unicode-symbols.R:11:13): unicode.symbol-to-country.name-to-unicode.symbol is internally consistent --
     Some values were not matched unambiguously: <U+0001F1F8><ed><U+00A0><U+00BC>
    
     Backtrace:
     1. countrycode::countrycode(...) test-unicode-symbols.R:11:12
     -- Warning (test-unicode-symbols.R:11:13): unicode.symbol-to-country.name-to-unicode.symbol is internally consistent --
     Some values were not matched unambiguously: <U+0001F1EA><ed><U+00A0><U+00BC>
    
     Backtrace:
     1. countrycode::countrycode(...) test-unicode-symbols.R:11:12
     -- Warning (test-unicode-symbols.R:11:13): unicode.symbol-to-country.name-to-unicode.symbol is internally consistent --
     Some values were not matched unambiguously: <U+0001F1EB><ed><U+00A0><U+00BC>
    
     Backtrace:
     1. countrycode::countrycode(...) test-unicode-symbols.R:11:12
     -- Warning (test-unicode-symbols.R:11:13): unicode.symbol-to-country.name-to-unicode.symbol is internally consistent --
     Some values were not matched unambiguously: <U+0001F1EB><ed><U+00A0><U+00BC>
    
     Backtrace:
     1. countrycode::countrycode(...) test-unicode-symbols.R:11:12
     -- Warning (test-unicode-symbols.R:11:13): unicode.symbol-to-country.name-to-unicode.symbol is internally consistent --
     Some values were not matched unambiguously: <U+0001F1EB><ed><U+00A0><U+00BC>
    
     Backtrace:
     1. countrycode::countrycode(...) test-unicode-symbols.R:11:12
     -- Warning (test-unicode-symbols.R:11:13): unicode.symbol-to-country.name-to-unicode.symbol is internally consistent --
     Some values were not matched unambiguously: <U+0001F1EB><ed><U+00A0><U+00BC>
    
     Backtrace:
     1. countrycode::countrycode(...) test-unicode-symbols.R:11:12
     -- Warning (test-unicode-symbols.R:11:13): unicode.symbol-to-country.name-to-unicode.symbol is internally consistent --
     Some values were not matched unambiguously: <U+0001F1EB><ed><U+00A0><U+00BC>
    
     Backtrace:
     1. countrycode::countrycode(...) test-unicode-symbols.R:11:12
     -- Warning (test-unicode-symbols.R:11:13): unicode.symbol-to-country.name-to-unicode.symbol is internally consistent --
     Some values were not matched unambiguously: <U+0001F1EC><ed><U+00A0><U+00BC>
    
     Backtrace:
     1. countrycode::countrycode(...) test-unicode-symbols.R:11:12
     -- Warning (test-unicode-symbols.R:11:13): unicode.symbol-to-country.name-to-unicode.symbol is internally consistent --
     Some values were not matched unambiguously: <U+0001F1F5><ed><U+00A0><U+00BC>
    
     Backtrace:
     1. countrycode::countrycode(...) test-unicode-symbols.R:11:12
     -- Warning (test-unicode-symbols.R:11:13): unicode.symbol-to-country.name-to-unicode.symbol is internally consistent --
     Some values were not matched unambiguously: <U+0001F1F9><ed><U+00A0><U+00BC>
    
     Backtrace:
     1. countrycode::countrycode(...) test-unicode-symbols.R:11:12
     -- Warning (test-unicode-symbols.R:11:13): unicode.symbol-to-country.name-to-unicode.symbol is internally consistent --
     Some values were not matched unambiguously: <U+0001F1EC><ed><U+00A0><U+00BC>
    
     Backtrace:
     1. countrycode::countrycode(...) test-unicode-symbols.R:11:12
     -- Warning (test-unicode-symbols.R:11:13): unicode.symbol-to-country.name-to-unicode.symbol is internally consistent --
     Some values were not matched unambiguously: <U+0001F1EC><ed><U+00A0><U+00BC>
    
     Backtrace:
     1. countrycode::countrycode(...) test-unicode-symbols.R:11:12
     -- Warning (test-unicode-symbols.R:11:13): unicode.symbol-to-country.name-to-unicode.symbol is internally consistent --
     Some values were not matched unambiguously: <U+0001F1EC><ed><U+00A0><U+00BC>
    
     Backtrace:
     1. countrycode::countrycode(...) test-unicode-symbols.R:11:12
     -- Warning (test-unicode-symbols.R:11:13): unicode.symbol-to-country.name-to-unicode.symbol is internally consistent --
     Some values were not matched unambiguously: <U+0001F1E9><ed><U+00A0><U+00BC>
    
     Backtrace:
     1. countrycode::countrycode(...) test-unicode-symbols.R:11:12
     -- Warning (test-unicode-symbols.R:11:13): unicode.symbol-to-country.name-to-unicode.symbol is internally consistent --
     Some values were not matched unambiguously: <U+0001F1EC><ed><U+00A0><U+00BC>
    
     Backtrace:
     1. countrycode::countrycode(...) test-unicode-symbols.R:11:12
     -- Warning (test-unicode-symbols.R:11:13): unicode.symbol-to-country.name-to-unicode.symbol is internally consistent --
     Some values were not matched unambiguously: <U+0001F1EC><ed><U+00A0><U+00BC>
    
     Backtrace:
     1. countrycode::countrycode(...) test-unicode-symbols.R:11:12
     -- Warning (test-unicode-symbols.R:11:13): unicode.symbol-to-country.name-to-unicode.symbol is internally consistent --
     Some values were not matched unambiguously: <U+0001F1EC><ed><U+00A0><U+00BC>
    
     Backtrace:
     1. countrycode::countrycode(...) test-unicode-symbols.R:11:12
     -- Warning (test-unicode-symbols.R:11:13): unicode.symbol-to-country.name-to-unicode.symbol is internally consistent --
     Some values were not matched unambiguously: <U+0001F1EC><ed><U+00A0><U+00BC>
    
     Backtrace:
     1. countrycode::countrycode(...) test-unicode-symbols.R:11:12
     -- Warning (test-unicode-symbols.R:11:13): unicode.symbol-to-country.name-to-unicode.symbol is internally consistent --
     Some values were not matched unambiguously: <U+0001F1EC><ed><U+00A0><U+00BC>
    
     Backtrace:
     1. countrycode::countrycode(...) test-unicode-symbols.R:11:12
     -- Warning (test-unicode-symbols.R:11:13): unicode.symbol-to-country.name-to-unicode.symbol is internally consistent --
     Some values were not matched unambiguously: <U+0001F1EC><ed><U+00A0><U+00BC>
    
     Backtrace:
     1. countrycode::countrycode(...) test-unicode-symbols.R:11:12
     -- Warning (test-unicode-symbols.R:11:13): unicode.symbol-to-country.name-to-unicode.symbol is internally consistent --
     Some values were not matched unambiguously: <U+0001F1EC><ed><U+00A0><U+00BC>
    
     Backtrace:
     1. countrycode::countrycode(...) test-unicode-symbols.R:11:12
     -- Warning (test-unicode-symbols.R:11:13): unicode.symbol-to-country.name-to-unicode.symbol is internally consistent --
     Some values were not matched unambiguously: <U+0001F1EC><ed><U+00A0><U+00BC>
    
     Backtrace:
     1. countrycode::countrycode(...) test-unicode-symbols.R:11:12
     -- Warning (test-unicode-symbols.R:11:13): unicode.symbol-to-country.name-to-unicode.symbol is internally consistent --
     Some values were not matched unambiguously: <U+0001F1EC><ed><U+00A0><U+00BC>
    
     Backtrace:
     1. countrycode::countrycode(...) test-unicode-symbols.R:11:12
     -- Warning (test-unicode-symbols.R:11:13): unicode.symbol-to-country.name-to-unicode.symbol is internally consistent --
     Some values were not matched unambiguously: <U+0001F1EC><ed><U+00A0><U+00BC>
    
     Backtrace:
     1. countrycode::countrycode(...) test-unicode-symbols.R:11:12
     -- Warning (test-unicode-symbols.R:11:13): unicode.symbol-to-country.name-to-unicode.symbol is internally consistent --
     Some values were not matched unambiguously: <U+0001F1EC><ed><U+00A0><U+00BC>
    
     Backtrace:
     1. countrycode::countrycode(...) test-unicode-symbols.R:11:12
     -- Warning (test-unicode-symbols.R:11:13): unicode.symbol-to-country.name-to-unicode.symbol is internally consistent --
     Some values were not matched unambiguously: <U+0001F1EC><ed><U+00A0><U+00BC>
    
     Backtrace:
     1. countrycode::countrycode(...) test-unicode-symbols.R:11:12
     -- Warning (test-unicode-symbols.R:11:13): unicode.symbol-to-country.name-to-unicode.symbol is internally consistent --
     Some values were not matched unambiguously: <U+0001F1ED><ed><U+00A0><U+00BC>
    
     Backtrace:
     1. countrycode::countrycode(...) test-unicode-symbols.R:11:12
     -- Warning (test-unicode-symbols.R:11:13): unicode.symbol-to-country.name-to-unicode.symbol is internally consistent --
     Some values were not matched unambiguously: <U+0001F1ED><ed><U+00A0><U+00BC>
    
     Backtrace:
     1. countrycode::countrycode(...) test-unicode-symbols.R:11:12
     -- Warning (test-unicode-symbols.R:11:13): unicode.symbol-to-country.name-to-unicode.symbol is internally consistent --
     Some values were not matched unambiguously: <U+0001F1ED><ed><U+00A0><U+00BC>
    
     Backtrace:
     1. countrycode::countrycode(...) test-unicode-symbols.R:11:12
     -- Warning (test-unicode-symbols.R:11:13): unicode.symbol-to-country.name-to-unicode.symbol is internally consistent --
     Some values were not matched unambiguously: <U+0001F1ED><ed><U+00A0><U+00BC>
    
     Backtrace:
     1. countrycode::countrycode(...) test-unicode-symbols.R:11:12
     -- Warning (test-unicode-symbols.R:11:13): unicode.symbol-to-country.name-to-unicode.symbol is internally consistent --
     Some values were not matched unambiguously: <U+0001F1ED><ed><U+00A0><U+00BC>
    
     Backtrace:
     1. countrycode::countrycode(...) test-unicode-symbols.R:11:12
     -- Warning (test-unicode-symbols.R:11:13): unicode.symbol-to-country.name-to-unicode.symbol is internally consistent --
     Some values were not matched unambiguously: <U+0001F1EE><ed><U+00A0><U+00BC>
    
     Backtrace:
     1. countrycode::countrycode(...) test-unicode-symbols.R:11:12
     -- Warning (test-unicode-symbols.R:11:13): unicode.symbol-to-country.name-to-unicode.symbol is internally consistent --
     Some values were not matched unambiguously: <U+0001F1EE><ed><U+00A0><U+00BC>
    
     Backtrace:
     1. countrycode::countrycode(...) test-unicode-symbols.R:11:12
     -- Warning (test-unicode-symbols.R:11:13): unicode.symbol-to-country.name-to-unicode.symbol is internally consistent --
     Some values were not matched unambiguously: <U+0001F1EE><ed><U+00A0><U+00BC>
    
     Backtrace:
     1. countrycode::countrycode(...) test-unicode-symbols.R:11:12
     -- Warning (test-unicode-symbols.R:11:13): unicode.symbol-to-country.name-to-unicode.symbol is internally consistent --
     Some values were not matched unambiguously: <U+0001F1EE><ed><U+00A0><U+00BC>
    
     Backtrace:
     1. countrycode::countrycode(...) test-unicode-symbols.R:11:12
     -- Warning (test-unicode-symbols.R:11:13): unicode.symbol-to-country.name-to-unicode.symbol is internally consistent --
     Some values were not matched unambiguously: <U+0001F1EE><ed><U+00A0><U+00BC>
    
     Backtrace:
     1. countrycode::countrycode(...) test-unicode-symbols.R:11:12
     -- Warning (test-unicode-symbols.R:11:13): unicode.symbol-to-country.name-to-unicode.symbol is internally consistent --
     Some values were not matched unambiguously: <U+0001F1EE><ed><U+00A0><U+00BC>
    
     Backtrace:
     1. countrycode::countrycode(...) test-unicode-symbols.R:11:12
     -- Warning (test-unicode-symbols.R:11:13): unicode.symbol-to-country.name-to-unicode.symbol is internally consistent --
     Some values were not matched unambiguously: <U+0001F1EE><ed><U+00A0><U+00BC>
    
     Backtrace:
     1. countrycode::countrycode(...) test-unicode-symbols.R:11:12
     -- Warning (test-unicode-symbols.R:11:13): unicode.symbol-to-country.name-to-unicode.symbol is internally consistent --
     Some values were not matched unambiguously: <U+0001F1EE><ed><U+00A0><U+00BC>
    
     Backtrace:
     1. countrycode::countrycode(...) test-unicode-symbols.R:11:12
     -- Warning (test-unicode-symbols.R:11:13): unicode.symbol-to-country.name-to-unicode.symbol is internally consistent --
     Some values were not matched unambiguously: <U+0001F1EE><ed><U+00A0><U+00BC>
    
     Backtrace:
     1. countrycode::countrycode(...) test-unicode-symbols.R:11:12
     -- Warning (test-unicode-symbols.R:11:13): unicode.symbol-to-country.name-to-unicode.symbol is internally consistent --
     Some values were not matched unambiguously: <U+0001F1EF><ed><U+00A0><U+00BC>
    
     Backtrace:
     1. countrycode::countrycode(...) test-unicode-symbols.R:11:12
     -- Warning (test-unicode-symbols.R:11:13): unicode.symbol-to-country.name-to-unicode.symbol is internally consistent --
     Some values were not matched unambiguously: <U+0001F1EF><ed><U+00A0><U+00BC>
    
     Backtrace:
     1. countrycode::countrycode(...) test-unicode-symbols.R:11:12
     -- Warning (test-unicode-symbols.R:11:13): unicode.symbol-to-country.name-to-unicode.symbol is internally consistent --
     Some values were not matched unambiguously: <U+0001F1EF><ed><U+00A0><U+00BC>
    
     Backtrace:
     1. countrycode::countrycode(...) test-unicode-symbols.R:11:12
     -- Warning (test-unicode-symbols.R:11:13): unicode.symbol-to-country.name-to-unicode.symbol is internally consistent --
     Some values were not matched unambiguously: <U+0001F1EF><ed><U+00A0><U+00BC>
    
     Backtrace:
     1. countrycode::countrycode(...) test-unicode-symbols.R:11:12
     -- Warning (test-unicode-symbols.R:11:13): unicode.symbol-to-country.name-to-unicode.symbol is internally consistent --
     Some values were not matched unambiguously: <U+0001F1F0><ed><U+00A0><U+00BC>
    
     Backtrace:
     1. countrycode::countrycode(...) test-unicode-symbols.R:11:12
     -- Warning (test-unicode-symbols.R:11:13): unicode.symbol-to-country.name-to-unicode.symbol is internally consistent --
     Some values were not matched unambiguously: <U+0001F1F0><ed><U+00A0><U+00BC>
    
     Backtrace:
     1. countrycode::countrycode(...) test-unicode-symbols.R:11:12
     -- Warning (test-unicode-symbols.R:11:13): unicode.symbol-to-country.name-to-unicode.symbol is internally consistent --
     Some values were not matched unambiguously: <U+0001F1F0><ed><U+00A0><U+00BC>
    
     Backtrace:
     1. countrycode::countrycode(...) test-unicode-symbols.R:11:12
     -- Warning (test-unicode-symbols.R:11:13): unicode.symbol-to-country.name-to-unicode.symbol is internally consistent --
     Some values were not matched unambiguously: <U+0001F1FD><ed><U+00A0><U+00BC>
    
     Backtrace:
     1. countrycode::countrycode(...) test-unicode-symbols.R:11:12
     -- Warning (test-unicode-symbols.R:11:13): unicode.symbol-to-country.name-to-unicode.symbol is internally consistent --
     Some values were not matched unambiguously: <U+0001F1F0><ed><U+00A0><U+00BC>
    
     Backtrace:
     1. countrycode::countrycode(...) test-unicode-symbols.R:11:12
     -- Warning (test-unicode-symbols.R:11:13): unicode.symbol-to-country.name-to-unicode.symbol is internally consistent --
     Some values were not matched unambiguously: <U+0001F1F0><ed><U+00A0><U+00BC>
    
     Backtrace:
     1. countrycode::countrycode(...) test-unicode-symbols.R:11:12
     -- Warning (test-unicode-symbols.R:11:13): unicode.symbol-to-country.name-to-unicode.symbol is internally consistent --
     Some values were not matched unambiguously: <U+0001F1F1><ed><U+00A0><U+00BC>
    
     Backtrace:
     1. countrycode::countrycode(...) test-unicode-symbols.R:11:12
     -- Warning (test-unicode-symbols.R:11:13): unicode.symbol-to-country.name-to-unicode.symbol is internally consistent --
     Some values were not matched unambiguously: <U+0001F1F1><ed><U+00A0><U+00BC>
    
     Backtrace:
     1. countrycode::countrycode(...) test-unicode-symbols.R:11:12
     -- Warning (test-unicode-symbols.R:11:13): unicode.symbol-to-country.name-to-unicode.symbol is internally consistent --
     Some values were not matched unambiguously: <U+0001F1F1><ed><U+00A0><U+00BC>
    
     Backtrace:
     1. countrycode::countrycode(...) test-unicode-symbols.R:11:12
     -- Warning (test-unicode-symbols.R:11:13): unicode.symbol-to-country.name-to-unicode.symbol is internally consistent --
     Some values were not matched unambiguously: <U+0001F1F1><ed><U+00A0><U+00BC>
    
     Backtrace:
     1. countrycode::countrycode(...) test-unicode-symbols.R:11:12
     -- Warning (test-unicode-symbols.R:11:13): unicode.symbol-to-country.name-to-unicode.symbol is internally consistent --
     Some values were not matched unambiguously: <U+0001F1F1><ed><U+00A0><U+00BC>
    
     Backtrace:
     1. countrycode::countrycode(...) test-unicode-symbols.R:11:12
     -- Warning (test-unicode-symbols.R:11:13): unicode.symbol-to-country.name-to-unicode.symbol is internally consistent --
     Some values were not matched unambiguously: <U+0001F1F1><ed><U+00A0><U+00BC>
    
     Backtrace:
     1. countrycode::countrycode(...) test-unicode-symbols.R:11:12
     -- Warning (test-unicode-symbols.R:11:13): unicode.symbol-to-country.name-to-unicode.symbol is internally consistent --
     Some values were not matched unambiguously: <U+0001F1F1><ed><U+00A0><U+00BC>
    
     Backtrace:
     1. countrycode::countrycode(...) test-unicode-symbols.R:11:12
     -- Warning (test-unicode-symbols.R:11:13): unicode.symbol-to-country.name-to-unicode.symbol is internally consistent --
     Some values were not matched unambiguously: <U+0001F1F1><ed><U+00A0><U+00BC>
    
     Backtrace:
     1. countrycode::countrycode(...) test-unicode-symbols.R:11:12
     -- Warning (test-unicode-symbols.R:11:13): unicode.symbol-to-country.name-to-unicode.symbol is internally consistent --
     Some values were not matched unambiguously: <U+0001F1F1><ed><U+00A0><U+00BC>
    
     Backtrace:
     1. countrycode::countrycode(...) test-unicode-symbols.R:11:12
     -- Warning (test-unicode-symbols.R:11:13): unicode.symbol-to-country.name-to-unicode.symbol is internally consistent --
     Some values were not matched unambiguously: <U+0001F1F2><ed><U+00A0><U+00BC>
    
     Backtrace:
     1. countrycode::countrycode(...) test-unicode-symbols.R:11:12
     -- Warning (test-unicode-symbols.R:11:13): unicode.symbol-to-country.name-to-unicode.symbol is internally consistent --
     Some values were not matched unambiguously: <U+0001F1F2><ed><U+00A0><U+00BC>
    
     Backtrace:
     1. countrycode::countrycode(...) test-unicode-symbols.R:11:12
     -- Warning (test-unicode-symbols.R:11:13): unicode.symbol-to-country.name-to-unicode.symbol is internally consistent --
     Some values were not matched unambiguously: <U+0001F1F2><ed><U+00A0><U+00BC>
    
     Backtrace:
     1. countrycode::countrycode(...) test-unicode-symbols.R:11:12
     -- Warning (test-unicode-symbols.R:11:13): unicode.symbol-to-country.name-to-unicode.symbol is internally consistent --
     Some values were not matched unambiguously: <U+0001F1F2><ed><U+00A0><U+00BC>
    
     Backtrace:
     1. countrycode::countrycode(...) test-unicode-symbols.R:11:12
     -- Warning (test-unicode-symbols.R:11:13): unicode.symbol-to-country.name-to-unicode.symbol is internally consistent --
     Some values were not matched unambiguously: <U+0001F1F2><ed><U+00A0><U+00BC>
    
     Backtrace:
     1. countrycode::countrycode(...) test-unicode-symbols.R:11:12
     -- Warning (test-unicode-symbols.R:11:13): unicode.symbol-to-country.name-to-unicode.symbol is internally consistent --
     Some values were not matched unambiguously: <U+0001F1F2><ed><U+00A0><U+00BC>
    
     Backtrace:
     1. countrycode::countrycode(...) test-unicode-symbols.R:11:12
     -- Warning (test-unicode-symbols.R:11:13): unicode.symbol-to-country.name-to-unicode.symbol is internally consistent --
     Some values were not matched unambiguously: <U+0001F1F2><ed><U+00A0><U+00BC>
    
     Backtrace:
     1. countrycode::countrycode(...) test-unicode-symbols.R:11:12
     -- Warning (test-unicode-symbols.R:11:13): unicode.symbol-to-country.name-to-unicode.symbol is internally consistent --
     Some values were not matched unambiguously: <U+0001F1F2><ed><U+00A0><U+00BC>
    
     Backtrace:
     1. countrycode::countrycode(...) test-unicode-symbols.R:11:12
     -- Warning (test-unicode-symbols.R:11:13): unicode.symbol-to-country.name-to-unicode.symbol is internally consistent --
     Some values were not matched unambiguously: <U+0001F1F2><ed><U+00A0><U+00BC>
    
     Backtrace:
     1. countrycode::countrycode(...) test-unicode-symbols.R:11:12
     -- Warning (test-unicode-symbols.R:11:13): unicode.symbol-to-country.name-to-unicode.symbol is internally consistent --
     Some values were not matched unambiguously: <U+0001F1F2><ed><U+00A0><U+00BC>
    
     Backtrace:
     1. countrycode::countrycode(...) test-unicode-symbols.R:11:12
     -- Warning (test-unicode-symbols.R:11:13): unicode.symbol-to-country.name-to-unicode.symbol is internally consistent --
     Some values were not matched unambiguously: <U+0001F1F2><ed><U+00A0><U+00BC>
    
     Backtrace:
     1. countrycode::countrycode(...) test-unicode-symbols.R:11:12
     -- Warning (test-unicode-symbols.R:11:13): unicode.symbol-to-country.name-to-unicode.symbol is internally consistent --
     Some values were not matched unambiguously: <U+0001F1FE><ed><U+00A0><U+00BC>
    
     Backtrace:
     1. countrycode::countrycode(...) test-unicode-symbols.R:11:12
     -- Warning (test-unicode-symbols.R:11:13): unicode.symbol-to-country.name-to-unicode.symbol is internally consistent --
     Some values were not matched unambiguously: <U+0001F1F2><ed><U+00A0><U+00BC>
    
     Backtrace:
     1. countrycode::countrycode(...) test-unicode-symbols.R:11:12
     -- Warning (test-unicode-symbols.R:11:13): unicode.symbol-to-country.name-to-unicode.symbol is internally consistent --
     Some values were not matched unambiguously: <U+0001F1EB><ed><U+00A0><U+00BC>
    
     Backtrace:
     1. countrycode::countrycode(...) test-unicode-symbols.R:11:12
     -- Warning (test-unicode-symbols.R:11:13): unicode.symbol-to-country.name-to-unicode.symbol is internally consistent --
     Some values were not matched unambiguously: <U+0001F1F2><ed><U+00A0><U+00BC>
    
     Backtrace:
     1. countrycode::countrycode(...) test-unicode-symbols.R:11:12
     -- Warning (test-unicode-symbols.R:11:13): unicode.symbol-to-country.name-to-unicode.symbol is internally consistent --
     Some values were not matched unambiguously: <U+0001F1F2><ed><U+00A0><U+00BC>
    
     Backtrace:
     1. countrycode::countrycode(...) test-unicode-symbols.R:11:12
     -- Warning (test-unicode-symbols.R:11:13): unicode.symbol-to-country.name-to-unicode.symbol is internally consistent --
     Some values were not matched unambiguously: <U+0001F1F2><ed><U+00A0><U+00BC>
    
     Backtrace:
     1. countrycode::countrycode(...) test-unicode-symbols.R:11:12
     -- Warning (test-unicode-symbols.R:11:13): unicode.symbol-to-country.name-to-unicode.symbol is internally consistent --
     Some values were not matched unambiguously: <U+0001F1F2><ed><U+00A0><U+00BC>
    
     Backtrace:
     1. countrycode::countrycode(...) test-unicode-symbols.R:11:12
     -- Warning (test-unicode-symbols.R:11:13): unicode.symbol-to-country.name-to-unicode.symbol is internally consistent --
     Some values were not matched unambiguously: <U+0001F1F2><ed><U+00A0><U+00BC>
    
     Backtrace:
     1. countrycode::countrycode(...) test-unicode-symbols.R:11:12
     -- Warning (test-unicode-symbols.R:11:13): unicode.symbol-to-country.name-to-unicode.symbol is internally consistent --
     Some values were not matched unambiguously: <U+0001F1F2><ed><U+00A0><U+00BC>
    
     Backtrace:
     1. countrycode::countrycode(...) test-unicode-symbols.R:11:12
     -- Warning (test-unicode-symbols.R:11:13): unicode.symbol-to-country.name-to-unicode.symbol is internally consistent --
     Some values were not matched unambiguously: <U+0001F1F2><ed><U+00A0><U+00BC>
    
     Backtrace:
     1. countrycode::countrycode(...) test-unicode-symbols.R:11:12
     -- Warning (test-unicode-symbols.R:11:13): unicode.symbol-to-country.name-to-unicode.symbol is internally consistent --
     Some values were not matched unambiguously: <U+0001F1F2><ed><U+00A0><U+00BC>
    
     Backtrace:
     1. countrycode::countrycode(...) test-unicode-symbols.R:11:12
     -- Warning (test-unicode-symbols.R:11:13): unicode.symbol-to-country.name-to-unicode.symbol is internally consistent --
     Some values were not matched unambiguously: <U+0001F1F3><ed><U+00A0><U+00BC>
    
     Backtrace:
     1. countrycode::countrycode(...) test-unicode-symbols.R:11:12
     -- Warning (test-unicode-symbols.R:11:13): unicode.symbol-to-country.name-to-unicode.symbol is internally consistent --
     Some values were not matched unambiguously: <U+0001F1F3><ed><U+00A0><U+00BC>
    
     Backtrace:
     1. countrycode::countrycode(...) test-unicode-symbols.R:11:12
     -- Warning (test-unicode-symbols.R:11:13): unicode.symbol-to-country.name-to-unicode.symbol is internally consistent --
     Some values were not matched unambiguously: <U+0001F1F3><ed><U+00A0><U+00BC>
    
     Backtrace:
     1. countrycode::countrycode(...) test-unicode-symbols.R:11:12
     -- Warning (test-unicode-symbols.R:11:13): unicode.symbol-to-country.name-to-unicode.symbol is internally consistent --
     Some values were not matched unambiguously: <U+0001F1F3><ed><U+00A0><U+00BC>
    
     Backtrace:
     1. countrycode::countrycode(...) test-unicode-symbols.R:11:12
     -- Warning (test-unicode-symbols.R:11:13): unicode.symbol-to-country.name-to-unicode.symbol is internally consistent --
     Some values were not matched unambiguously: <U+0001F1F3><ed><U+00A0><U+00BC>
    
     Backtrace:
     1. countrycode::countrycode(...) test-unicode-symbols.R:11:12
     -- Warning (test-unicode-symbols.R:11:13): unicode.symbol-to-country.name-to-unicode.symbol is internally consistent --
     Some values were not matched unambiguously: <U+0001F1F3><ed><U+00A0><U+00BC>
    
     Backtrace:
     1. countrycode::countrycode(...) test-unicode-symbols.R:11:12
     -- Warning (test-unicode-symbols.R:11:13): unicode.symbol-to-country.name-to-unicode.symbol is internally consistent --
     Some values were not matched unambiguously: <U+0001F1F3><ed><U+00A0><U+00BC>
    
     Backtrace:
     1. countrycode::countrycode(...) test-unicode-symbols.R:11:12
     -- Warning (test-unicode-symbols.R:11:13): unicode.symbol-to-country.name-to-unicode.symbol is internally consistent --
     Some values were not matched unambiguously: <U+0001F1F3><ed><U+00A0><U+00BC>
    
     Backtrace:
     1. countrycode::countrycode(...) test-unicode-symbols.R:11:12
     -- Warning (test-unicode-symbols.R:11:13): unicode.symbol-to-country.name-to-unicode.symbol is internally consistent --
     Some values were not matched unambiguously: <U+0001F1F3><ed><U+00A0><U+00BC>
    
     Backtrace:
     1. countrycode::countrycode(...) test-unicode-symbols.R:11:12
     -- Warning (test-unicode-symbols.R:11:13): unicode.symbol-to-country.name-to-unicode.symbol is internally consistent --
     Some values were not matched unambiguously: <U+0001F1F3><ed><U+00A0><U+00BC>
    
     Backtrace:
     1. countrycode::countrycode(...) test-unicode-symbols.R:11:12
     -- Warning (test-unicode-symbols.R:11:13): unicode.symbol-to-country.name-to-unicode.symbol is internally consistent --
     Some values were not matched unambiguously: <U+0001F1F3><ed><U+00A0><U+00BC>
    
     Backtrace:
     1. countrycode::countrycode(...) test-unicode-symbols.R:11:12
     -- Warning (test-unicode-symbols.R:11:13): unicode.symbol-to-country.name-to-unicode.symbol is internally consistent --
     Some values were not matched unambiguously: <U+0001F1F0><ed><U+00A0><U+00BC>
    
     Backtrace:
     1. countrycode::countrycode(...) test-unicode-symbols.R:11:12
     -- Warning (test-unicode-symbols.R:11:13): unicode.symbol-to-country.name-to-unicode.symbol is internally consistent --
     Some values were not matched unambiguously: <U+0001F1F2><ed><U+00A0><U+00BC>
    
     Backtrace:
     1. countrycode::countrycode(...) test-unicode-symbols.R:11:12
     -- Warning (test-unicode-symbols.R:11:13): unicode.symbol-to-country.name-to-unicode.symbol is internally consistent --
     Some values were not matched unambiguously: <U+0001F1F2><ed><U+00A0><U+00BC>
    
     Backtrace:
     1. countrycode::countrycode(...) test-unicode-symbols.R:11:12
     -- Warning (test-unicode-symbols.R:11:13): unicode.symbol-to-country.name-to-unicode.symbol is internally consistent --
     Some values were not matched unambiguously: <U+0001F1F3><ed><U+00A0><U+00BC>
    
     Backtrace:
     1. countrycode::countrycode(...) test-unicode-symbols.R:11:12
     -- Warning (test-unicode-symbols.R:11:13): unicode.symbol-to-country.name-to-unicode.symbol is internally consistent --
     Some values were not matched unambiguously: <U+0001F1F4><ed><U+00A0><U+00BC>
    
     Backtrace:
     1. countrycode::countrycode(...) test-unicode-symbols.R:11:12
     -- Warning (test-unicode-symbols.R:11:13): unicode.symbol-to-country.name-to-unicode.symbol is internally consistent --
     Some values were not matched unambiguously: <U+0001F1F5><ed><U+00A0><U+00BC>
    
     Backtrace:
     1. countrycode::countrycode(...) test-unicode-symbols.R:11:12
     -- Warning (test-unicode-symbols.R:11:13): unicode.symbol-to-country.name-to-unicode.symbol is internally consistent --
     Some values were not matched unambiguously: <U+0001F1F5><ed><U+00A0><U+00BC>
    
     Backtrace:
     1. countrycode::countrycode(...) test-unicode-symbols.R:11:12
     -- Warning (test-unicode-symbols.R:11:13): unicode.symbol-to-country.name-to-unicode.symbol is internally consistent --
     Some values were not matched unambiguously: <U+0001F1F5><ed><U+00A0><U+00BC>
    
     Backtrace:
     1. countrycode::countrycode(...) test-unicode-symbols.R:11:12
     -- Warning (test-unicode-symbols.R:11:13): unicode.symbol-to-country.name-to-unicode.symbol is internally consistent --
     Some values were not matched unambiguously: <U+0001F1F5><ed><U+00A0><U+00BC>
    
     Backtrace:
     1. countrycode::countrycode(...) test-unicode-symbols.R:11:12
     -- Warning (test-unicode-symbols.R:11:13): unicode.symbol-to-country.name-to-unicode.symbol is internally consistent --
     Some values were not matched unambiguously: <U+0001F1F5><ed><U+00A0><U+00BC>
    
     Backtrace:
     1. countrycode::countrycode(...) test-unicode-symbols.R:11:12
     -- Warning (test-unicode-symbols.R:11:13): unicode.symbol-to-country.name-to-unicode.symbol is internally consistent --
     Some values were not matched unambiguously: <U+0001F1F5><ed><U+00A0><U+00BC>
    
     Backtrace:
     1. countrycode::countrycode(...) test-unicode-symbols.R:11:12
     -- Warning (test-unicode-symbols.R:11:13): unicode.symbol-to-country.name-to-unicode.symbol is internally consistent --
     Some values were not matched unambiguously: <U+0001F1F5><ed><U+00A0><U+00BC>
    
     Backtrace:
     1. countrycode::countrycode(...) test-unicode-symbols.R:11:12
     -- Warning (test-unicode-symbols.R:11:13): unicode.symbol-to-country.name-to-unicode.symbol is internally consistent --
     Some values were not matched unambiguously: <U+0001F1F5><ed><U+00A0><U+00BC>
    
     Backtrace:
     1. countrycode::countrycode(...) test-unicode-symbols.R:11:12
     -- Warning (test-unicode-symbols.R:11:13): unicode.symbol-to-country.name-to-unicode.symbol is internally consistent --
     Some values were not matched unambiguously: <U+0001F1F5><ed><U+00A0><U+00BC>
    
     Backtrace:
     1. countrycode::countrycode(...) test-unicode-symbols.R:11:12
     -- Warning (test-unicode-symbols.R:11:13): unicode.symbol-to-country.name-to-unicode.symbol is internally consistent --
     Some values were not matched unambiguously: <U+0001F1F5><ed><U+00A0><U+00BC>
    
     Backtrace:
     1. countrycode::countrycode(...) test-unicode-symbols.R:11:12
     -- Warning (test-unicode-symbols.R:11:13): unicode.symbol-to-country.name-to-unicode.symbol is internally consistent --
     Some values were not matched unambiguously: <U+0001F1F5><ed><U+00A0><U+00BC>
    
     Backtrace:
     1. countrycode::countrycode(...) test-unicode-symbols.R:11:12
     -- Warning (test-unicode-symbols.R:11:13): unicode.symbol-to-country.name-to-unicode.symbol is internally consistent --
     Some values were not matched unambiguously: <U+0001F1F5><ed><U+00A0><U+00BC>
    
     Backtrace:
     1. countrycode::countrycode(...) test-unicode-symbols.R:11:12
     -- Warning (test-unicode-symbols.R:11:13): unicode.symbol-to-country.name-to-unicode.symbol is internally consistent --
     Some values were not matched unambiguously: <U+0001F1F6><ed><U+00A0><U+00BC>
    
     Backtrace:
     1. countrycode::countrycode(...) test-unicode-symbols.R:11:12
     -- Warning (test-unicode-symbols.R:11:13): unicode.symbol-to-country.name-to-unicode.symbol is internally consistent --
     Some values were not matched unambiguously: <U+0001F1F7><ed><U+00A0><U+00BC>
    
     Backtrace:
     1. countrycode::countrycode(...) test-unicode-symbols.R:11:12
     -- Warning (test-unicode-symbols.R:11:13): unicode.symbol-to-country.name-to-unicode.symbol is internally consistent --
     Some values were not matched unambiguously: <U+0001F1F7><ed><U+00A0><U+00BC>
    
     Backtrace:
     1. countrycode::countrycode(...) test-unicode-symbols.R:11:12
     -- Warning (test-unicode-symbols.R:11:13): unicode.symbol-to-country.name-to-unicode.symbol is internally consistent --
     Some values were not matched unambiguously: <U+0001F1F7><ed><U+00A0><U+00BC>
    
     Backtrace:
     1. countrycode::countrycode(...) test-unicode-symbols.R:11:12
     -- Warning (test-unicode-symbols.R:11:13): unicode.symbol-to-country.name-to-unicode.symbol is internally consistent --
     Some values were not matched unambiguously: <U+0001F1F7><ed><U+00A0><U+00BC>
    
     Backtrace:
     1. countrycode::countrycode(...) test-unicode-symbols.R:11:12
     -- Warning (test-unicode-symbols.R:11:13): unicode.symbol-to-country.name-to-unicode.symbol is internally consistent --
     Some values were not matched unambiguously: <U+0001F1F2><ed><U+00A0><U+00BC>
    
     Backtrace:
     1. countrycode::countrycode(...) test-unicode-symbols.R:11:12
     -- Warning (test-unicode-symbols.R:11:13): unicode.symbol-to-country.name-to-unicode.symbol is internally consistent --
     Some values were not matched unambiguously: <U+0001F1FC><ed><U+00A0><U+00BC>
    
     Backtrace:
     1. countrycode::countrycode(...) test-unicode-symbols.R:11:12
     -- Warning (test-unicode-symbols.R:11:13): unicode.symbol-to-country.name-to-unicode.symbol is internally consistent --
     Some values were not matched unambiguously: <U+0001F1F8><ed><U+00A0><U+00BC>
    
     Backtrace:
     1. countrycode::countrycode(...) test-unicode-symbols.R:11:12
     -- Warning (test-unicode-symbols.R:11:13): unicode.symbol-to-country.name-to-unicode.symbol is internally consistent --
     Some values were not matched unambiguously: <U+0001F1F8><ed><U+00A0><U+00BC>
    
     Backtrace:
     1. countrycode::countrycode(...) test-unicode-symbols.R:11:12
     -- Warning (test-unicode-symbols.R:11:13): unicode.symbol-to-country.name-to-unicode.symbol is internally consistent --
     Some values were not matched unambiguously: <U+0001F1F8><ed><U+00A0><U+00BC>
    
     Backtrace:
     1. countrycode::countrycode(...) test-unicode-symbols.R:11:12
     -- Warning (test-unicode-symbols.R:11:13): unicode.symbol-to-country.name-to-unicode.symbol is internally consistent --
     Some values were not matched unambiguously: <U+0001F1F8><ed><U+00A0><U+00BC>
    
     Backtrace:
     1. countrycode::countrycode(...) test-unicode-symbols.R:11:12
     -- Warning (test-unicode-symbols.R:11:13): unicode.symbol-to-country.name-to-unicode.symbol is internally consistent --
     Some values were not matched unambiguously: <U+0001F1F7><ed><U+00A0><U+00BC>
    
     Backtrace:
     1. countrycode::countrycode(...) test-unicode-symbols.R:11:12
     -- Warning (test-unicode-symbols.R:11:13): unicode.symbol-to-country.name-to-unicode.symbol is internally consistent --
     Some values were not matched unambiguously: <U+0001F1F8><ed><U+00A0><U+00BC>
    
     Backtrace:
     1. countrycode::countrycode(...) test-unicode-symbols.R:11:12
     -- Warning (test-unicode-symbols.R:11:13): unicode.symbol-to-country.name-to-unicode.symbol is internally consistent --
     Some values were not matched unambiguously: <U+0001F1F8><ed><U+00A0><U+00BC>
    
     Backtrace:
     1. countrycode::countrycode(...) test-unicode-symbols.R:11:12
     -- Warning (test-unicode-symbols.R:11:13): unicode.symbol-to-country.name-to-unicode.symbol is internally consistent --
     Some values were not matched unambiguously: <U+0001F1F8><ed><U+00A0><U+00BC>
    
     Backtrace:
     1. countrycode::countrycode(...) test-unicode-symbols.R:11:12
     -- Warning (test-unicode-symbols.R:11:13): unicode.symbol-to-country.name-to-unicode.symbol is internally consistent --
     Some values were not matched unambiguously: <U+0001F1F8><ed><U+00A0><U+00BC>
    
     Backtrace:
     1. countrycode::countrycode(...) test-unicode-symbols.R:11:12
     -- Warning (test-unicode-symbols.R:11:13): unicode.symbol-to-country.name-to-unicode.symbol is internally consistent --
     Some values were not matched unambiguously: <U+0001F1F8><ed><U+00A0><U+00BC>
    
     Backtrace:
     1. countrycode::countrycode(...) test-unicode-symbols.R:11:12
     -- Warning (test-unicode-symbols.R:11:13): unicode.symbol-to-country.name-to-unicode.symbol is internally consistent --
     Some values were not matched unambiguously: <U+0001F1F8><ed><U+00A0><U+00BC>
    
     Backtrace:
     1. countrycode::countrycode(...) test-unicode-symbols.R:11:12
     -- Warning (test-unicode-symbols.R:11:13): unicode.symbol-to-country.name-to-unicode.symbol is internally consistent --
     Some values were not matched unambiguously: <U+0001F1F8><ed><U+00A0><U+00BC>
    
     Backtrace:
     1. countrycode::countrycode(...) test-unicode-symbols.R:11:12
     -- Warning (test-unicode-symbols.R:11:13): unicode.symbol-to-country.name-to-unicode.symbol is internally consistent --
     Some values were not matched unambiguously: <U+0001F1F8><ed><U+00A0><U+00BC>
    
     Backtrace:
     1. countrycode::countrycode(...) test-unicode-symbols.R:11:12
     -- Warning (test-unicode-symbols.R:11:13): unicode.symbol-to-country.name-to-unicode.symbol is internally consistent --
     Some values were not matched unambiguously: <U+0001F1FF><ed><U+00A0><U+00BC>
    
     Backtrace:
     1. countrycode::countrycode(...) test-unicode-symbols.R:11:12
     -- Warning (test-unicode-symbols.R:11:13): unicode.symbol-to-country.name-to-unicode.symbol is internally consistent --
     Some values were not matched unambiguously: <U+0001F1EC><ed><U+00A0><U+00BC>
    
     Backtrace:
     1. countrycode::countrycode(...) test-unicode-symbols.R:11:12
     -- Warning (test-unicode-symbols.R:11:13): unicode.symbol-to-country.name-to-unicode.symbol is internally consistent --
     Some values were not matched unambiguously: <U+0001F1F0><ed><U+00A0><U+00BC>
    
     Backtrace:
     1. countrycode::countrycode(...) test-unicode-symbols.R:11:12
     -- Warning (test-unicode-symbols.R:11:13): unicode.symbol-to-country.name-to-unicode.symbol is internally consistent --
     Some values were not matched unambiguously: <U+0001F1F8><ed><U+00A0><U+00BC>
    
     Backtrace:
     1. countrycode::countrycode(...) test-unicode-symbols.R:11:12
     -- Warning (test-unicode-symbols.R:11:13): unicode.symbol-to-country.name-to-unicode.symbol is internally consistent --
     Some values were not matched unambiguously: <U+0001F1EA><ed><U+00A0><U+00BC>
    
     Backtrace:
     1. countrycode::countrycode(...) test-unicode-symbols.R:11:12
     -- Warning (test-unicode-symbols.R:11:13): unicode.symbol-to-country.name-to-unicode.symbol is internally consistent --
     Some values were not matched unambiguously: <U+0001F1F1><ed><U+00A0><U+00BC>
    
     Backtrace:
     1. countrycode::countrycode(...) test-unicode-symbols.R:11:12
     -- Warning (test-unicode-symbols.R:11:13): unicode.symbol-to-country.name-to-unicode.symbol is internally consistent --
     Some values were not matched unambiguously: <U+0001F1E7><ed><U+00A0><U+00BC>
    
     Backtrace:
     1. countrycode::countrycode(...) test-unicode-symbols.R:11:12
     -- Warning (test-unicode-symbols.R:11:13): unicode.symbol-to-country.name-to-unicode.symbol is internally consistent --
     Some values were not matched unambiguously: <U+0001F1F8><ed><U+00A0><U+00BC>
    
     Backtrace:
     1. countrycode::countrycode(...) test-unicode-symbols.R:11:12
     -- Warning (test-unicode-symbols.R:11:13): unicode.symbol-to-country.name-to-unicode.symbol is internally consistent --
     Some values were not matched unambiguously: <U+0001F1F0><ed><U+00A0><U+00BC>
    
     Backtrace:
     1. countrycode::countrycode(...) test-unicode-symbols.R:11:12
     -- Warning (test-unicode-symbols.R:11:13): unicode.symbol-to-country.name-to-unicode.symbol is internally consistent --
     Some values were not matched unambiguously: <U+0001F1F1><ed><U+00A0><U+00BC>
    
     Backtrace:
     1. countrycode::countrycode(...) test-unicode-symbols.R:11:12
     -- Warning (test-unicode-symbols.R:11:13): unicode.symbol-to-country.name-to-unicode.symbol is internally consistent --
     Some values were not matched unambiguously: <U+0001F1F5><ed><U+00A0><U+00BC>
    
     Backtrace:
     1. countrycode::countrycode(...) test-unicode-symbols.R:11:12
     -- Warning (test-unicode-symbols.R:11:13): unicode.symbol-to-country.name-to-unicode.symbol is internally consistent --
     Some values were not matched unambiguously: <U+0001F1FB><ed><U+00A0><U+00BC>
    
     Backtrace:
     1. countrycode::countrycode(...) test-unicode-symbols.R:11:12
     -- Warning (test-unicode-symbols.R:11:13): unicode.symbol-to-country.name-to-unicode.symbol is internally consistent --
     Some values were not matched unambiguously: <U+0001F1F8><ed><U+00A0><U+00BC>
    
     Backtrace:
     1. countrycode::countrycode(...) test-unicode-symbols.R:11:12
     -- Warning (test-unicode-symbols.R:11:13): unicode.symbol-to-country.name-to-unicode.symbol is internally consistent --
     Some values were not matched unambiguously: <U+0001F1F8><ed><U+00A0><U+00BC>
    
     Backtrace:
     1. countrycode::countrycode(...) test-unicode-symbols.R:11:12
     -- Warning (test-unicode-symbols.R:11:13): unicode.symbol-to-country.name-to-unicode.symbol is internally consistent --
     Some values were not matched unambiguously: <U+0001F1F8><ed><U+00A0><U+00BC>
    
     Backtrace:
     1. countrycode::countrycode(...) test-unicode-symbols.R:11:12
     -- Warning (test-unicode-symbols.R:11:13): unicode.symbol-to-country.name-to-unicode.symbol is internally consistent --
     Some values were not matched unambiguously: <U+0001F1F8><ed><U+00A0><U+00BC>
    
     Backtrace:
     1. countrycode::countrycode(...) test-unicode-symbols.R:11:12
     -- Warning (test-unicode-symbols.R:11:13): unicode.symbol-to-country.name-to-unicode.symbol is internally consistent --
     Some values were not matched unambiguously: <U+0001F1E8><ed><U+00A0><U+00BC>
    
     Backtrace:
     1. countrycode::countrycode(...) test-unicode-symbols.R:11:12
     -- Warning (test-unicode-symbols.R:11:13): unicode.symbol-to-country.name-to-unicode.symbol is internally consistent --
     Some values were not matched unambiguously: <U+0001F1F8><ed><U+00A0><U+00BC>
    
     Backtrace:
     1. countrycode::countrycode(...) test-unicode-symbols.R:11:12
     -- Warning (test-unicode-symbols.R:11:13): unicode.symbol-to-country.name-to-unicode.symbol is internally consistent --
     Some values were not matched unambiguously: <U+0001F1F9><ed><U+00A0><U+00BC>
    
     Backtrace:
     1. countrycode::countrycode(...) test-unicode-symbols.R:11:12
     -- Warning (test-unicode-symbols.R:11:13): unicode.symbol-to-country.name-to-unicode.symbol is internally consistent --
     Some values were not matched unambiguously: <U+0001F1F9><ed><U+00A0><U+00BC>
    
     Backtrace:
     1. countrycode::countrycode(...) test-unicode-symbols.R:11:12
     -- Warning (test-unicode-symbols.R:11:13): unicode.symbol-to-country.name-to-unicode.symbol is internally consistent --
     Some values were not matched unambiguously: <U+0001F1F9><ed><U+00A0><U+00BC>
    
     Backtrace:
     1. countrycode::countrycode(...) test-unicode-symbols.R:11:12
     -- Warning (test-unicode-symbols.R:11:13): unicode.symbol-to-country.name-to-unicode.symbol is internally consistent --
     Some values were not matched unambiguously: <U+0001F1F9><ed><U+00A0><U+00BC>
    
     Backtrace:
     1. countrycode::countrycode(...) test-unicode-symbols.R:11:12
     -- Warning (test-unicode-symbols.R:11:13): unicode.symbol-to-country.name-to-unicode.symbol is internally consistent --
     Some values were not matched unambiguously: <U+0001F1F9><ed><U+00A0><U+00BC>
    
     Backtrace:
     1. countrycode::countrycode(...) test-unicode-symbols.R:11:12
     -- Warning (test-unicode-symbols.R:11:13): unicode.symbol-to-country.name-to-unicode.symbol is internally consistent --
     Some values were not matched unambiguously: <U+0001F1F9><ed><U+00A0><U+00BC>
    
     Backtrace:
     1. countrycode::countrycode(...) test-unicode-symbols.R:11:12
     -- Warning (test-unicode-symbols.R:11:13): unicode.symbol-to-country.name-to-unicode.symbol is internally consistent --
     Some values were not matched unambiguously: <U+0001F1F9><ed><U+00A0><U+00BC>
    
     Backtrace:
     1. countrycode::countrycode(...) test-unicode-symbols.R:11:12
     -- Warning (test-unicode-symbols.R:11:13): unicode.symbol-to-country.name-to-unicode.symbol is internally consistent --
     Some values were not matched unambiguously: <U+0001F1F9><ed><U+00A0><U+00BC>
    
     Backtrace:
     1. countrycode::countrycode(...) test-unicode-symbols.R:11:12
     -- Warning (test-unicode-symbols.R:11:13): unicode.symbol-to-country.name-to-unicode.symbol is internally consistent --
     Some values were not matched unambiguously: <U+0001F1F9><ed><U+00A0><U+00BC>
    
     Backtrace:
     1. countrycode::countrycode(...) test-unicode-symbols.R:11:12
     -- Warning (test-unicode-symbols.R:11:13): unicode.symbol-to-country.name-to-unicode.symbol is internally consistent --
     Some values were not matched unambiguously: <U+0001F1F9><ed><U+00A0><U+00BC>
    
     Backtrace:
     1. countrycode::countrycode(...) test-unicode-symbols.R:11:12
     -- Warning (test-unicode-symbols.R:11:13): unicode.symbol-to-country.name-to-unicode.symbol is internally consistent --
     Some values were not matched unambiguously: <U+0001F1F9><ed><U+00A0><U+00BC>
    
     Backtrace:
     1. countrycode::countrycode(...) test-unicode-symbols.R:11:12
     -- Warning (test-unicode-symbols.R:11:13): unicode.symbol-to-country.name-to-unicode.symbol is internally consistent --
     Some values were not matched unambiguously: <U+0001F1F9><ed><U+00A0><U+00BC>
    
     Backtrace:
     1. countrycode::countrycode(...) test-unicode-symbols.R:11:12
     -- Warning (test-unicode-symbols.R:11:13): unicode.symbol-to-country.name-to-unicode.symbol is internally consistent --
     Some values were not matched unambiguously: <U+0001F1F9><ed><U+00A0><U+00BC>
    
     Backtrace:
     1. countrycode::countrycode(...) test-unicode-symbols.R:11:12
     -- Warning (test-unicode-symbols.R:11:13): unicode.symbol-to-country.name-to-unicode.symbol is internally consistent --
     Some values were not matched unambiguously: <U+0001F1F9><ed><U+00A0><U+00BC>
    
     Backtrace:
     1. countrycode::countrycode(...) test-unicode-symbols.R:11:12
     -- Warning (test-unicode-symbols.R:11:13): unicode.symbol-to-country.name-to-unicode.symbol is internally consistent --
     Some values were not matched unambiguously: <U+0001F1FB><ed><U+00A0><U+00BC>
    
     Backtrace:
     1. countrycode::countrycode(...) test-unicode-symbols.R:11:12
     -- Warning (test-unicode-symbols.R:11:13): unicode.symbol-to-country.name-to-unicode.symbol is internally consistent --
     Some values were not matched unambiguously: <U+0001F1FA><ed><U+00A0><U+00BC>
    
     Backtrace:
     1. countrycode::countrycode(...) test-unicode-symbols.R:11:12
     -- Warning (test-unicode-symbols.R:11:13): unicode.symbol-to-country.name-to-unicode.symbol is internally consistent --
     Some values were not matched unambiguously: <U+0001F1FA><ed><U+00A0><U+00BC>
    
     Backtrace:
     1. countrycode::countrycode(...) test-unicode-symbols.R:11:12
     -- Warning (test-unicode-symbols.R:11:13): unicode.symbol-to-country.name-to-unicode.symbol is internally consistent --
     Some values were not matched unambiguously: <U+0001F1E6><ed><U+00A0><U+00BC>
    
     Backtrace:
     1. countrycode::countrycode(...) test-unicode-symbols.R:11:12
     -- Warning (test-unicode-symbols.R:11:13): unicode.symbol-to-country.name-to-unicode.symbol is internally consistent --
     Some values were not matched unambiguously: <U+0001F1EC><ed><U+00A0><U+00BC>
    
     Backtrace:
     1. countrycode::countrycode(...) test-unicode-symbols.R:11:12
     -- Warning (test-unicode-symbols.R:11:13): unicode.symbol-to-country.name-to-unicode.symbol is internally consistent --
     Some values were not matched unambiguously: <U+0001F1FA><ed><U+00A0><U+00BC>
    
     Backtrace:
     1. countrycode::countrycode(...) test-unicode-symbols.R:11:12
     -- Warning (test-unicode-symbols.R:11:13): unicode.symbol-to-country.name-to-unicode.symbol is internally consistent --
     Some values were not matched unambiguously: <U+0001F1FA><ed><U+00A0><U+00BC>
    
     Backtrace:
     1. countrycode::countrycode(...) test-unicode-symbols.R:11:12
     -- Warning (test-unicode-symbols.R:11:13): unicode.symbol-to-country.name-to-unicode.symbol is internally consistent --
     Some values were not matched unambiguously: <U+0001F1FA><ed><U+00A0><U+00BC>
    
     Backtrace:
     1. countrycode::countrycode(...) test-unicode-symbols.R:11:12
     -- Warning (test-unicode-symbols.R:11:13): unicode.symbol-to-country.name-to-unicode.symbol is internally consistent --
     Some values were not matched unambiguously: <U+0001F1FA><ed><U+00A0><U+00BC>
    
     Backtrace:
     1. countrycode::countrycode(...) test-unicode-symbols.R:11:12
     -- Warning (test-unicode-symbols.R:11:13): unicode.symbol-to-country.name-to-unicode.symbol is internally consistent --
     Some values were not matched unambiguously: <U+0001F1FB><ed><U+00A0><U+00BC>
    
     Backtrace:
     1. countrycode::countrycode(...) test-unicode-symbols.R:11:12
     -- Warning (test-unicode-symbols.R:11:13): unicode.symbol-to-country.name-to-unicode.symbol is internally consistent --
     Some values were not matched unambiguously: <U+0001F1FB><ed><U+00A0><U+00BC>
    
     Backtrace:
     1. countrycode::countrycode(...) test-unicode-symbols.R:11:12
     -- Warning (test-unicode-symbols.R:11:13): unicode.symbol-to-country.name-to-unicode.symbol is internally consistent --
     Some values were not matched unambiguously: <U+0001F1FB><ed><U+00A0><U+00BC>
    
     Backtrace:
     1. countrycode::countrycode(...) test-unicode-symbols.R:11:12
     -- Warning (test-unicode-symbols.R:11:13): unicode.symbol-to-country.name-to-unicode.symbol is internally consistent --
     Some values were not matched unambiguously: <U+0001F1FB><ed><U+00A0><U+00BC>
    
     Backtrace:
     1. countrycode::countrycode(...) test-unicode-symbols.R:11:12
     -- Warning (test-unicode-symbols.R:11:13): unicode.symbol-to-country.name-to-unicode.symbol is internally consistent --
     Some values were not matched unambiguously: <U+0001F1FC><ed><U+00A0><U+00BC>
    
     Backtrace:
     1. countrycode::countrycode(...) test-unicode-symbols.R:11:12
     -- Warning (test-unicode-symbols.R:11:13): unicode.symbol-to-country.name-to-unicode.symbol is internally consistent --
     Some values were not matched unambiguously: <U+0001F1EA><ed><U+00A0><U+00BC>
    
     Backtrace:
     1. countrycode::countrycode(...) test-unicode-symbols.R:11:12
     -- Warning (test-unicode-symbols.R:11:13): unicode.symbol-to-country.name-to-unicode.symbol is internally consistent --
     Some values were not matched unambiguously: <U+0001F1FE><ed><U+00A0><U+00BC>
    
     Backtrace:
     1. countrycode::countrycode(...) test-unicode-symbols.R:11:12
     -- Warning (test-unicode-symbols.R:11:13): unicode.symbol-to-country.name-to-unicode.symbol is internally consistent --
     Some values were not matched unambiguously: <U+0001F1FF><ed><U+00A0><U+00BC>
    
     Backtrace:
     1. countrycode::countrycode(...) test-unicode-symbols.R:11:12
     -- Warning (test-unicode-symbols.R:11:13): unicode.symbol-to-country.name-to-unicode.symbol is internally consistent --
     Some values were not matched unambiguously: <U+0001F1FF><ed><U+00A0><U+00BC>
    
     Backtrace:
     1. countrycode::countrycode(...) test-unicode-symbols.R:11:12
    
     == Failed tests ================================================================
     -- Failure (test-unicode-symbols.R:5:5): converting to and from emoji works ----
     countrycode("<U+0001F1E6><U+0001F1F6>", "unicode.symbol", "country.name") not equal to "Antarctica".
     1/1 mismatches
     x[1]: NA
     y[1]: "Antarctica"
     -- Failure (test-unicode-symbols.R:13:13): unicode.symbol-to-country.name-to-unicode.symbol is internally consistent --
     `unicode.symbol.result` not equal to `unicode.symbol.original`.
     1/1 mismatches
     x[1]: NA
     y[1]: "\U0001f1e6\U0001f1eb"
     -- Failure (test-unicode-symbols.R:13:13): unicode.symbol-to-country.name-to-unicode.symbol is internally consistent --
     `unicode.symbol.result` not equal to `unicode.symbol.original`.
     1/1 mismatches
     x[1]: NA
     y[1]: "\U0001f1e6\U0001f1fd"
     -- Failure (test-unicode-symbols.R:13:13): unicode.symbol-to-country.name-to-unicode.symbol is internally consistent --
     `unicode.symbol.result` not equal to `unicode.symbol.original`.
     1/1 mismatches
     x[1]: NA
     y[1]: "\U0001f1e6\U0001f1f1"
     -- Failure (test-unicode-symbols.R:13:13): unicode.symbol-to-country.name-to-unicode.symbol is internally consistent --
     `unicode.symbol.result` not equal to `unicode.symbol.original`.
     1/1 mismatches
     x[1]: NA
     y[1]: "\U0001f1e9\U0001f1ff"
     -- Failure (test-unicode-symbols.R:13:13): unicode.symbol-to-country.name-to-unicode.symbol is internally consistent --
     `unicode.symbol.result` not equal to `unicode.symbol.original`.
     1/1 mismatches
     x[1]: NA
     y[1]: "\U0001f1e6\U0001f1f8"
     -- Failure (test-unicode-symbols.R:13:13): unicode.symbol-to-country.name-to-unicode.symbol is internally consistent --
     `unicode.symbol.result` not equal to `unicode.symbol.original`.
     1/1 mismatches
     x[1]: NA
     y[1]: "\U0001f1e6\U0001f1e9"
     -- Failure (test-unicode-symbols.R:13:13): unicode.symbol-to-country.name-to-unicode.symbol is internally consistent --
     `unicode.symbol.result` not equal to `unicode.symbol.original`.
     1/1 mismatches
     x[1]: NA
     y[1]: "\U0001f1e6\U0001f1f4"
     -- Failure (test-unicode-symbols.R:13:13): unicode.symbol-to-country.name-to-unicode.symbol is internally consistent --
     `unicode.symbol.result` not equal to `unicode.symbol.original`.
     1/1 mismatches
     x[1]: NA
     y[1]: "\U0001f1e6\U0001f1ee"
     -- Failure (test-unicode-symbols.R:13:13): unicode.symbol-to-country.name-to-unicode.symbol is internally consistent --
     `unicode.symbol.result` not equal to `unicode.symbol.original`.
     1/1 mismatches
     x[1]: NA
     y[1]: "\U0001f1e6\U0001f1f6"
     -- Failure (test-unicode-symbols.R:13:13): unicode.symbol-to-country.name-to-unicode.symbol is internally consistent --
     `unicode.symbol.result` not equal to `unicode.symbol.original`.
     1/1 mismatches
     x[1]: NA
     y[1]: "\U0001f1e6\U0001f1ec"
     -- Failure (test-unicode-symbols.R:13:13): unicode.symbol-to-country.name-to-unicode.symbol is internally consistent --
     `unicode.symbol.result` not equal to `unicode.symbol.original`.
     1/1 mismatches
     x[1]: NA
     y[1]: "\U0001f1e6\U0001f1f7"
     -- Failure (test-unicode-symbols.R:13:13): unicode.symbol-to-country.name-to-unicode.symbol is internally consistent --
     `unicode.symbol.result` not equal to `unicode.symbol.original`.
     1/1 mismatches
     x[1]: NA
     y[1]: "\U0001f1e6\U0001f1f2"
     -- Failure (test-unicode-symbols.R:13:13): unicode.symbol-to-country.name-to-unicode.symbol is internally consistent --
     `unicode.symbol.result` not equal to `unicode.symbol.original`.
     1/1 mismatches
     x[1]: NA
     y[1]: "\U0001f1e6\U0001f1fc"
     -- Failure (test-unicode-symbols.R:13:13): unicode.symbol-to-country.name-to-unicode.symbol is internally consistent --
     `unicode.symbol.result` not equal to `unicode.symbol.original`.
     1/1 mismatches
     x[1]: NA
     y[1]: "\U0001f1e6\U0001f1fa"
     -- Failure (test-unicode-symbols.R:13:13): unicode.symbol-to-country.name-to-unicode.symbol is internally consistent --
     `unicode.symbol.result` not equal to `unicode.symbol.original`.
     1/1 mismatches
     x[1]: NA
     y[1]: "\U0001f1e6\U0001f1f9"
     -- Failure (test-unicode-symbols.R:13:13): unicode.symbol-to-country.name-to-unicode.symbol is internally consistent --
     `unicode.symbol.result` not equal to `unicode.symbol.original`.
     1/1 mismatches
     x[1]: NA
     y[1]: "\U0001f1e6\U0001f1ff"
     -- Failure (test-unicode-symbols.R:13:13): unicode.symbol-to-country.name-to-unicode.symbol is internally consistent --
     `unicode.symbol.result` not equal to `unicode.symbol.original`.
     1/1 mismatches
     x[1]: NA
     y[1]: "\U0001f1e7\U0001f1f8"
     -- Failure (test-unicode-symbols.R:13:13): unicode.symbol-to-country.name-to-unicode.symbol is internally consistent --
     `unicode.symbol.result` not equal to `unicode.symbol.original`.
     1/1 mismatches
     x[1]: NA
     y[1]: "\U0001f1e7\U0001f1ed"
     -- Failure (test-unicode-symbols.R:13:13): unicode.symbol-to-country.name-to-unicode.symbol is internally consistent --
     `unicode.symbol.result` not equal to `unicode.symbol.original`.
     1/1 mismatches
     x[1]: NA
     y[1]: "\U0001f1e7\U0001f1e9"
     -- Failure (test-unicode-symbols.R:13:13): unicode.symbol-to-country.name-to-unicode.symbol is internally consistent --
     `unicode.symbol.result` not equal to `unicode.symbol.original`.
     1/1 mismatches
     x[1]: NA
     y[1]: "\U0001f1e7\U0001f1e7"
     -- Failure (test-unicode-symbols.R:13:13): unicode.symbol-to-country.name-to-unicode.symbol is internally consistent --
     `unicode.symbol.result` not equal to `unicode.symbol.original`.
     1/1 mismatches
     x[1]: NA
     y[1]: "\U0001f1e7\U0001f1fe"
     -- Failure (test-unicode-symbols.R:13:13): unicode.symbol-to-country.name-to-unicode.symbol is internally consistent --
     `unicode.symbol.result` not equal to `unicode.symbol.original`.
     1/1 mismatches
     x[1]: NA
     y[1]: "\U0001f1e7\U0001f1ea"
     -- Failure (test-unicode-symbols.R:13:13): unicode.symbol-to-country.name-to-unicode.symbol is internally consistent --
     `unicode.symbol.result` not equal to `unicode.symbol.original`.
     1/1 mismatches
     x[1]: NA
     y[1]: "\U0001f1e7\U0001f1ff"
     -- Failure (test-unicode-symbols.R:13:13): unicode.symbol-to-country.name-to-unicode.symbol is internally consistent --
     `unicode.symbol.result` not equal to `unicode.symbol.original`.
     1/1 mismatches
     x[1]: NA
     y[1]: "\U0001f1e7\U0001f1ef"
     -- Failure (test-unicode-symbols.R:13:13): unicode.symbol-to-country.name-to-unicode.symbol is internally consistent --
     `unicode.symbol.result` not equal to `unicode.symbol.original`.
     1/1 mismatches
     x[1]: NA
     y[1]: "\U0001f1e7\U0001f1f2"
     -- Failure (test-unicode-symbols.R:13:13): unicode.symbol-to-country.name-to-unicode.symbol is internally consistent --
     `unicode.symbol.result` not equal to `unicode.symbol.original`.
     1/1 mismatches
     x[1]: NA
     y[1]: "\U0001f1e7\U0001f1f9"
     -- Failure (test-unicode-symbols.R:13:13): unicode.symbol-to-country.name-to-unicode.symbol is internally consistent --
     `unicode.symbol.result` not equal to `unicode.symbol.original`.
     1/1 mismatches
     x[1]: NA
     y[1]: "\U0001f1e7\U0001f1f4"
     -- Failure (test-unicode-symbols.R:13:13): unicode.symbol-to-country.name-to-unicode.symbol is internally consistent --
     `unicode.symbol.result` not equal to `unicode.symbol.original`.
     1/1 mismatches
     x[1]: NA
     y[1]: "\U0001f1e7\U0001f1e6"
     -- Failure (test-unicode-symbols.R:13:13): unicode.symbol-to-country.name-to-unicode.symbol is internally consistent --
     `unicode.symbol.result` not equal to `unicode.symbol.original`.
     1/1 mismatches
     x[1]: NA
     y[1]: "\U0001f1e7\U0001f1fc"
     -- Failure (test-unicode-symbols.R:13:13): unicode.symbol-to-country.name-to-unicode.symbol is internally consistent --
     `unicode.symbol.result` not equal to `unicode.symbol.original`.
     1/1 mismatches
     x[1]: NA
     y[1]: "\U0001f1e7\U0001f1fb"
     -- Failure (test-unicode-symbols.R:13:13): unicode.symbol-to-country.name-to-unicode.symbol is internally consistent --
     `unicode.symbol.result` not equal to `unicode.symbol.original`.
     1/1 mismatches
     x[1]: NA
     y[1]: "\U0001f1e7\U0001f1f7"
     -- Failure (test-unicode-symbols.R:13:13): unicode.symbol-to-country.name-to-unicode.symbol is internally consistent --
     `unicode.symbol.result` not equal to `unicode.symbol.original`.
     1/1 mismatches
     x[1]: NA
     y[1]: "\U0001f1ee\U0001f1f4"
     -- Failure (test-unicode-symbols.R:13:13): unicode.symbol-to-country.name-to-unicode.symbol is internally consistent --
     `unicode.symbol.result` not equal to `unicode.symbol.original`.
     1/1 mismatches
     x[1]: NA
     y[1]: "\U0001f1fb\U0001f1ec"
     -- Failure (test-unicode-symbols.R:13:13): unicode.symbol-to-country.name-to-unicode.symbol is internally consistent --
     `unicode.symbol.result` not equal to `unicode.symbol.original`.
     1/1 mismatches
     x[1]: NA
     y[1]: "\U0001f1e7\U0001f1f3"
     -- Failure (test-unicode-symbols.R:13:13): unicode.symbol-to-country.name-to-unicode.symbol is internally consistent --
     `unicode.symbol.result` not equal to `unicode.symbol.original`.
     1/1 mismatches
     x[1]: NA
     y[1]: "\U0001f1e7\U0001f1ec"
     -- Failure (test-unicode-symbols.R:13:13): unicode.symbol-to-country.name-to-unicode.symbol is internally consistent --
     `unicode.symbol.result` not equal to `unicode.symbol.original`.
     1/1 mismatches
     x[1]: NA
     y[1]: "\U0001f1e7\U0001f1eb"
     -- Failure (test-unicode-symbols.R:13:13): unicode.symbol-to-country.name-to-unicode.symbol is internally consistent --
     `unicode.symbol.result` not equal to `unicode.symbol.original`.
     1/1 mismatches
     x[1]: NA
     y[1]: "\U0001f1e7\U0001f1ee"
     -- Failure (test-unicode-symbols.R:13:13): unicode.symbol-to-country.name-to-unicode.symbol is internally consistent --
     `unicode.symbol.result` not equal to `unicode.symbol.original`.
     1/1 mismatches
     x[1]: NA
     y[1]: "\U0001f1f0\U0001f1ed"
     -- Failure (test-unicode-symbols.R:13:13): unicode.symbol-to-country.name-to-unicode.symbol is internally consistent --
     `unicode.symbol.result` not equal to `unicode.symbol.original`.
     1/1 mismatches
     x[1]: NA
     y[1]: "\U0001f1e8\U0001f1f2"
     -- Failure (test-unicode-symbols.R:13:13): unicode.symbol-to-country.name-to-unicode.symbol is internally consistent --
     `unicode.symbol.result` not equal to `unicode.symbol.original`.
     1/1 mismatches
     x[1]: NA
     y[1]: "\U0001f1e8\U0001f1e6"
     -- Failure (test-unicode-symbols.R:13:13): unicode.symbol-to-country.name-to-unicode.symbol is internally consistent --
     `unicode.symbol.result` not equal to `unicode.symbol.original`.
     1/1 mismatches
     x[1]: NA
     y[1]: "\U0001f1e8\U0001f1fb"
     -- Failure (test-unicode-symbols.R:13:13): unicode.symbol-to-country.name-to-unicode.symbol is internally consistent --
     `unicode.symbol.result` not equal to `unicode.symbol.original`.
     1/1 mismatches
     x[1]: NA
     y[1]: "\U0001f1e7\U0001f1f6"
     -- Failure (test-unicode-symbols.R:13:13): unicode.symbol-to-country.name-to-unicode.symbol is internally consistent --
     `unicode.symbol.result` not equal to `unicode.symbol.original`.
     1/1 mismatches
     x[1]: NA
     y[1]: "\U0001f1f0\U0001f1fe"
     -- Failure (test-unicode-symbols.R:13:13): unicode.symbol-to-country.name-to-unicode.symbol is internally consistent --
     `unicode.symbol.result` not equal to `unicode.symbol.original`.
     1/1 mismatches
     x[1]: NA
     y[1]: "\U0001f1e8\U0001f1eb"
     -- Failure (test-unicode-symbols.R:13:13): unicode.symbol-to-country.name-to-unicode.symbol is internally consistent --
     `unicode.symbol.result` not equal to `unicode.symbol.original`.
     1/1 mismatches
     x[1]: NA
     y[1]: "\U0001f1f9\U0001f1e9"
     -- Failure (test-unicode-symbols.R:13:13): unicode.symbol-to-country.name-to-unicode.symbol is internally consistent --
     `unicode.symbol.result` not equal to `unicode.symbol.original`.
     1/1 mismatches
     x[1]: NA
     y[1]: "\U0001f1e8\U0001f1f1"
     -- Failure (test-unicode-symbols.R:13:13): unicode.symbol-to-country.name-to-unicode.symbol is internally consistent --
     `unicode.symbol.result` not equal to `unicode.symbol.original`.
     1/1 mismatches
     x[1]: NA
     y[1]: "\U0001f1e8\U0001f1f3"
     -- Failure (test-unicode-symbols.R:13:13): unicode.symbol-to-country.name-to-unicode.symbol is internally consistent --
     `unicode.symbol.result` not equal to `unicode.symbol.original`.
     1/1 mismatches
     x[1]: NA
     y[1]: "\U0001f1e8\U0001f1fd"
     -- Failure (test-unicode-symbols.R:13:13): unicode.symbol-to-country.name-to-unicode.symbol is internally consistent --
     `unicode.symbol.result` not equal to `unicode.symbol.original`.
     1/1 mismatches
     x[1]: NA
     y[1]: "\U0001f1e8\U0001f1e8"
     -- Failure (test-unicode-symbols.R:13:13): unicode.symbol-to-country.name-to-unicode.symbol is internally consistent --
     `unicode.symbol.result` not equal to `unicode.symbol.original`.
     1/1 mismatches
     x[1]: NA
     y[1]: "\U0001f1e8\U0001f1f4"
     -- Failure (test-unicode-symbols.R:13:13): unicode.symbol-to-country.name-to-unicode.symbol is internally consistent --
     `unicode.symbol.result` not equal to `unicode.symbol.original`.
     1/1 mismatches
     x[1]: NA
     y[1]: "\U0001f1f0\U0001f1f2"
     -- Failure (test-unicode-symbols.R:13:13): unicode.symbol-to-country.name-to-unicode.symbol is internally consistent --
     `unicode.symbol.result` not equal to `unicode.symbol.original`.
     1/1 mismatches
     x[1]: NA
     y[1]: "\U0001f1e8\U0001f1ec"
     -- Failure (test-unicode-symbols.R:13:13): unicode.symbol-to-country.name-to-unicode.symbol is internally consistent --
     `unicode.symbol.result` not equal to `unicode.symbol.original`.
     1/1 mismatches
     x[1]: NA
     y[1]: "\U0001f1e8\U0001f1e9"
     -- Failure (test-unicode-symbols.R:13:13): unicode.symbol-to-country.name-to-unicode.symbol is internally consistent --
     `unicode.symbol.result` not equal to `unicode.symbol.original`.
     1/1 mismatches
     x[1]: NA
     y[1]: "\U0001f1e8\U0001f1f0"
     -- Failure (test-unicode-symbols.R:13:13): unicode.symbol-to-country.name-to-unicode.symbol is internally consistent --
     `unicode.symbol.result` not equal to `unicode.symbol.original`.
     1/1 mismatches
     x[1]: NA
     y[1]: "\U0001f1e8\U0001f1f7"
     -- Failure (test-unicode-symbols.R:13:13): unicode.symbol-to-country.name-to-unicode.symbol is internally consistent --
     `unicode.symbol.result` not equal to `unicode.symbol.original`.
     1/1 mismatches
     x[1]: NA
     y[1]: "\U0001f1e8\U0001f1ee"
     -- Failure (test-unicode-symbols.R:13:13): unicode.symbol-to-country.name-to-unicode.symbol is internally consistent --
     `unicode.symbol.result` not equal to `unicode.symbol.original`.
     1/1 mismatches
     x[1]: NA
     y[1]: "\U0001f1ed\U0001f1f7"
     -- Failure (test-unicode-symbols.R:13:13): unicode.symbol-to-country.name-to-unicode.symbol is internally consistent --
     `unicode.symbol.result` not equal to `unicode.symbol.original`.
     1/1 mismatches
     x[1]: NA
     y[1]: "\U0001f1e8\U0001f1fa"
     -- Failure (test-unicode-symbols.R:13:13): unicode.symbol-to-country.name-to-unicode.symbol is internally consistent --
     `unicode.symbol.result` not equal to `unicode.symbol.original`.
     1/1 mismatches
     x[1]: NA
     y[1]: "\U0001f1e8\U0001f1fc"
     -- Failure (test-unicode-symbols.R:13:13): unicode.symbol-to-country.name-to-unicode.symbol is internally consistent --
     `unicode.symbol.result` not equal to `unicode.symbol.original`.
     1/1 mismatches
     x[1]: NA
     y[1]: "\U0001f1e8\U0001f1fe"
     -- Failure (test-unicode-symbols.R:13:13): unicode.symbol-to-country.name-to-unicode.symbol is internally consistent --
     `unicode.symbol.result` not equal to `unicode.symbol.original`.
     1/1 mismatches
     x[1]: NA
     y[1]: "\U0001f1e8\U0001f1ff"
     -- Failure (test-unicode-symbols.R:13:13): unicode.symbol-to-country.name-to-unicode.symbol is internally consistent --
     `unicode.symbol.result` not equal to `unicode.symbol.original`.
     1/1 mismatches
     x[1]: NA
     y[1]: "\U0001f1e9\U0001f1f0"
     -- Failure (test-unicode-symbols.R:13:13): unicode.symbol-to-country.name-to-unicode.symbol is internally consistent --
     `unicode.symbol.result` not equal to `unicode.symbol.original`.
     1/1 mismatches
     x[1]: NA
     y[1]: "\U0001f1e9\U0001f1ef"
     -- Failure (test-unicode-symbols.R:13:13): unicode.symbol-to-country.name-to-unicode.symbol is internally consistent --
     `unicode.symbol.result` not equal to `unicode.symbol.original`.
     1/1 mismatches
     x[1]: NA
     y[1]: "\U0001f1e9\U0001f1f2"
     -- Failure (test-unicode-symbols.R:13:13): unicode.symbol-to-country.name-to-unicode.symbol is internally consistent --
     `unicode.symbol.result` not equal to `unicode.symbol.original`.
     1/1 mismatches
     x[1]: NA
     y[1]: "\U0001f1e9\U0001f1f4"
     -- Failure (test-unicode-symbols.R:13:13): unicode.symbol-to-country.name-to-unicode.symbol is internally consistent --
     `unicode.symbol.result` not equal to `unicode.symbol.original`.
     1/1 mismatches
     x[1]: NA
     y[1]: "\U0001f1ea\U0001f1e8"
     -- Failure (test-unicode-symbols.R:13:13): unicode.symbol-to-country.name-to-unicode.symbol is internally consistent --
     `unicode.symbol.result` not equal to `unicode.symbol.original`.
     1/1 mismatches
     x[1]: NA
     y[1]: "\U0001f1ea\U0001f1ec"
     -- Failure (test-unicode-symbols.R:13:13): unicode.symbol-to-country.name-to-unicode.symbol is internally consistent --
     `unicode.symbol.result` not equal to `unicode.symbol.original`.
     1/1 mismatches
     x[1]: NA
     y[1]: "\U0001f1f8\U0001f1fb"
     -- Failure (test-unicode-symbols.R:13:13): unicode.symbol-to-country.name-to-unicode.symbol is internally consistent --
     `unicode.symbol.result` not equal to `unicode.symbol.original`.
     1/1 mismatches
     x[1]: NA
     y[1]: "\U0001f1ec\U0001f1f6"
     -- Failure (test-unicode-symbols.R:13:13): unicode.symbol-to-country.name-to-unicode.symbol is internally consistent --
     `unicode.symbol.result` not equal to `unicode.symbol.original`.
     1/1 mismatches
     x[1]: NA
     y[1]: "\U0001f1ea\U0001f1f7"
     -- Failure (test-unicode-symbols.R:13:13): unicode.symbol-to-country.name-to-unicode.symbol is internally consistent --
     `unicode.symbol.result` not equal to `unicode.symbol.original`.
     1/1 mismatches
     x[1]: NA
     y[1]: "\U0001f1ea\U0001f1ea"
     -- Failure (test-unicode-symbols.R:13:13): unicode.symbol-to-country.name-to-unicode.symbol is internally consistent --
     `unicode.symbol.result` not equal to `unicode.symbol.original`.
     1/1 mismatches
     x[1]: NA
     y[1]: "\U0001f1f8\U0001f1ff"
     -- Failure (test-unicode-symbols.R:13:13): unicode.symbol-to-country.name-to-unicode.symbol is internally consistent --
     `unicode.symbol.result` not equal to `unicode.symbol.original`.
     1/1 mismatches
     x[1]: NA
     y[1]: "\U0001f1ea\U0001f1f9"
     -- Failure (test-unicode-symbols.R:13:13): unicode.symbol-to-country.name-to-unicode.symbol is internally consistent --
     `unicode.symbol.result` not equal to `unicode.symbol.original`.
     1/1 mismatches
     x[1]: NA
     y[1]: "\U0001f1eb\U0001f1f0"
     -- Failure (test-unicode-symbols.R:13:13): unicode.symbol-to-country.name-to-unicode.symbol is internally consistent --
     `unicode.symbol.result` not equal to `unicode.symbol.original`.
     1/1 mismatches
     x[1]: NA
     y[1]: "\U0001f1eb\U0001f1f4"
     -- Failure (test-unicode-symbols.R:13:13): unicode.symbol-to-country.name-to-unicode.symbol is internally consistent --
     `unicode.symbol.result` not equal to `unicode.symbol.original`.
     1/1 mismatches
     x[1]: NA
     y[1]: "\U0001f1eb\U0001f1ef"
     -- Failure (test-unicode-symbols.R:13:13): unicode.symbol-to-country.name-to-unicode.symbol is internally consistent --
     `unicode.symbol.result` not equal to `unicode.symbol.original`.
     1/1 mismatches
     x[1]: NA
     y[1]: "\U0001f1eb\U0001f1ee"
     -- Failure (test-unicode-symbols.R:13:13): unicode.symbol-to-country.name-to-unicode.symbol is internally consistent --
     `unicode.symbol.result` not equal to `unicode.symbol.original`.
     1/1 mismatches
     x[1]: NA
     y[1]: "\U0001f1eb\U0001f1f7"
     -- Failure (test-unicode-symbols.R:13:13): unicode.symbol-to-country.name-to-unicode.symbol is internally consistent --
     `unicode.symbol.result` not equal to `unicode.symbol.original`.
     1/1 mismatches
     x[1]: NA
     y[1]: "\U0001f1ec\U0001f1eb"
     -- Failure (test-unicode-symbols.R:13:13): unicode.symbol-to-country.name-to-unicode.symbol is internally consistent --
     `unicode.symbol.result` not equal to `unicode.symbol.original`.
     1/1 mismatches
     x[1]: NA
     y[1]: "\U0001f1f5\U0001f1eb"
     -- Failure (test-unicode-symbols.R:13:13): unicode.symbol-to-country.name-to-unicode.symbol is internally consistent --
     `unicode.symbol.result` not equal to `unicode.symbol.original`.
     1/1 mismatches
     x[1]: NA
     y[1]: "\U0001f1f9\U0001f1eb"
     -- Failure (test-unicode-symbols.R:13:13): unicode.symbol-to-country.name-to-unicode.symbol is internally consistent --
     `unicode.symbol.result` not equal to `unicode.symbol.original`.
     1/1 mismatches
     x[1]: NA
     y[1]: "\U0001f1ec\U0001f1e6"
     -- Failure (test-unicode-symbols.R:13:13): unicode.symbol-to-country.name-to-unicode.symbol is internally consistent --
     `unicode.symbol.result` not equal to `unicode.symbol.original`.
     1/1 mismatches
     x[1]: NA
     y[1]: "\U0001f1ec\U0001f1f2"
     -- Failure (test-unicode-symbols.R:13:13): unicode.symbol-to-country.name-to-unicode.symbol is internally consistent --
     `unicode.symbol.result` not equal to `unicode.symbol.original`.
     1/1 mismatches
     x[1]: NA
     y[1]: "\U0001f1ec\U0001f1ea"
     -- Failure (test-unicode-symbols.R:13:13): unicode.symbol-to-country.name-to-unicode.symbol is internally consistent --
     `unicode.symbol.result` not equal to `unicode.symbol.original`.
     1/1 mismatches
     x[1]: NA
     y[1]: "\U0001f1e9\U0001f1ea"
     -- Failure (test-unicode-symbols.R:13:13): unicode.symbol-to-country.name-to-unicode.symbol is internally consistent --
     `unicode.symbol.result` not equal to `unicode.symbol.original`.
     1/1 mismatches
     x[1]: NA
     y[1]: "\U0001f1ec\U0001f1ed"
     -- Failure (test-unicode-symbols.R:13:13): unicode.symbol-to-country.name-to-unicode.symbol is internally consistent --
     `unicode.symbol.result` not equal to `unicode.symbol.original`.
     1/1 mismatches
     x[1]: NA
     y[1]: "\U0001f1ec\U0001f1ee"
     -- Failure (test-unicode-symbols.R:13:13): unicode.symbol-to-country.name-to-unicode.symbol is internally consistent --
     `unicode.symbol.result` not equal to `unicode.symbol.original`.
     1/1 mismatches
     x[1]: NA
     y[1]: "\U0001f1ec\U0001f1f7"
     -- Failure (test-unicode-symbols.R:13:13): unicode.symbol-to-country.name-to-unicode.symbol is internally consistent --
     `unicode.symbol.result` not equal to `unicode.symbol.original`.
     1/1 mismatches
     x[1]: NA
     y[1]: "\U0001f1ec\U0001f1f1"
     -- Failure (test-unicode-symbols.R:13:13): unicode.symbol-to-country.name-to-unicode.symbol is internally consistent --
     `unicode.symbol.result` not equal to `unicode.symbol.original`.
     1/1 mismatches
     x[1]: NA
     y[1]: "\U0001f1ec\U0001f1e9"
     -- Failure (test-unicode-symbols.R:13:13): unicode.symbol-to-country.name-to-unicode.symbol is internally consistent --
     `unicode.symbol.result` not equal to `unicode.symbol.original`.
     1/1 mismatches
     x[1]: NA
     y[1]: "\U0001f1ec\U0001f1f5"
     -- Failure (test-unicode-symbols.R:13:13): unicode.symbol-to-country.name-to-unicode.symbol is internally consistent --
     `unicode.symbol.result` not equal to `unicode.symbol.original`.
     1/1 mismatches
     x[1]: NA
     y[1]: "\U0001f1ec\U0001f1fa"
     -- Failure (test-unicode-symbols.R:13:13): unicode.symbol-to-country.name-to-unicode.symbol is internally consistent --
     `unicode.symbol.result` not equal to `unicode.symbol.original`.
     1/1 mismatches
     x[1]: NA
     y[1]: "\U0001f1ec\U0001f1f9"
     -- Failure (test-unicode-symbols.R:13:13): unicode.symbol-to-country.name-to-unicode.symbol is internally consistent --
     `unicode.symbol.result` not equal to `unicode.symbol.original`.
     1/1 mismatches
     x[1]: NA
     y[1]: "\U0001f1ec\U0001f1ec"
     -- Failure (test-unicode-symbols.R:13:13): unicode.symbol-to-country.name-to-unicode.symbol is internally consistent --
     `unicode.symbol.result` not equal to `unicode.symbol.original`.
     1/1 mismatches
     x[1]: NA
     y[1]: "\U0001f1ec\U0001f1f3"
     -- Failure (test-unicode-symbols.R:13:13): unicode.symbol-to-country.name-to-unicode.symbol is internally consistent --
     `unicode.symbol.result` not equal to `unicode.symbol.original`.
     1/1 mismatches
     x[1]: NA
     y[1]: "\U0001f1ec\U0001f1fc"
     -- Failure (test-unicode-symbols.R:13:13): unicode.symbol-to-country.name-to-unicode.symbol is internally consistent --
     `unicode.symbol.result` not equal to `unicode.symbol.original`.
     1/1 mismatches
     x[1]: NA
     y[1]: "\U0001f1ec\U0001f1fe"
     -- Failure (test-unicode-symbols.R:13:13): unicode.symbol-to-country.name-to-unicode.symbol is internally consistent --
     `unicode.symbol.result` not equal to `unicode.symbol.original`.
     1/1 mismatches
     x[1]: NA
     y[1]: "\U0001f1ed\U0001f1f9"
     -- Failure (test-unicode-symbols.R:13:13): unicode.symbol-to-country.name-to-unicode.symbol is internally consistent --
     `unicode.symbol.result` not equal to `unicode.symbol.original`.
     1/1 mismatches
     x[1]: NA
     y[1]: "\U0001f1ed\U0001f1f2"
     -- Failure (test-unicode-symbols.R:13:13): unicode.symbol-to-country.name-to-unicode.symbol is internally consistent --
     `unicode.symbol.result` not equal to `unicode.symbol.original`.
     1/1 mismatches
     x[1]: NA
     y[1]: "\U0001f1ed\U0001f1f3"
     -- Failure (test-unicode-symbols.R:13:13): unicode.symbol-to-country.name-to-unicode.symbol is internally consistent --
     `unicode.symbol.result` not equal to `unicode.symbol.original`.
     1/1 mismatches
     x[1]: NA
     y[1]: "\U0001f1ed\U0001f1f0"
     -- Failure (test-unicode-symbols.R:13:13): unicode.symbol-to-country.name-to-unicode.symbol is internally consistent --
     `unicode.symbol.result` not equal to `unicode.symbol.original`.
     1/1 mismatches
     x[1]: NA
     y[1]: "\U0001f1ed\U0001f1fa"
     -- Failure (test-unicode-symbols.R:13:13): unicode.symbol-to-country.name-to-unicode.symbol is internally consistent --
     `unicode.symbol.result` not equal to `unicode.symbol.original`.
     1/1 mismatches
     x[1]: NA
     y[1]: "\U0001f1ee\U0001f1f8"
     -- Failure (test-unicode-symbols.R:13:13): unicode.symbol-to-country.name-to-unicode.symbol is internally consistent --
     `unicode.symbol.result` not equal to `unicode.symbol.original`.
     1/1 mismatches
     x[1]: NA
     y[1]: "\U0001f1ee\U0001f1f3"
     -- Failure (test-unicode-symbols.R:13:13): unicode.symbol-to-country.name-to-unicode.symbol is internally consistent --
     `unicode.symbol.result` not equal to `unicode.symbol.original`.
     1/1 mismatches
     x[1]: NA
     y[1]: "\U0001f1ee\U0001f1e9"
     -- Failure (test-unicode-symbols.R:13:13): unicode.symbol-to-country.name-to-unicode.symbol is internally consistent --
     `unicode.symbol.result` not equal to `unicode.symbol.original`.
     1/1 mismatches
     x[1]: NA
     y[1]: "\U0001f1ee\U0001f1f7"
     -- Failure (test-unicode-symbols.R:13:13): unicode.symbol-to-country.name-to-unicode.symbol is internally consistent --
     `unicode.symbol.result` not equal to `unicode.symbol.original`.
     1/1 mismatches
     x[1]: NA
     y[1]: "\U0001f1ee\U0001f1f6"
     -- Failure (test-unicode-symbols.R:13:13): unicode.symbol-to-country.name-to-unicode.symbol is internally consistent --
     `unicode.symbol.result` not equal to `unicode.symbol.original`.
     1/1 mismatches
     x[1]: NA
     y[1]: "\U0001f1ee\U0001f1ea"
     -- Failure (test-unicode-symbols.R:13:13): unicode.symbol-to-country.name-to-unicode.symbol is internally consistent --
     `unicode.symbol.result` not equal to `unicode.symbol.original`.
     1/1 mismatches
     x[1]: NA
     y[1]: "\U0001f1ee\U0001f1f2"
     -- Failure (test-unicode-symbols.R:13:13): unicode.symbol-to-country.name-to-unicode.symbol is internally consistent --
     `unicode.symbol.result` not equal to `unicode.symbol.original`.
     1/1 mismatches
     x[1]: NA
     y[1]: "\U0001f1ee\U0001f1f1"
     -- Failure (test-unicode-symbols.R:13:13): unicode.symbol-to-country.name-to-unicode.symbol is internally consistent --
     `unicode.symbol.result` not equal to `unicode.symbol.original`.
     1/1 mismatches
     x[1]: NA
     y[1]: "\U0001f1ee\U0001f1f9"
     -- Failure (test-unicode-symbols.R:13:13): unicode.symbol-to-country.name-to-unicode.symbol is internally consistent --
     `unicode.symbol.result` not equal to `unicode.symbol.original`.
     1/1 mismatches
     x[1]: NA
     y[1]: "\U0001f1ef\U0001f1f2"
     -- Failure (test-unicode-symbols.R:13:13): unicode.symbol-to-country.name-to-unicode.symbol is internally consistent --
     `unicode.symbol.result` not equal to `unicode.symbol.original`.
     1/1 mismatches
     x[1]: NA
     y[1]: "\U0001f1ef\U0001f1f5"
     -- Failure (test-unicode-symbols.R:13:13): unicode.symbol-to-country.name-to-unicode.symbol is internally consistent --
     `unicode.symbol.result` not equal to `unicode.symbol.original`.
     1/1 mismatches
     x[1]: NA
     y[1]: "\U0001f1ef\U0001f1ea"
     -- Failure (test-unicode-symbols.R:13:13): unicode.symbol-to-country.name-to-unicode.symbol is internally consistent --
     `unicode.symbol.result` not equal to `unicode.symbol.original`.
     1/1 mismatches
     x[1]: NA
     y[1]: "\U0001f1ef\U0001f1f4"
     -- Failure (test-unicode-symbols.R:13:13): unicode.symbol-to-country.name-to-unicode.symbol is internally consistent --
     `unicode.symbol.result` not equal to `unicode.symbol.original`.
     1/1 mismatches
     x[1]: NA
     y[1]: "\U0001f1f0\U0001f1ff"
     -- Failure (test-unicode-symbols.R:13:13): unicode.symbol-to-country.name-to-unicode.symbol is internally consistent --
     `unicode.symbol.result` not equal to `unicode.symbol.original`.
     1/1 mismatches
     x[1]: NA
     y[1]: "\U0001f1f0\U0001f1ea"
     -- Failure (test-unicode-symbols.R:13:13): unicode.symbol-to-country.name-to-unicode.symbol is internally consistent --
     `unicode.symbol.result` not equal to `unicode.symbol.original`.
     1/1 mismatches
     x[1]: NA
     y[1]: "\U0001f1f0\U0001f1ee"
     -- Failure (test-unicode-symbols.R:13:13): unicode.symbol-to-country.name-to-unicode.symbol is internally consistent --
     `unicode.symbol.result` not equal to `unicode.symbol.original`.
     1/1 mismatches
     x[1]: NA
     y[1]: "\U0001f1fd\U0001f1f0"
     -- Failure (test-unicode-symbols.R:13:13): unicode.symbol-to-country.name-to-unicode.symbol is internally consistent --
     `unicode.symbol.result` not equal to `unicode.symbol.original`.
     1/1 mismatches
     x[1]: NA
     y[1]: "\U0001f1f0\U0001f1fc"
     -- Failure (test-unicode-symbols.R:13:13): unicode.symbol-to-country.name-to-unicode.symbol is internally consistent --
     `unicode.symbol.result` not equal to `unicode.symbol.original`.
     1/1 mismatches
     x[1]: NA
     y[1]: "\U0001f1f0\U0001f1ec"
     -- Failure (test-unicode-symbols.R:13:13): unicode.symbol-to-country.name-to-unicode.symbol is internally consistent --
     `unicode.symbol.result` not equal to `unicode.symbol.original`.
     1/1 mismatches
     x[1]: NA
     y[1]: "\U0001f1f1\U0001f1e6"
     -- Failure (test-unicode-symbols.R:13:13): unicode.symbol-to-country.name-to-unicode.symbol is internally consistent --
     `unicode.symbol.result` not equal to `unicode.symbol.original`.
     1/1 mismatches
     x[1]: NA
     y[1]: "\U0001f1f1\U0001f1fb"
     -- Failure (test-unicode-symbols.R:13:13): unicode.symbol-to-country.name-to-unicode.symbol is internally consistent --
     `unicode.symbol.result` not equal to `unicode.symbol.original`.
     1/1 mismatches
     x[1]: NA
     y[1]: "\U0001f1f1\U0001f1e7"
     -- Failure (test-unicode-symbols.R:13:13): unicode.symbol-to-country.name-to-unicode.symbol is internally consistent --
     `unicode.symbol.result` not equal to `unicode.symbol.original`.
     1/1 mismatches
     x[1]: NA
     y[1]: "\U0001f1f1\U0001f1f8"
     -- Failure (test-unicode-symbols.R:13:13): unicode.symbol-to-country.name-to-unicode.symbol is internally consistent --
     `unicode.symbol.result` not equal to `unicode.symbol.original`.
     1/1 mismatches
     x[1]: NA
     y[1]: "\U0001f1f1\U0001f1f7"
     -- Failure (test-unicode-symbols.R:13:13): unicode.symbol-to-country.name-to-unicode.symbol is internally consistent --
     `unicode.symbol.result` not equal to `unicode.symbol.original`.
     1/1 mismatches
     x[1]: NA
     y[1]: "\U0001f1f1\U0001f1fe"
     -- Failure (test-unicode-symbols.R:13:13): unicode.symbol-to-country.name-to-unicode.symbol is internally consistent --
     `unicode.symbol.result` not equal to `unicode.symbol.original`.
     1/1 mismatches
     x[1]: NA
     y[1]: "\U0001f1f1\U0001f1ee"
     -- Failure (test-unicode-symbols.R:13:13): unicode.symbol-to-country.name-to-unicode.symbol is internally consistent --
     `unicode.symbol.result` not equal to `unicode.symbol.original`.
     1/1 mismatches
     x[1]: NA
     y[1]: "\U0001f1f1\U0001f1f9"
     -- Failure (test-unicode-symbols.R:13:13): unicode.symbol-to-country.name-to-unicode.symbol is internally consistent --
     `unicode.symbol.result` not equal to `unicode.symbol.original`.
     1/1 mismatches
     x[1]: NA
     y[1]: "\U0001f1f1\U0001f1fa"
     -- Failure (test-unicode-symbols.R:13:13): unicode.symbol-to-country.name-to-unicode.symbol is internally consistent --
     `unicode.symbol.result` not equal to `unicode.symbol.original`.
     1/1 mismatches
     x[1]: NA
     y[1]: "\U0001f1f2\U0001f1f4"
     -- Failure (test-unicode-symbols.R:13:13): unicode.symbol-to-country.name-to-unicode.symbol is internally consistent --
     `unicode.symbol.result` not equal to `unicode.symbol.original`.
     1/1 mismatches
     x[1]: NA
     y[1]: "\U0001f1f2\U0001f1ec"
     -- Failure (test-unicode-symbols.R:13:13): unicode.symbol-to-country.name-to-unicode.symbol is internally consistent --
     `unicode.symbol.result` not equal to `unicode.symbol.original`.
     1/1 mismatches
     x[1]: NA
     y[1]: "\U0001f1f2\U0001f1fc"
     -- Failure (test-unicode-symbols.R:13:13): unicode.symbol-to-country.name-to-unicode.symbol is internally consistent --
     `unicode.symbol.result` not equal to `unicode.symbol.original`.
     1/1 mismatches
     x[1]: NA
     y[1]: "\U0001f1f2\U0001f1fe"
     -- Failure (test-unicode-symbols.R:13:13): unicode.symbol-to-country.name-to-unicode.symbol is internally consistent --
     `unicode.symbol.result` not equal to `unicode.symbol.original`.
     1/1 mismatches
     x[1]: NA
     y[1]: "\U0001f1f2\U0001f1fb"
     -- Failure (test-unicode-symbols.R:13:13): unicode.symbol-to-country.name-to-unicode.symbol is internally consistent --
     `unicode.symbol.result` not equal to `unicode.symbol.original`.
     1/1 mismatches
     x[1]: NA
     y[1]: "\U0001f1f2\U0001f1f1"
     -- Failure (test-unicode-symbols.R:13:13): unicode.symbol-to-country.name-to-unicode.symbol is internally consistent --
     `unicode.symbol.result` not equal to `unicode.symbol.original`.
     1/1 mismatches
     x[1]: NA
     y[1]: "\U0001f1f2\U0001f1f9"
     -- Failure (test-unicode-symbols.R:13:13): unicode.symbol-to-country.name-to-unicode.symbol is internally consistent --
     `unicode.symbol.result` not equal to `unicode.symbol.original`.
     1/1 mismatches
     x[1]: NA
     y[1]: "\U0001f1f2\U0001f1ed"
     -- Failure (test-unicode-symbols.R:13:13): unicode.symbol-to-country.name-to-unicode.symbol is internally consistent --
     `unicode.symbol.result` not equal to `unicode.symbol.original`.
     1/1 mismatches
     x[1]: NA
     y[1]: "\U0001f1f2\U0001f1f6"
     -- Failure (test-unicode-symbols.R:13:13): unicode.symbol-to-country.name-to-unicode.symbol is internally consistent --
     `unicode.symbol.result` not equal to `unicode.symbol.original`.
     1/1 mismatches
     x[1]: NA
     y[1]: "\U0001f1f2\U0001f1f7"
     -- Failure (test-unicode-symbols.R:13:13): unicode.symbol-to-country.name-to-unicode.symbol is internally consistent --
     `unicode.symbol.result` not equal to `unicode.symbol.original`.
     1/1 mismatches
     x[1]: NA
     y[1]: "\U0001f1f2\U0001f1fa"
     -- Failure (test-unicode-symbols.R:13:13): unicode.symbol-to-country.name-to-unicode.symbol is internally consistent --
     `unicode.symbol.result` not equal to `unicode.symbol.original`.
     1/1 mismatches
     x[1]: NA
     y[1]: "\U0001f1fe\U0001f1f9"
     -- Failure (test-unicode-symbols.R:13:13): unicode.symbol-to-country.name-to-unicode.symbol is internally consistent --
     `unicode.symbol.result` not equal to `unicode.symbol.original`.
     1/1 mismatches
     x[1]: NA
     y[1]: "\U0001f1f2\U0001f1fd"
     -- Failure (test-unicode-symbols.R:13:13): unicode.symbol-to-country.name-to-unicode.symbol is internally consistent --
     `unicode.symbol.result` not equal to `unicode.symbol.original`.
     1/1 mismatches
     x[1]: NA
     y[1]: "\U0001f1eb\U0001f1f2"
     -- Failure (test-unicode-symbols.R:13:13): unicode.symbol-to-country.name-to-unicode.symbol is internally consistent --
     `unicode.symbol.result` not equal to `unicode.symbol.original`.
     1/1 mismatches
     x[1]: NA
     y[1]: "\U0001f1f2\U0001f1e9"
     -- Failure (test-unicode-symbols.R:13:13): unicode.symbol-to-country.name-to-unicode.symbol is internally consistent --
     `unicode.symbol.result` not equal to `unicode.symbol.original`.
     1/1 mismatches
     x[1]: NA
     y[1]: "\U0001f1f2\U0001f1e8"
     -- Failure (test-unicode-symbols.R:13:13): unicode.symbol-to-country.name-to-unicode.symbol is internally consistent --
     `unicode.symbol.result` not equal to `unicode.symbol.original`.
     1/1 mismatches
     x[1]: NA
     y[1]: "\U0001f1f2\U0001f1f3"
     -- Failure (test-unicode-symbols.R:13:13): unicode.symbol-to-country.name-to-unicode.symbol is internally consistent --
     `unicode.symbol.result` not equal to `unicode.symbol.original`.
     1/1 mismatches
     x[1]: NA
     y[1]: "\U0001f1f2\U0001f1ea"
     -- Failure (test-unicode-symbols.R:13:13): unicode.symbol-to-country.name-to-unicode.symbol is internally consistent --
     `unicode.symbol.result` not equal to `unicode.symbol.original`.
     1/1 mismatches
     x[1]: NA
     y[1]: "\U0001f1f2\U0001f1f8"
     -- Failure (test-unicode-symbols.R:13:13): unicode.symbol-to-country.name-to-unicode.symbol is internally consistent --
     `unicode.symbol.result` not equal to `unicode.symbol.original`.
     1/1 mismatches
     x[1]: NA
     y[1]: "\U0001f1f2\U0001f1e6"
     -- Failure (test-unicode-symbols.R:13:13): unicode.symbol-to-country.name-to-unicode.symbol is internally consistent --
     `unicode.symbol.result` not equal to `unicode.symbol.original`.
     1/1 mismatches
     x[1]: NA
     y[1]: "\U0001f1f2\U0001f1ff"
     -- Failure (test-unicode-symbols.R:13:13): unicode.symbol-to-country.name-to-unicode.symbol is internally consistent --
     `unicode.symbol.result` not equal to `unicode.symbol.original`.
     1/1 mismatches
     x[1]: NA
     y[1]: "\U0001f1f2\U0001f1f2"
     -- Failure (test-unicode-symbols.R:13:13): unicode.symbol-to-country.name-to-unicode.symbol is internally consistent --
     `unicode.symbol.result` not equal to `unicode.symbol.original`.
     1/1 mismatches
     x[1]: NA
     y[1]: "\U0001f1f3\U0001f1e6"
     -- Failure (test-unicode-symbols.R:13:13): unicode.symbol-to-country.name-to-unicode.symbol is internally consistent --
     `unicode.symbol.result` not equal to `unicode.symbol.original`.
     1/1 mismatches
     x[1]: NA
     y[1]: "\U0001f1f3\U0001f1f7"
     -- Failure (test-unicode-symbols.R:13:13): unicode.symbol-to-country.name-to-unicode.symbol is internally consistent --
     `unicode.symbol.result` not equal to `unicode.symbol.original`.
     1/1 mismatches
     x[1]: NA
     y[1]: "\U0001f1f3\U0001f1f5"
     -- Failure (test-unicode-symbols.R:13:13): unicode.symbol-to-country.name-to-unicode.symbol is internally consistent --
     `unicode.symbol.result` not equal to `unicode.symbol.original`.
     1/1 mismatches
     x[1]: NA
     y[1]: "\U0001f1f3\U0001f1f1"
     -- Failure (test-unicode-symbols.R:13:13): unicode.symbol-to-country.name-to-unicode.symbol is internally consistent --
     `unicode.symbol.result` not equal to `unicode.symbol.original`.
     1/1 mismatches
     x[1]: NA
     y[1]: "\U0001f1f3\U0001f1e8"
     -- Failure (test-unicode-symbols.R:13:13): unicode.symbol-to-country.name-to-unicode.symbol is internally consistent --
     `unicode.symbol.result` not equal to `unicode.symbol.original`.
     1/1 mismatches
     x[1]: NA
     y[1]: "\U0001f1f3\U0001f1ff"
     -- Failure (test-unicode-symbols.R:13:13): unicode.symbol-to-country.name-to-unicode.symbol is internally consistent --
     `unicode.symbol.result` not equal to `unicode.symbol.original`.
     1/1 mismatches
     x[1]: NA
     y[1]: "\U0001f1f3\U0001f1ee"
     -- Failure (test-unicode-symbols.R:13:13): unicode.symbol-to-country.name-to-unicode.symbol is internally consistent --
     `unicode.symbol.result` not equal to `unicode.symbol.original`.
     1/1 mismatches
     x[1]: NA
     y[1]: "\U0001f1f3\U0001f1ea"
     -- Failure (test-unicode-symbols.R:13:13): unicode.symbol-to-country.name-to-unicode.symbol is internally consistent --
     `unicode.symbol.result` not equal to `unicode.symbol.original`.
     1/1 mismatches
     x[1]: NA
     y[1]: "\U0001f1f3\U0001f1ec"
     -- Failure (test-unicode-symbols.R:13:13): unicode.symbol-to-country.name-to-unicode.symbol is internally consistent --
     `unicode.symbol.result` not equal to `unicode.symbol.original`.
     1/1 mismatches
     x[1]: NA
     y[1]: "\U0001f1f3\U0001f1fa"
     -- Failure (test-unicode-symbols.R:13:13): unicode.symbol-to-country.name-to-unicode.symbol is internally consistent --
     `unicode.symbol.result` not equal to `unicode.symbol.original`.
     1/1 mismatches
     x[1]: NA
     y[1]: "\U0001f1f3\U0001f1eb"
     -- Failure (test-unicode-symbols.R:13:13): unicode.symbol-to-country.name-to-unicode.symbol is internally consistent --
     `unicode.symbol.result` not equal to `unicode.symbol.original`.
     1/1 mismatches
     x[1]: NA
     y[1]: "\U0001f1f0\U0001f1f5"
     -- Failure (test-unicode-symbols.R:13:13): unicode.symbol-to-country.name-to-unicode.symbol is internally consistent --
     `unicode.symbol.result` not equal to `unicode.symbol.original`.
     1/1 mismatches
     x[1]: NA
     y[1]: "\U0001f1f2\U0001f1f0"
     -- Failure (test-unicode-symbols.R:13:13): unicode.symbol-to-country.name-to-unicode.symbol is internally consistent --
     `unicode.symbol.result` not equal to `unicode.symbol.original`.
     1/1 mismatches
     x[1]: NA
     y[1]: "\U0001f1f2\U0001f1f5"
     -- Failure (test-unicode-symbols.R:13:13): unicode.symbol-to-country.name-to-unicode.symbol is internally consistent --
     `unicode.symbol.result` not equal to `unicode.symbol.original`.
     1/1 mismatches
     x[1]: NA
     y[1]: "\U0001f1f3\U0001f1f4"
     -- Failure (test-unicode-symbols.R:13:13): unicode.symbol-to-country.name-to-unicode.symbol is internally consistent --
     `unicode.symbol.result` not equal to `unicode.symbol.original`.
     1/1 mismatches
     x[1]: NA
     y[1]: "\U0001f1f4\U0001f1f2"
     -- Failure (test-unicode-symbols.R:13:13): unicode.symbol-to-country.name-to-unicode.symbol is internally consistent --
     `unicode.symbol.result` not equal to `unicode.symbol.original`.
     1/1 mismatches
     x[1]: NA
     y[1]: "\U0001f1f5\U0001f1f0"
     -- Failure (test-unicode-symbols.R:13:13): unicode.symbol-to-country.name-to-unicode.symbol is internally consistent --
     `unicode.symbol.result` not equal to `unicode.symbol.original`.
     1/1 mismatches
     x[1]: NA
     y[1]: "\U0001f1f5\U0001f1fc"
     -- Failure (test-unicode-symbols.R:13:13): unicode.symbol-to-country.name-to-unicode.symbol is internally consistent --
     `unicode.symbol.result` not equal to `unicode.symbol.original`.
     1/1 mismatches
     x[1]: NA
     y[1]: "\U0001f1f5\U0001f1f8"
     -- Failure (test-unicode-symbols.R:13:13): unicode.symbol-to-country.name-to-unicode.symbol is internally consistent --
     `unicode.symbol.result` not equal to `unicode.symbol.original`.
     1/1 mismatches
     x[1]: NA
     y[1]: "\U0001f1f5\U0001f1e6"
     -- Failure (test-unicode-symbols.R:13:13): unicode.symbol-to-country.name-to-unicode.symbol is internally consistent --
     `unicode.symbol.result` not equal to `unicode.symbol.original`.
     1/1 mismatches
     x[1]: NA
     y[1]: "\U0001f1f5\U0001f1ec"
     -- Failure (test-unicode-symbols.R:13:13): unicode.symbol-to-country.name-to-unicode.symbol is internally consistent --
     `unicode.symbol.result` not equal to `unicode.symbol.original`.
     1/1 mismatches
     x[1]: NA
     y[1]: "\U0001f1f5\U0001f1fe"
     -- Failure (test-unicode-symbols.R:13:13): unicode.symbol-to-country.name-to-unicode.symbol is internally consistent --
     `unicode.symbol.result` not equal to `unicode.symbol.original`.
     1/1 mismatches
     x[1]: NA
     y[1]: "\U0001f1f5\U0001f1ea"
     -- Failure (test-unicode-symbols.R:13:13): unicode.symbol-to-country.name-to-unicode.symbol is internally consistent --
     `unicode.symbol.result` not equal to `unicode.symbol.original`.
     1/1 mismatches
     x[1]: NA
     y[1]: "\U0001f1f5\U0001f1ed"
     -- Failure (test-unicode-symbols.R:13:13): unicode.symbol-to-country.name-to-unicode.symbol is internally consistent --
     `unicode.symbol.result` not equal to `unicode.symbol.original`.
     1/1 mismatches
     x[1]: NA
     y[1]: "\U0001f1f5\U0001f1f3"
     -- Failure (test-unicode-symbols.R:13:13): unicode.symbol-to-country.name-to-unicode.symbol is internally consistent --
     `unicode.symbol.result` not equal to `unicode.symbol.original`.
     1/1 mismatches
     x[1]: NA
     y[1]: "\U0001f1f5\U0001f1f1"
     -- Failure (test-unicode-symbols.R:13:13): unicode.symbol-to-country.name-to-unicode.symbol is internally consistent --
     `unicode.symbol.result` not equal to `unicode.symbol.original`.
     1/1 mismatches
     x[1]: NA
     y[1]: "\U0001f1f5\U0001f1f9"
     -- Failure (test-unicode-symbols.R:13:13): unicode.symbol-to-country.name-to-unicode.symbol is internally consistent --
     `unicode.symbol.result` not equal to `unicode.symbol.original`.
     1/1 mismatches
     x[1]: NA
     y[1]: "\U0001f1f5\U0001f1f7"
     -- Failure (test-unicode-symbols.R:13:13): unicode.symbol-to-country.name-to-unicode.symbol is internally consistent --
     `unicode.symbol.result` not equal to `unicode.symbol.original`.
     1/1 mismatches
     x[1]: NA
     y[1]: "\U0001f1f6\U0001f1e6"
     -- Failure (test-unicode-symbols.R:13:13): unicode.symbol-to-country.name-to-unicode.symbol is internally consistent --
     `unicode.symbol.result` not equal to `unicode.symbol.original`.
     1/1 mismatches
     x[1]: NA
     y[1]: "\U0001f1f7\U0001f1ea"
     -- Failure (test-unicode-symbols.R:13:13): unicode.symbol-to-country.name-to-unicode.symbol is internally consistent --
     `unicode.symbol.result` not equal to `unicode.symbol.original`.
     1/1 mismatches
     x[1]: NA
     y[1]: "\U0001f1f7\U0001f1f4"
     -- Failure (test-unicode-symbols.R:13:13): unicode.symbol-to-country.name-to-unicode.symbol is internally consistent --
     `unicode.symbol.result` not equal to `unicode.symbol.original`.
     1/1 mismatches
     x[1]: NA
     y[1]: "\U0001f1f7\U0001f1fa"
     -- Failure (test-unicode-symbols.R:13:13): unicode.symbol-to-country.name-to-unicode.symbol is internally consistent --
     `unicode.symbol.result` not equal to `unicode.symbol.original`.
     1/1 mismatches
     x[1]: NA
     y[1]: "\U0001f1f7\U0001f1fc"
     -- Failure (test-unicode-symbols.R:13:13): unicode.symbol-to-country.name-to-unicode.symbol is internally consistent --
     `unicode.symbol.result` not equal to `unicode.symbol.original`.
     1/1 mismatches
     x[1]: NA
     y[1]: "\U0001f1f2\U0001f1eb"
     -- Failure (test-unicode-symbols.R:13:13): unicode.symbol-to-country.name-to-unicode.symbol is internally consistent --
     `unicode.symbol.result` not equal to `unicode.symbol.original`.
     1/1 mismatches
     x[1]: NA
     y[1]: "\U0001f1fc\U0001f1f8"
     -- Failure (test-unicode-symbols.R:13:13): unicode.symbol-to-country.name-to-unicode.symbol is internally consistent --
     `unicode.symbol.result` not equal to `unicode.symbol.original`.
     1/1 mismatches
     x[1]: NA
     y[1]: "\U0001f1f8\U0001f1f2"
     -- Failure (test-unicode-symbols.R:13:13): unicode.symbol-to-country.name-to-unicode.symbol is internally consistent --
     `unicode.symbol.result` not equal to `unicode.symbol.original`.
     1/1 mismatches
     x[1]: NA
     y[1]: "\U0001f1f8\U0001f1f9"
     -- Failure (test-unicode-symbols.R:13:13): unicode.symbol-to-country.name-to-unicode.symbol is internally consistent --
     `unicode.symbol.result` not equal to `unicode.symbol.original`.
     1/1 mismatches
     x[1]: NA
     y[1]: "\U0001f1f8\U0001f1e6"
     -- Failure (test-unicode-symbols.R:13:13): unicode.symbol-to-country.name-to-unicode.symbol is internally consistent --
     `unicode.symbol.result` not equal to `unicode.symbol.original`.
     1/1 mismatches
     x[1]: NA
     y[1]: "\U0001f1f8\U0001f1f3"
     -- Failure (test-unicode-symbols.R:13:13): unicode.symbol-to-country.name-to-unicode.symbol is internally consistent --
     `unicode.symbol.result` not equal to `unicode.symbol.original`.
     1/1 mismatches
     x[1]: NA
     y[1]: "\U0001f1f7\U0001f1f8"
     -- Failure (test-unicode-symbols.R:13:13): unicode.symbol-to-country.name-to-unicode.symbol is internally consistent --
     `unicode.symbol.result` not equal to `unicode.symbol.original`.
     1/1 mismatches
     x[1]: NA
     y[1]: "\U0001f1f8\U0001f1e8"
     -- Failure (test-unicode-symbols.R:13:13): unicode.symbol-to-country.name-to-unicode.symbol is internally consistent --
     `unicode.symbol.result` not equal to `unicode.symbol.original`.
     1/1 mismatches
     x[1]: NA
     y[1]: "\U0001f1f8\U0001f1f1"
     -- Failure (test-unicode-symbols.R:13:13): unicode.symbol-to-country.name-to-unicode.symbol is internally consistent --
     `unicode.symbol.result` not equal to `unicode.symbol.original`.
     1/1 mismatches
     x[1]: NA
     y[1]: "\U0001f1f8\U0001f1ec"
     -- Failure (test-unicode-symbols.R:13:13): unicode.symbol-to-country.name-to-unicode.symbol is internally consistent --
     `unicode.symbol.result` not equal to `unicode.symbol.original`.
     1/1 mismatches
     x[1]: NA
     y[1]: "\U0001f1f8\U0001f1fd"
     -- Failure (test-unicode-symbols.R:13:13): unicode.symbol-to-country.name-to-unicode.symbol is internally consistent --
     `unicode.symbol.result` not equal to `unicode.symbol.original`.
     1/1 mismatches
     x[1]: NA
     y[1]: "\U0001f1f8\U0001f1f0"
     -- Failure (test-unicode-symbols.R:13:13): unicode.symbol-to-country.name-to-unicode.symbol is internally consistent --
     `unicode.symbol.result` not equal to `unicode.symbol.original`.
     1/1 mismatches
     x[1]: NA
     y[1]: "\U0001f1f8\U0001f1ee"
     -- Failure (test-unicode-symbols.R:13:13): unicode.symbol-to-country.name-to-unicode.symbol is internally consistent --
     `unicode.symbol.result` not equal to `unicode.symbol.original`.
     1/1 mismatches
     x[1]: NA
     y[1]: "\U0001f1f8\U0001f1e7"
     -- Failure (test-unicode-symbols.R:13:13): unicode.symbol-to-country.name-to-unicode.symbol is internally consistent --
     `unicode.symbol.result` not equal to `unicode.symbol.original`.
     1/1 mismatches
     x[1]: NA
     y[1]: "\U0001f1f8\U0001f1f4"
     -- Failure (test-unicode-symbols.R:13:13): unicode.symbol-to-country.name-to-unicode.symbol is internally consistent --
     `unicode.symbol.result` not equal to `unicode.symbol.original`.
     1/1 mismatches
     x[1]: NA
     y[1]: "\U0001f1ff\U0001f1e6"
     -- Failure (test-unicode-symbols.R:13:13): unicode.symbol-to-country.name-to-unicode.symbol is internally consistent --
     `unicode.symbol.result` not equal to `unicode.symbol.original`.
     1/1 mismatches
     x[1]: NA
     y[1]: "\U0001f1ec\U0001f1f8"
     -- Failure (test-unicode-symbols.R:13:13): unicode.symbol-to-country.name-to-unicode.symbol is internally consistent --
     `unicode.symbol.result` not equal to `unicode.symbol.original`.
     1/1 mismatches
     x[1]: NA
     y[1]: "\U0001f1f0\U0001f1f7"
     -- Failure (test-unicode-symbols.R:13:13): unicode.symbol-to-country.name-to-unicode.symbol is internally consistent --
     `unicode.symbol.result` not equal to `unicode.symbol.original`.
     1/1 mismatches
     x[1]: NA
     y[1]: "\U0001f1f8\U0001f1f8"
     -- Failure (test-unicode-symbols.R:13:13): unicode.symbol-to-country.name-to-unicode.symbol is internally consistent --
     `unicode.symbol.result` not equal to `unicode.symbol.original`.
     1/1 mismatches
     x[1]: NA
     y[1]: "\U0001f1ea\U0001f1f8"
     -- Failure (test-unicode-symbols.R:13:13): unicode.symbol-to-country.name-to-unicode.symbol is internally consistent --
     `unicode.symbol.result` not equal to `unicode.symbol.original`.
     1/1 mismatches
     x[1]: NA
     y[1]: "\U0001f1f1\U0001f1f0"
     -- Failure (test-unicode-symbols.R:13:13): unicode.symbol-to-country.name-to-unicode.symbol is internally consistent --
     `unicode.symbol.result` not equal to `unicode.symbol.original`.
     1/1 mismatches
     x[1]: NA
     y[1]: "\U0001f1e7\U0001f1f1"
     -- Failure (test-unicode-symbols.R:13:13): unicode.symbol-to-country.name-to-unicode.symbol is internally consistent --
     `unicode.symbol.result` not equal to `unicode.symbol.original`.
     1/1 mismatches
     x[1]: NA
     y[1]: "\U0001f1f8\U0001f1ed"
     -- Failure (test-unicode-symbols.R:13:13): unicode.symbol-to-country.name-to-unicode.symbol is internally consistent --
     `unicode.symbol.result` not equal to `unicode.symbol.original`.
     1/1 mismatches
     x[1]: NA
     y[1]: "\U0001f1f0\U0001f1f3"
     -- Failure (test-unicode-symbols.R:13:13): unicode.symbol-to-country.name-to-unicode.symbol is internally consistent --
     `unicode.symbol.result` not equal to `unicode.symbol.original`.
     1/1 mismatches
     x[1]: NA
     y[1]: "\U0001f1f1\U0001f1e8"
     -- Failure (test-unicode-symbols.R:13:13): unicode.symbol-to-country.name-to-unicode.symbol is internally consistent --
     `unicode.symbol.result` not equal to `unicode.symbol.original`.
     1/1 mismatches
     x[1]: NA
     y[1]: "\U0001f1f5\U0001f1f2"
     -- Failure (test-unicode-symbols.R:13:13): unicode.symbol-to-country.name-to-unicode.symbol is internally consistent --
     `unicode.symbol.result` not equal to `unicode.symbol.original`.
     1/1 mismatches
     x[1]: NA
     y[1]: "\U0001f1fb\U0001f1e8"
     -- Failure (test-unicode-symbols.R:13:13): unicode.symbol-to-country.name-to-unicode.symbol is internally consistent --
     `unicode.symbol.result` not equal to `unicode.symbol.original`.
     1/1 mismatches
     x[1]: NA
     y[1]: "\U0001f1f8\U0001f1e9"
     -- Failure (test-unicode-symbols.R:13:13): unicode.symbol-to-country.name-to-unicode.symbol is internally consistent --
     `unicode.symbol.result` not equal to `unicode.symbol.original`.
     1/1 mismatches
     x[1]: NA
     y[1]: "\U0001f1f8\U0001f1f7"
     -- Failure (test-unicode-symbols.R:13:13): unicode.symbol-to-country.name-to-unicode.symbol is internally consistent --
     `unicode.symbol.result` not equal to `unicode.symbol.original`.
     1/1 mismatches
     x[1]: NA
     y[1]: "\U0001f1f8\U0001f1ef"
     -- Failure (test-unicode-symbols.R:13:13): unicode.symbol-to-country.name-to-unicode.symbol is internally consistent --
     `unicode.symbol.result` not equal to `unicode.symbol.original`.
     1/1 mismatches
     x[1]: NA
     y[1]: "\U0001f1f8\U0001f1ea"
     -- Failure (test-unicode-symbols.R:13:13): unicode.symbol-to-country.name-to-unicode.symbol is internally consistent --
     `unicode.symbol.result` not equal to `unicode.symbol.original`.
     1/1 mismatches
     x[1]: NA
     y[1]: "\U0001f1e8\U0001f1ed"
     -- Failure (test-unicode-symbols.R:13:13): unicode.symbol-to-country.name-to-unicode.symbol is internally consistent --
     `unicode.symbol.result` not equal to `unicode.symbol.original`.
     1/1 mismatches
     x[1]: NA
     y[1]: "\U0001f1f8\U0001f1fe"
     -- Failure (test-unicode-symbols.R:13:13): unicode.symbol-to-country.name-to-unicode.symbol is internally consistent --
     `unicode.symbol.result` not equal to `unicode.symbol.original`.
     1/1 mismatches
     x[1]: NA
     y[1]: "\U0001f1f9\U0001f1fc"
     -- Failure (test-unicode-symbols.R:13:13): unicode.symbol-to-country.name-to-unicode.symbol is internally consistent --
     `unicode.symbol.result` not equal to `unicode.symbol.original`.
     1/1 mismatches
     x[1]: NA
     y[1]: "\U0001f1f9\U0001f1ef"
     -- Failure (test-unicode-symbols.R:13:13): unicode.symbol-to-country.name-to-unicode.symbol is internally consistent --
     `unicode.symbol.result` not equal to `unicode.symbol.original`.
     1/1 mismatches
     x[1]: NA
     y[1]: "\U0001f1f9\U0001f1ff"
     -- Failure (test-unicode-symbols.R:13:13): unicode.symbol-to-country.name-to-unicode.symbol is internally consistent --
     `unicode.symbol.result` not equal to `unicode.symbol.original`.
     1/1 mismatches
     x[1]: NA
     y[1]: "\U0001f1f9\U0001f1ed"
     -- Failure (test-unicode-symbols.R:13:13): unicode.symbol-to-country.name-to-unicode.symbol is internally consistent --
     `unicode.symbol.result` not equal to `unicode.symbol.original`.
     1/1 mismatches
     x[1]: NA
     y[1]: "\U0001f1f9\U0001f1f1"
     -- Failure (test-unicode-symbols.R:13:13): unicode.symbol-to-country.name-to-unicode.symbol is internally consistent --
     `unicode.symbol.result` not equal to `unicode.symbol.original`.
     1/1 mismatches
     x[1]: NA
     y[1]: "\U0001f1f9\U0001f1ec"
     -- Failure (test-unicode-symbols.R:13:13): unicode.symbol-to-country.name-to-unicode.symbol is internally consistent --
     `unicode.symbol.result` not equal to `unicode.symbol.original`.
     1/1 mismatches
     x[1]: NA
     y[1]: "\U0001f1f9\U0001f1f0"
     -- Failure (test-unicode-symbols.R:13:13): unicode.symbol-to-country.name-to-unicode.symbol is internally consistent --
     `unicode.symbol.result` not equal to `unicode.symbol.original`.
     1/1 mismatches
     x[1]: NA
     y[1]: "\U0001f1f9\U0001f1f4"
     -- Failure (test-unicode-symbols.R:13:13): unicode.symbol-to-country.name-to-unicode.symbol is internally consistent --
     `unicode.symbol.result` not equal to `unicode.symbol.original`.
     1/1 mismatches
     x[1]: NA
     y[1]: "\U0001f1f9\U0001f1f9"
     -- Failure (test-unicode-symbols.R:13:13): unicode.symbol-to-country.name-to-unicode.symbol is internally consistent --
     `unicode.symbol.result` not equal to `unicode.symbol.original`.
     1/1 mismatches
     x[1]: NA
     y[1]: "\U0001f1f9\U0001f1f3"
     -- Failure (test-unicode-symbols.R:13:13): unicode.symbol-to-country.name-to-unicode.symbol is internally consistent --
     `unicode.symbol.result` not equal to `unicode.symbol.original`.
     1/1 mismatches
     x[1]: NA
     y[1]: "\U0001f1f9\U0001f1f7"
     -- Failure (test-unicode-symbols.R:13:13): unicode.symbol-to-country.name-to-unicode.symbol is internally consistent --
     `unicode.symbol.result` not equal to `unicode.symbol.original`.
     1/1 mismatches
     x[1]: NA
     y[1]: "\U0001f1f9\U0001f1f2"
     -- Failure (test-unicode-symbols.R:13:13): unicode.symbol-to-country.name-to-unicode.symbol is internally consistent --
     `unicode.symbol.result` not equal to `unicode.symbol.original`.
     1/1 mismatches
     x[1]: NA
     y[1]: "\U0001f1f9\U0001f1e8"
     -- Failure (test-unicode-symbols.R:13:13): unicode.symbol-to-country.name-to-unicode.symbol is internally consistent --
     `unicode.symbol.result` not equal to `unicode.symbol.original`.
     1/1 mismatches
     x[1]: NA
     y[1]: "\U0001f1f9\U0001f1fb"
     -- Failure (test-unicode-symbols.R:13:13): unicode.symbol-to-country.name-to-unicode.symbol is internally consistent --
     `unicode.symbol.result` not equal to `unicode.symbol.original`.
     1/1 mismatches
     x[1]: NA
     y[1]: "\U0001f1fb\U0001f1ee"
     -- Failure (test-unicode-symbols.R:13:13): unicode.symbol-to-country.name-to-unicode.symbol is internally consistent --
     `unicode.symbol.result` not equal to `unicode.symbol.original`.
     1/1 mismatches
     x[1]: NA
     y[1]: "\U0001f1fa\U0001f1ec"
     -- Failure (test-unicode-symbols.R:13:13): unicode.symbol-to-country.name-to-unicode.symbol is internally consistent --
     `unicode.symbol.result` not equal to `unicode.symbol.original`.
     1/1 mismatches
     x[1]: NA
     y[1]: "\U0001f1fa\U0001f1e6"
     -- Failure (test-unicode-symbols.R:13:13): unicode.symbol-to-country.name-to-unicode.symbol is internally consistent --
     `unicode.symbol.result` not equal to `unicode.symbol.original`.
     1/1 mismatches
     x[1]: NA
     y[1]: "\U0001f1e6\U0001f1ea"
     -- Failure (test-unicode-symbols.R:13:13): unicode.symbol-to-country.name-to-unicode.symbol is internally consistent --
     `unicode.symbol.result` not equal to `unicode.symbol.original`.
     1/1 mismatches
     x[1]: NA
     y[1]: "\U0001f1ec\U0001f1e7"
     -- Failure (test-unicode-symbols.R:13:13): unicode.symbol-to-country.name-to-unicode.symbol is internally consistent --
     `unicode.symbol.result` not equal to `unicode.symbol.original`.
     1/1 mismatches
     x[1]: NA
     y[1]: "\U0001f1fa\U0001f1f8"
     -- Failure (test-unicode-symbols.R:13:13): unicode.symbol-to-country.name-to-unicode.symbol is internally consistent --
     `unicode.symbol.result` not equal to `unicode.symbol.original`.
     1/1 mismatches
     x[1]: NA
     y[1]: "\U0001f1fa\U0001f1f2"
     -- Failure (test-unicode-symbols.R:13:13): unicode.symbol-to-country.name-to-unicode.symbol is internally consistent --
     `unicode.symbol.result` not equal to `unicode.symbol.original`.
     1/1 mismatches
     x[1]: NA
     y[1]: "\U0001f1fa\U0001f1fe"
     -- Failure (test-unicode-symbols.R:13:13): unicode.symbol-to-country.name-to-unicode.symbol is internally consistent --
     `unicode.symbol.result` not equal to `unicode.symbol.original`.
     1/1 mismatches
     x[1]: NA
     y[1]: "\U0001f1fa\U0001f1ff"
     -- Failure (test-unicode-symbols.R:13:13): unicode.symbol-to-country.name-to-unicode.symbol is internally consistent --
     `unicode.symbol.result` not equal to `unicode.symbol.original`.
     1/1 mismatches
     x[1]: NA
     y[1]: "\U0001f1fb\U0001f1fa"
     -- Failure (test-unicode-symbols.R:13:13): unicode.symbol-to-country.name-to-unicode.symbol is internally consistent --
     `unicode.symbol.result` not equal to `unicode.symbol.original`.
     1/1 mismatches
     x[1]: NA
     y[1]: "\U0001f1fb\U0001f1e6"
     -- Failure (test-unicode-symbols.R:13:13): unicode.symbol-to-country.name-to-unicode.symbol is internally consistent --
     `unicode.symbol.result` not equal to `unicode.symbol.original`.
     1/1 mismatches
     x[1]: NA
     y[1]: "\U0001f1fb\U0001f1ea"
     -- Failure (test-unicode-symbols.R:13:13): unicode.symbol-to-country.name-to-unicode.symbol is internally consistent --
     `unicode.symbol.result` not equal to `unicode.symbol.original`.
     1/1 mismatches
     x[1]: NA
     y[1]: "\U0001f1fb\U0001f1f3"
     -- Failure (test-unicode-symbols.R:13:13): unicode.symbol-to-country.name-to-unicode.symbol is internally consistent --
     `unicode.symbol.result` not equal to `unicode.symbol.original`.
     1/1 mismatches
     x[1]: NA
     y[1]: "\U0001f1fc\U0001f1eb"
     -- Failure (test-unicode-symbols.R:13:13): unicode.symbol-to-country.name-to-unicode.symbol is internally consistent --
     `unicode.symbol.result` not equal to `unicode.symbol.original`.
     1/1 mismatches
     x[1]: NA
     y[1]: "\U0001f1ea\U0001f1ed"
     -- Failure (test-unicode-symbols.R:13:13): unicode.symbol-to-country.name-to-unicode.symbol is internally consistent --
     `unicode.symbol.result` not equal to `unicode.symbol.original`.
     1/1 mismatches
     x[1]: NA
     y[1]: "\U0001f1fe\U0001f1ea"
     -- Failure (test-unicode-symbols.R:13:13): unicode.symbol-to-country.name-to-unicode.symbol is internally consistent --
     `unicode.symbol.result` not equal to `unicode.symbol.original`.
     1/1 mismatches
     x[1]: NA
     y[1]: "\U0001f1ff\U0001f1f2"
     -- Failure (test-unicode-symbols.R:13:13): unicode.symbol-to-country.name-to-unicode.symbol is internally consistent --
     `unicode.symbol.result` not equal to `unicode.symbol.original`.
     1/1 mismatches
     x[1]: NA
     y[1]: "\U0001f1ff\U0001f1fc"
    
     [ FAIL 251 | WARN 251 | SKIP 0 | PASS 3119 ]
     Error: Test failures
     Execution halted
Flavor: r-oldrel-windows-ix86+x86_64