CRAN Package Check Results for Package countyweather

Last updated on 2021-02-25 00:47:36 CET.

Flavor Version Tinstall Tcheck Ttotal Status Flags
r-devel-linux-x86_64-debian-clang 0.1.0 6.73 69.13 75.86 OK
r-devel-linux-x86_64-debian-gcc 0.1.0 4.82 52.82 57.64 OK
r-devel-linux-x86_64-fedora-clang 0.1.0 96.24 NOTE
r-devel-linux-x86_64-fedora-gcc 0.1.0 85.99 NOTE
r-devel-windows-ix86+x86_64 0.1.0 11.00 73.00 84.00 OK
r-patched-linux-x86_64 0.1.0 6.16 64.36 70.52 OK
r-patched-solaris-x86 0.1.0 129.70 NOTE
r-release-linux-x86_64 0.1.0 5.62 63.19 68.81 OK
r-release-macos-x86_64 0.1.0 NOTE
r-release-windows-ix86+x86_64 0.1.0 15.00 97.00 112.00 OK
r-oldrel-macos-x86_64 0.1.0 NOTE
r-oldrel-windows-ix86+x86_64 0.1.0 7.00 90.00 97.00 OK

Check Details

Version: 0.1.0
Check: data for non-ASCII characters
Result: NOTE
     Note: found 1 marked UTF-8 string
Flavors: r-devel-linux-x86_64-fedora-clang, r-devel-linux-x86_64-fedora-gcc, r-patched-solaris-x86, r-release-macos-x86_64, r-oldrel-macos-x86_64