CRAN Package Check Results for Package covBM

Last updated on 2022-06-30 01:49:06 CEST.

Flavor Version Tinstall Tcheck Ttotal Status Flags
r-devel-linux-x86_64-debian-clang 0.1.0 3.17 55.51 58.68 OK
r-devel-linux-x86_64-debian-gcc 0.1.0 2.68 44.38 47.06 OK
r-devel-linux-x86_64-fedora-clang 0.1.0 83.71 NOTE
r-devel-linux-x86_64-fedora-gcc 0.1.0 82.50 NOTE
r-devel-windows-x86_64 0.1.0 17.00 108.00 125.00 OK
r-patched-linux-x86_64 0.1.0 2.49 54.85 57.34 OK
r-release-linux-x86_64 0.1.0 3.56 55.18 58.74 OK
r-release-macos-arm64 0.1.0 32.00 OK
r-release-macos-x86_64 0.1.0 43.00 OK
r-release-windows-x86_64 0.1.0 21.00 110.00 131.00 OK
r-oldrel-macos-arm64 0.1.0 42.00 OK
r-oldrel-macos-x86_64 0.1.0 63.00 OK
r-oldrel-windows-ix86+x86_64 0.1.0 10.00 101.00 111.00 OK

Check Details

Version: 0.1.0
Check: compiled code
Result: NOTE
    File ‘covBM/libs/covBM.so’:
     Found no calls to: ‘R_registerRoutines’, ‘R_useDynamicSymbols’
    
    It is good practice to register native routines and to disable symbol
    search.
    
    See ‘Writing portable packages’ in the ‘Writing R Extensions’ manual.
Flavors: r-devel-linux-x86_64-fedora-clang, r-devel-linux-x86_64-fedora-gcc