CRAN Package Check Results for Package coveffectsplot

Last updated on 2020-06-04 02:47:57 CEST.

Flavor Version Tinstall Tcheck Ttotal Status Flags
r-devel-linux-x86_64-debian-clang 0.0.9 2.63 102.28 104.91 OK
r-devel-linux-x86_64-debian-gcc 0.0.9 2.40 72.16 74.56 OK
r-devel-linux-x86_64-fedora-clang 0.0.9 126.94 NOTE
r-devel-linux-x86_64-fedora-gcc 0.0.9 113.87 NOTE
r-devel-windows-ix86+x86_64 0.0.9 13.00 154.00 167.00 OK
r-patched-linux-x86_64 0.0.9 2.81 92.55 95.36 OK
r-patched-solaris-x86 0.0.9 158.50 NOTE
r-release-linux-x86_64 0.0.9 2.65 93.88 96.53 OK
r-release-osx-x86_64 0.0.9 NOTE
r-release-windows-ix86+x86_64 0.0.9 10.00 104.00 114.00 OK
r-oldrel-osx-x86_64 0.0.9 NOTE
r-oldrel-windows-ix86+x86_64 0.0.9 10.00 154.00 164.00 OK

Check Details

Version: 0.0.9
Check: dependencies in R code
Result: NOTE
    Namespaces in Imports field not imported from:
     ‘colourpicker’ ‘data.table’ ‘dplyr’ ‘markdown’ ‘shinyjs’ ‘table1’
     ‘tidyr’
     All declared Imports should be used.
Flavors: r-devel-linux-x86_64-fedora-clang, r-devel-linux-x86_64-fedora-gcc, r-patched-solaris-x86, r-release-osx-x86_64, r-oldrel-osx-x86_64