CRAN Package Check Results for Package covfefe

Last updated on 2021-06-22 01:49:10 CEST.

Flavor Version Tinstall Tcheck Ttotal Status Flags
r-devel-linux-x86_64-debian-clang 0.1.0 2.62 28.58 31.20 NOTE
r-devel-linux-x86_64-debian-gcc 0.1.0 2.04 22.37 24.41 NOTE
r-devel-linux-x86_64-fedora-clang 0.1.0 46.97 NOTE
r-devel-linux-x86_64-fedora-gcc 0.1.0 36.23 NOTE
r-devel-windows-x86_64 0.1.0 5.00 43.00 48.00 OK
r-devel-windows-x86_64-gcc10-UCRT 0.1.0 OK
r-patched-linux-x86_64 0.1.0 2.64 27.51 30.15 NOTE
r-patched-solaris-x86 0.1.0 63.40 NOTE
r-release-linux-x86_64 0.1.0 2.27 27.49 29.76 NOTE
r-release-macos-arm64 0.1.0 OK
r-release-macos-x86_64 0.1.0 OK
r-release-windows-ix86+x86_64 0.1.0 7.00 46.00 53.00 OK
r-oldrel-macos-x86_64 0.1.0 OK

Check Details

Version: 0.1.0
Check: for non-standard things in the check directory
Result: NOTE
    Found the following files/directories:
     'covfefe_inauguration.txt'
Flavors: r-devel-linux-x86_64-debian-clang, r-devel-linux-x86_64-debian-gcc, r-devel-linux-x86_64-fedora-clang, r-devel-linux-x86_64-fedora-gcc, r-patched-linux-x86_64, r-patched-solaris-x86, r-release-linux-x86_64