CRAN Package Check Results for Package covid19.analytics

Last updated on 2022-06-30 01:49:06 CEST.

Flavor Version Tinstall Tcheck Ttotal Status Flags
r-devel-linux-x86_64-debian-clang 2.1.2 15.82 336.91 352.73 OK
r-devel-linux-x86_64-debian-gcc 2.1.2 13.01 227.65 240.66 OK
r-devel-linux-x86_64-fedora-clang 2.1.2 409.61 WARN
r-devel-linux-x86_64-fedora-gcc 2.1.2 412.22 WARN
r-devel-windows-x86_64 2.1.2 352.00 320.00 672.00 NOTE
r-patched-linux-x86_64 2.1.2 16.69 321.16 337.85 OK
r-release-linux-x86_64 2.1.2 16.93 318.38 335.31 OK
r-release-macos-arm64 2.1.2 111.00 NOTE
r-release-macos-x86_64 2.1.2 191.00 NOTE
r-release-windows-x86_64 2.1.2 268.00 329.00 597.00 NOTE
r-oldrel-macos-arm64 2.1.2 110.00 NOTE
r-oldrel-macos-x86_64 2.1.2 135.00 NOTE
r-oldrel-windows-ix86+x86_64 2.1.2 35.00 551.00 586.00 OK

Check Details

Version: 2.1.2
Check: package dependencies
Result: WARN
    Requires (indirectly) orphaned package: ‘gtools’
Flavors: r-devel-linux-x86_64-fedora-clang, r-devel-linux-x86_64-fedora-gcc

Version: 2.1.2
Check: installed package size
Result: NOTE
     installed size is 5.0Mb
     sub-directories of 1Mb or more:
     doc 1.6Mb
     extdata 2.7Mb
Flavors: r-devel-linux-x86_64-fedora-clang, r-devel-windows-x86_64, r-release-macos-arm64, r-release-macos-x86_64, r-release-windows-x86_64, r-oldrel-macos-arm64, r-oldrel-macos-x86_64