Last updated on 2023-02-04 00:50:46 CET.
Flavor | Version | Tinstall | Tcheck | Ttotal | Status | Flags |
---|---|---|---|---|---|---|
r-devel-linux-x86_64-debian-clang | 2.1.3 | 13.70 | 390.84 | 404.54 | OK | |
r-devel-linux-x86_64-debian-gcc | 2.1.3 | 12.25 | 256.44 | 268.69 | OK | |
r-devel-linux-x86_64-fedora-clang | 2.1.3 | 479.96 | NOTE | |||
r-devel-linux-x86_64-fedora-gcc | 2.1.3 | 478.25 | OK | |||
r-devel-windows-x86_64 | 2.1.3 | 337.00 | 379.00 | 716.00 | NOTE | |
r-patched-linux-x86_64 | 2.1.3 | 15.29 | 359.26 | 374.55 | OK | |
r-release-linux-x86_64 | 2.1.3 | 11.97 | 365.98 | 377.95 | OK | |
r-release-macos-arm64 | 2.1.3 | 115.00 | NOTE | |||
r-release-macos-x86_64 | 2.1.3 | 151.00 | NOTE | |||
r-release-windows-x86_64 | 2.1.3 | 348.00 | 391.00 | 739.00 | NOTE | |
r-oldrel-macos-arm64 | 2.1.3 | 97.00 | NOTE | |||
r-oldrel-macos-x86_64 | 2.1.3 | 156.00 | NOTE | |||
r-oldrel-windows-ix86+x86_64 | 2.1.3 | 31.00 | 622.00 | 653.00 | NOTE |
Version: 2.1.3
Check: installed package size
Result: NOTE
installed size is 5.1Mb
sub-directories of 1Mb or more:
doc 1.6Mb
extdata 2.7Mb
Flavors: r-devel-linux-x86_64-fedora-clang, r-devel-windows-x86_64, r-release-macos-arm64, r-release-macos-x86_64, r-release-windows-x86_64, r-oldrel-macos-arm64, r-oldrel-macos-x86_64, r-oldrel-windows-ix86+x86_64