Last updated on 2022-06-28 01:51:30 CEST.
Flavor | Version | Tinstall | Tcheck | Ttotal | Status | Flags |
---|---|---|---|---|---|---|
r-devel-linux-x86_64-debian-clang | 0.1.4 | 5.66 | 153.03 | 158.69 | OK | |
r-devel-linux-x86_64-debian-gcc | 0.1.4 | 5.41 | 118.66 | 124.07 | OK | |
r-devel-linux-x86_64-fedora-clang | 0.1.4 | 192.01 | NOTE | |||
r-devel-linux-x86_64-fedora-gcc | 0.1.4 | 189.93 | NOTE | |||
r-devel-windows-x86_64 | 0.1.4 | 23.00 | 201.00 | 224.00 | NOTE | |
r-patched-linux-x86_64 | 0.1.4 | 5.87 | 144.31 | 150.18 | OK | |
r-release-linux-x86_64 | 0.1.4 | 4.55 | 142.47 | 147.02 | OK | |
r-release-macos-arm64 | 0.1.4 | 101.00 | NOTE | |||
r-release-macos-x86_64 | 0.1.4 | 169.00 | NOTE | |||
r-release-windows-x86_64 | 0.1.4 | 29.00 | 198.00 | 227.00 | NOTE | |
r-oldrel-macos-arm64 | 0.1.4 | 94.00 | NOTE | |||
r-oldrel-macos-x86_64 | 0.1.4 | 127.00 | NOTE | |||
r-oldrel-windows-ix86+x86_64 | 0.1.4 | 16.00 | 217.00 | 233.00 | NOTE |
Version: 0.1.4
Check: installed package size
Result: NOTE
installed size is 6.5Mb
sub-directories of 1Mb or more:
doc 6.3Mb
Flavors: r-devel-linux-x86_64-fedora-clang, r-devel-windows-x86_64, r-release-macos-arm64, r-release-macos-x86_64, r-release-windows-x86_64, r-oldrel-macos-arm64, r-oldrel-macos-x86_64, r-oldrel-windows-ix86+x86_64
Version: 0.1.4
Check: data for non-ASCII characters
Result: NOTE
Note: found 2385 marked UTF-8 strings
Flavors: r-devel-linux-x86_64-fedora-clang, r-devel-linux-x86_64-fedora-gcc, r-release-macos-arm64, r-release-macos-x86_64, r-oldrel-macos-arm64, r-oldrel-macos-x86_64