CRAN Package Check Results for Package covid19india

Last updated on 2021-10-22 01:55:01 CEST.

Flavor Version Tinstall Tcheck Ttotal Status Flags
r-devel-linux-x86_64-debian-clang 0.1.4 13.59 108.07 121.66 OK
r-devel-linux-x86_64-debian-gcc 0.1.4 10.78 82.88 93.66 OK
r-devel-linux-x86_64-fedora-clang 0.1.4 158.76 NOTE
r-devel-linux-x86_64-fedora-gcc 0.1.4 156.94 NOTE
r-devel-windows-x86_64 0.1.4 23.00 141.00 164.00 OK
r-devel-windows-x86_64-gcc10-UCRT 0.1.4 NOTE
r-patched-linux-x86_64 0.1.4 14.15 103.29 117.44 OK
r-patched-solaris-x86 0.1.4 216.90 NOTE
r-release-linux-x86_64 0.1.4 12.11 102.69 114.80 OK
r-release-macos-arm64 0.1.3 OK
r-release-macos-x86_64 0.1.4 NOTE
r-release-windows-ix86+x86_64 0.1.4 20.00 100.00 120.00 OK
r-oldrel-macos-x86_64 0.1.4 NOTE
r-oldrel-windows-ix86+x86_64 0.1.4 2.00 5.00 7.00 ERROR

Check Details

Version: 0.1.4
Check: dependencies in R code
Result: NOTE
    Namespaces in Imports field not imported from:
     ‘httr’ ‘stringr’
     All declared Imports should be used.
Flavors: r-devel-linux-x86_64-fedora-clang, r-devel-linux-x86_64-fedora-gcc, r-devel-windows-x86_64-gcc10-UCRT, r-patched-solaris-x86, r-release-macos-x86_64, r-oldrel-macos-x86_64

Version: 0.1.4
Check: whether package can be installed
Result: ERROR
    Installation failed.
Flavor: r-oldrel-windows-ix86+x86_64