CRAN Package Check Results for Package covid19jp

Last updated on 2021-06-22 01:49:10 CEST.

Flavor Version Tinstall Tcheck Ttotal Status Flags
r-devel-linux-x86_64-debian-clang 0.1.0 1.96 32.19 34.15 OK
r-devel-linux-x86_64-debian-gcc 0.1.0 1.69 24.73 26.42 OK
r-devel-linux-x86_64-fedora-clang 0.1.0 49.11 NOTE
r-devel-linux-x86_64-fedora-gcc 0.1.0 39.41 NOTE
r-devel-windows-x86_64 0.1.0 4.00 45.00 49.00 OK
r-devel-windows-x86_64-gcc10-UCRT 0.1.0 ERROR
r-patched-linux-x86_64 0.1.0 2.36 30.51 32.87 OK
r-patched-solaris-x86 0.1.0 60.90 NOTE
r-release-linux-x86_64 0.1.0 1.93 30.49 32.42 OK
r-release-macos-arm64 0.1.0 NOTE
r-release-macos-x86_64 0.1.0 NOTE
r-release-windows-ix86+x86_64 0.1.0 6.00 48.00 54.00 OK
r-oldrel-macos-x86_64 0.1.0 NOTE

Check Details

Version: 0.1.0
Check: data for non-ASCII characters
Result: NOTE
     Note: found 15134 marked UTF-8 strings
Flavors: r-devel-linux-x86_64-fedora-clang, r-devel-linux-x86_64-fedora-gcc, r-patched-solaris-x86, r-release-macos-arm64, r-release-macos-x86_64, r-oldrel-macos-x86_64

Version: 0.1.0
Check: package dependencies
Result: ERROR
    Package required but not available: 'devtools'
    
    Packages suggested but not available for checking: 'rvest', 'pointblank'
    
    See section 'The DESCRIPTION file' in the 'Writing R Extensions'
    manual.
Flavor: r-devel-windows-x86_64-gcc10-UCRT