CRAN Package Check Results for Package covid19nytimes

Last updated on 2021-01-27 00:48:26 CET.

Flavor Version Tinstall Tcheck Ttotal Status Flags
r-devel-linux-x86_64-debian-clang 0.1.3 3.24 56.13 59.37 OK
r-devel-linux-x86_64-debian-gcc 0.1.3 3.24 44.96 48.20 OK
r-devel-linux-x86_64-fedora-clang 0.1.3 80.56 NOTE
r-devel-linux-x86_64-fedora-gcc 0.1.3 72.72 NOTE
r-devel-windows-ix86+x86_64 0.1.3 8.00 81.00 89.00 OK
r-patched-linux-x86_64 0.1.3 3.07 55.77 58.84 OK
r-patched-solaris-x86 0.1.3 118.80 NOTE
r-release-linux-x86_64 0.1.3 3.48 55.65 59.13 OK
r-release-macos-x86_64 0.1.3 NOTE
r-release-windows-ix86+x86_64 0.1.3 9.00 67.00 76.00 OK
r-oldrel-macos-x86_64 0.1.3 NOTE
r-oldrel-windows-ix86+x86_64 0.1.3 6.00 82.00 88.00 OK

Check Details

Version: 0.1.3
Check: data for non-ASCII characters
Result: NOTE
     Note: found 48 marked UTF-8 strings
Flavors: r-devel-linux-x86_64-fedora-clang, r-devel-linux-x86_64-fedora-gcc, r-patched-solaris-x86, r-release-macos-x86_64, r-oldrel-macos-x86_64