CRAN Package Check Results for Package cplm

Last updated on 2021-09-21 01:50:00 CEST.

Flavor Version Tinstall Tcheck Ttotal Status Flags
r-devel-linux-x86_64-debian-clang 0.7-9 22.64 142.36 165.00 OK
r-devel-linux-x86_64-debian-gcc 0.7-9 18.97 105.94 124.91 OK
r-devel-linux-x86_64-fedora-clang 0.7-9 207.62 OK
r-devel-linux-x86_64-fedora-gcc 0.7-9 192.38 OK
r-devel-windows-x86_64 0.7-9 27.00 129.00 156.00 OK
r-devel-windows-x86_64-gcc10-UCRT 0.7-9 ERROR
r-patched-linux-x86_64 0.7-9 20.40 132.06 152.46 OK
r-patched-solaris-x86 0.7-9 266.20 OK
r-release-linux-x86_64 0.7-9 18.88 133.92 152.80 OK
r-release-macos-arm64 0.7-9 OK
r-release-macos-x86_64 0.7-9 OK
r-release-windows-ix86+x86_64 0.7-9 54.00 156.00 210.00 OK
r-oldrel-macos-x86_64 0.7-9 OK
r-oldrel-windows-ix86+x86_64 0.7-9 54.00 198.00 252.00 OK

Check Details

Version: 0.7-9
Check: whether package can be installed
Result: ERROR
    Installation failed.
Flavor: r-devel-windows-x86_64-gcc10-UCRT