Last updated on 2023-02-05 01:54:15 CET.
Flavor | Version | Tinstall | Tcheck | Ttotal | Status | Flags |
---|---|---|---|---|---|---|
r-devel-linux-x86_64-debian-clang | 0.0.3 | 82.66 | 75.47 | 158.13 | NOTE | |
r-devel-linux-x86_64-debian-gcc | 0.0.3 | 65.00 | 56.06 | 121.06 | NOTE | |
r-devel-linux-x86_64-fedora-clang | 0.0.3 | 218.70 | NOTE | |||
r-devel-linux-x86_64-fedora-gcc | 0.0.3 | 212.26 | NOTE | |||
r-devel-windows-x86_64 | 0.0.3 | 94.00 | 130.00 | 224.00 | NOTE | |
r-patched-linux-x86_64 | 0.0.3 | 66.06 | 70.64 | 136.70 | OK | |
r-release-linux-x86_64 | 0.0.3 | 69.79 | 71.38 | 141.17 | OK | |
r-release-macos-arm64 | 0.0.3 | 47.00 | OK | |||
r-release-macos-x86_64 | 0.0.3 | 67.00 | OK | |||
r-release-windows-x86_64 | 0.0.3 | 92.00 | 137.00 | 229.00 | OK | |
r-oldrel-macos-arm64 | 0.0.3 | 44.00 | OK | |||
r-oldrel-macos-x86_64 | 0.0.3 | 70.00 | OK | |||
r-oldrel-windows-ix86+x86_64 | 0.0.3 | 183.00 | 156.00 | 339.00 | OK |
Version: 0.0.3
Check: C++ specification
Result: NOTE
Specified C++11: please update to current default of C++17
Flavors: r-devel-linux-x86_64-debian-clang, r-devel-linux-x86_64-debian-gcc, r-devel-linux-x86_64-fedora-clang, r-devel-linux-x86_64-fedora-gcc, r-devel-windows-x86_64