CRAN Package Check Results for Package cqrReg

Last updated on 2020-07-11 02:09:18 CEST.

Flavor Version Tinstall Tcheck Ttotal Status Flags
r-devel-linux-x86_64-debian-clang 1.2 172.87 68.46 241.33 NOTE
r-devel-linux-x86_64-debian-gcc 1.2 126.73 55.07 181.80 NOTE
r-devel-linux-x86_64-fedora-clang 1.2 362.83 NOTE
r-devel-linux-x86_64-fedora-gcc 1.2 310.36 NOTE
r-devel-windows-ix86+x86_64 1.2 318.00 147.00 465.00 NOTE
r-patched-linux-x86_64 1.2 144.60 69.61 214.21 NOTE
r-patched-solaris-x86 1.2 311.00 NOTE
r-release-linux-x86_64 1.2 137.20 68.49 205.69 NOTE
r-release-osx-x86_64 1.2 NOTE
r-release-windows-ix86+x86_64 1.2 339.00 157.00 496.00 NOTE
r-oldrel-osx-x86_64 1.2 NOTE
r-oldrel-windows-ix86+x86_64 1.2 382.00 148.00 530.00 NOTE

Check Details

Version: 1.2
Check: R code for possible problems
Result: NOTE
    QR.cd: no visible global function definition for 'quantile'
    QR.lasso.cd: no visible global function definition for 'quantile'
    cqr.cd: no visible global function definition for 'quantile'
    cqr.lasso.cd: no visible global function definition for 'quantile'
    cqr.lasso.mm: no visible global function definition for 'quantile'
    cqr.mm: no visible global function definition for 'quantile'
    Undefined global functions or variables:
     quantile
    Consider adding
     importFrom("stats", "quantile")
    to your NAMESPACE file.
Flavors: r-devel-linux-x86_64-debian-clang, r-devel-linux-x86_64-debian-gcc, r-devel-linux-x86_64-fedora-clang, r-devel-linux-x86_64-fedora-gcc, r-devel-windows-ix86+x86_64, r-patched-linux-x86_64, r-patched-solaris-x86, r-release-linux-x86_64, r-release-osx-x86_64, r-release-windows-ix86+x86_64, r-oldrel-osx-x86_64, r-oldrel-windows-ix86+x86_64

Version: 1.2
Check: installed package size
Result: NOTE
     installed size is 9.7Mb
     sub-directories of 1Mb or more:
     libs 9.5Mb
Flavors: r-devel-linux-x86_64-fedora-clang, r-release-osx-x86_64, r-oldrel-osx-x86_64

Version: 1.2
Check: compiled code
Result: NOTE
    File ‘cqrReg/libs/cqrReg.so’:
     Found no calls to: ‘R_registerRoutines’, ‘R_useDynamicSymbols’
    
    It is good practice to register native routines and to disable symbol
    search.
    
    See ‘Writing portable packages’ in the ‘Writing R Extensions’ manual.
Flavors: r-devel-linux-x86_64-fedora-clang, r-devel-linux-x86_64-fedora-gcc