CRAN Package Check Results for Package cranlike

Last updated on 2023-12-09 07:49:28 CET.

Flavor Version Tinstall Tcheck Ttotal Status Flags
r-devel-linux-x86_64-debian-clang 1.0.2 5.62 46.93 52.55 NOTE
r-devel-linux-x86_64-debian-gcc 1.0.2 3.98 36.35 40.33 NOTE
r-devel-linux-x86_64-fedora-clang 1.0.2 63.42 NOTE
r-devel-linux-x86_64-fedora-gcc 1.0.2 62.56 NOTE
r-devel-windows-x86_64 1.0.2 5.00 55.00 60.00 NOTE
r-patched-linux-x86_64 1.0.2 4.58 45.85 50.43 NOTE
r-release-linux-x86_64 1.0.2 5.09 45.33 50.42 NOTE
r-release-macos-arm64 1.0.2 23.00 NOTE
r-release-macos-x86_64 1.0.2 32.00 NOTE
r-release-windows-x86_64 1.0.2 6.00 61.00 67.00 NOTE
r-oldrel-macos-arm64 1.0.2 23.00 NOTE
r-oldrel-macos-x86_64 1.0.2 31.00 NOTE
r-oldrel-windows-x86_64 1.0.2 7.00 66.00 73.00 NOTE

Check Details

Version: 1.0.2
Check: Rd files
Result: NOTE checkRd: (-1) update_PACKAGES.Rd:35: Lost braces; missing escapes or markup? 35 | Type of packages: currently source \file{.tar.{gz,bz2,xz}} archives, | ^ Flavors: r-devel-linux-x86_64-debian-clang, r-devel-linux-x86_64-debian-gcc

Version: 1.0.2
Check: LazyData
Result: NOTE 'LazyData' is specified without a 'data' directory Flavors: r-devel-linux-x86_64-debian-clang, r-devel-linux-x86_64-debian-gcc, r-devel-linux-x86_64-fedora-clang, r-devel-linux-x86_64-fedora-gcc, r-devel-windows-x86_64, r-patched-linux-x86_64, r-release-linux-x86_64, r-release-macos-arm64, r-release-macos-x86_64, r-release-windows-x86_64, r-oldrel-macos-arm64, r-oldrel-macos-x86_64, r-oldrel-windows-x86_64