CRAN Package Check Results for Package crayon

Last updated on 2021-08-02 01:49:45 CEST.

Flavor Version Tinstall Tcheck Ttotal Status Flags
r-devel-linux-x86_64-debian-clang 1.4.1 2.24 37.30 39.54 NOTE
r-devel-linux-x86_64-debian-gcc 1.4.1 1.91 29.02 30.93 NOTE
r-devel-linux-x86_64-fedora-clang 1.4.1 57.90 NOTE
r-devel-linux-x86_64-fedora-gcc 1.4.1 47.13 NOTE
r-devel-windows-x86_64 1.4.1 15.00 57.00 72.00 NOTE
r-devel-windows-x86_64-gcc10-UCRT 1.4.1 NOTE
r-patched-linux-x86_64 1.4.1 NOTE
r-patched-solaris-x86 1.4.1 67.50 NOTE
r-release-linux-x86_64 1.4.1 2.03 35.91 37.94 NOTE
r-release-macos-arm64 1.4.1 NOTE
r-release-macos-x86_64 1.4.1 NOTE
r-release-windows-ix86+x86_64 1.4.1 9.00 42.00 51.00 NOTE
r-oldrel-macos-x86_64 1.4.1 OK
r-oldrel-windows-ix86+x86_64 1.4.1 9.00 55.00 64.00 OK

Check Details

Version: 1.4.1
Check: LazyData
Result: NOTE
     'LazyData' is specified without a 'data' directory
Flavors: r-devel-linux-x86_64-debian-clang, r-devel-linux-x86_64-debian-gcc, r-devel-linux-x86_64-fedora-clang, r-devel-linux-x86_64-fedora-gcc, r-devel-windows-x86_64, r-devel-windows-x86_64-gcc10-UCRT, r-patched-linux-x86_64, r-patched-solaris-x86, r-release-linux-x86_64, r-release-macos-arm64, r-release-macos-x86_64, r-release-windows-ix86+x86_64