CRAN Package Check Results for Package crmPack

Last updated on 2020-07-08 01:49:15 CEST.

Flavor Version Tinstall Tcheck Ttotal Status Flags
r-devel-linux-x86_64-debian-clang 1.0.0 21.43 200.21 221.64 NOTE --no-vignettes
r-devel-linux-x86_64-debian-gcc 1.0.0 16.89 145.22 162.11 NOTE --no-vignettes
r-devel-linux-x86_64-fedora-clang 1.0.0 1440.18 OK
r-devel-linux-x86_64-fedora-gcc 1.0.0 1454.59 OK
r-devel-windows-ix86+x86_64 1.0.0 41.00 263.00 304.00 NOTE --no-vignettes
r-patched-linux-x86_64 1.0.0 21.38 186.69 208.07 NOTE --no-vignettes
r-patched-solaris-x86 1.0.0 300.20 OK --no-vignettes
r-release-linux-x86_64 1.0.0 21.15 184.68 205.83 NOTE --no-vignettes
r-release-osx-x86_64 1.0.0 OK
r-release-windows-ix86+x86_64 1.0.0 48.00 194.00 242.00 NOTE --no-vignettes
r-oldrel-osx-x86_64 1.0.0 OK
r-oldrel-windows-ix86+x86_64 1.0.0 64.00 252.00 316.00 OK --no-vignettes

Check Details

Version: 1.0.0
Flags: --no-vignettes
Check: package vignettes
Result: NOTE
    Package vignette with placeholder title 'Vignette Title':
     'guidelines.Rmd'
Flavors: r-devel-linux-x86_64-debian-clang, r-devel-linux-x86_64-debian-gcc, r-devel-windows-ix86+x86_64, r-patched-linux-x86_64, r-release-linux-x86_64, r-release-windows-ix86+x86_64