CRAN Package Check Results for Package crop

Last updated on 2020-09-22 02:17:17 CEST.

Flavor Version Tinstall Tcheck Ttotal Status Flags
r-devel-linux-x86_64-debian-clang 0.0-2 1.82 19.07 20.89 NOTE
r-devel-linux-x86_64-debian-gcc 0.0-2 1.51 14.79 16.30 NOTE
r-devel-linux-x86_64-fedora-clang 0.0-2 34.61 NOTE
r-devel-linux-x86_64-fedora-gcc 0.0-2 24.61 NOTE
r-devel-windows-ix86+x86_64 0.0-2 4.00 25.00 29.00 OK
r-patched-linux-x86_64 0.0-2 1.69 18.24 19.93 NOTE
r-patched-solaris-x86 0.0-2 39.20 NOTE
r-release-linux-x86_64 0.0-2 1.64 18.68 20.32 NOTE
r-release-macos-x86_64 0.0-2 OK
r-release-windows-ix86+x86_64 0.0-2 4.00 25.00 29.00 OK
r-oldrel-macos-x86_64 0.0-2 OK
r-oldrel-windows-ix86+x86_64 0.0-2 4.00 34.00 38.00 OK

Check Details

Version: 0.0-2
Check: for non-standard things in the check directory
Result: NOTE
    Found the following files/directories:
     'crop.eps' 'crop.pdf' 'crop.png' 'crop.ps'
Flavors: r-devel-linux-x86_64-debian-clang, r-devel-linux-x86_64-debian-gcc, r-devel-linux-x86_64-fedora-clang, r-devel-linux-x86_64-fedora-gcc, r-patched-linux-x86_64, r-patched-solaris-x86, r-release-linux-x86_64