CRAN Package Check Results for Package crossmap

Last updated on 2021-09-22 01:48:35 CEST.

Flavor Version Tinstall Tcheck Ttotal Status Flags
r-devel-linux-x86_64-debian-clang 0.3.0 2.86 49.80 52.66 OK
r-devel-linux-x86_64-debian-gcc 0.3.0 2.23 38.78 41.01 OK
r-devel-linux-x86_64-fedora-clang 0.3.0 71.51 OK
r-devel-linux-x86_64-fedora-gcc 0.3.0 72.58 OK
r-devel-windows-x86_64 0.3.0 5.00 54.00 59.00 OK
r-devel-windows-x86_64-gcc10-UCRT 0.3.0 ERROR
r-patched-linux-x86_64 0.3.0 2.64 47.42 50.06 OK
r-patched-solaris-x86 0.3.0 117.70 OK
r-release-linux-x86_64 0.3.0 2.96 47.51 50.47 OK
r-release-macos-arm64 0.3.0 OK
r-release-macos-x86_64 0.3.0 OK
r-release-windows-ix86+x86_64 0.3.0 6.00 52.00 58.00 OK
r-oldrel-macos-x86_64 0.3.0 OK
r-oldrel-windows-ix86+x86_64 0.3.0 7.00 64.00 71.00 OK

Check Details

Version: 0.3.0
Check: whether package can be installed
Result: WARN
    Found the following significant warnings:
     WARNING: installation-time patches will not be applied, could not get the patches index
Flavor: r-devel-windows-x86_64-gcc10-UCRT

Version: 0.3.0
Check: PDF version of manual
Result: WARN
    LaTeX errors when creating PDF version.
    This typically indicates Rd problems.
Flavor: r-devel-windows-x86_64-gcc10-UCRT

Version: 0.3.0
Check: PDF version of manual without hyperrefs or index
Result: ERROR
    Re-running with no redirection of stdout/stderr.
Flavor: r-devel-windows-x86_64-gcc10-UCRT