CRAN Package Check Results for Package crosstalkr

Last updated on 2023-02-07 00:54:13 CET.

Flavor Version Tinstall Tcheck Ttotal Status Flags
r-devel-linux-x86_64-debian-clang 1.0.1 23.45 230.09 253.54 OK
r-devel-linux-x86_64-debian-gcc 1.0.1 18.56 173.65 192.21 OK
r-devel-linux-x86_64-fedora-clang 1.0.1 311.85 OK
r-devel-linux-x86_64-fedora-gcc 1.0.1 319.04 OK
r-devel-windows-x86_64 1.0.1 54.00 299.00 353.00 OK
r-patched-linux-x86_64 1.0.1 15.91 215.74 231.65 OK
r-release-linux-x86_64 1.0.1 16.02 221.23 237.25 OK
r-release-macos-arm64 1.0.1 100.00 ERROR
r-release-macos-x86_64 1.0.1 141.00 ERROR
r-release-windows-x86_64 1.0.0 116.00 292.00 408.00 OK
r-oldrel-macos-arm64 1.0.1 113.00 OK
r-oldrel-macos-x86_64 1.0.1 138.00 ERROR
r-oldrel-windows-ix86+x86_64 1.0.1 55.00 403.00 458.00 OK

Check Details

Version: 1.0.1
Check: package dependencies
Result: NOTE
    Package suggested but not available for checking: ‘EnsDb.Hsapiens.v79’
Flavors: r-release-macos-arm64, r-release-macos-x86_64, r-oldrel-macos-x86_64

Version: 1.0.1
Check: tests
Result: ERROR
     Running ‘testthat.R’ [18s/41s]
    Running the tests in ‘tests/testthat.R’ failed.
    Last 13 lines of output:
     Error in `loadNamespace(x)`: there is no package called 'EnsDb.Hsapiens.v79'
     Backtrace:
     ▆
     1. ├─testthat::expect_equal(length(as_gene_symbol(entrez_test)), length(entrez_test)) at test-utils.R:16:2
     2. │ └─testthat::quasi_label(enquo(object), label, arg = "object")
     3. │ └─rlang::eval_bare(expr, quo_get_env(quo))
     4. ├─crosstalkr::as_gene_symbol(entrez_test)
     5. └─base::loadNamespace(x)
     6. └─base::withRestarts(stop(cond), retry_loadNamespace = function() NULL)
     7. └─base (local) withOneRestart(expr, restarts[[1L]])
     8. └─base (local) doWithOneRestart(return(expr), restart)
    
     [ FAIL 2 | WARN 2 | SKIP 8 | PASS 89 ]
     Error: Test failures
     Execution halted
Flavor: r-release-macos-arm64

Version: 1.0.1
Check: tests
Result: ERROR
     Running ‘testthat.R’ [29s/62s]
    Running the tests in ‘tests/testthat.R’ failed.
    Last 13 lines of output:
     Error in `loadNamespace(x)`: there is no package called 'EnsDb.Hsapiens.v79'
     Backtrace:
     ▆
     1. ├─testthat::expect_equal(length(as_gene_symbol(entrez_test)), length(entrez_test)) at test-utils.R:16:2
     2. │ └─testthat::quasi_label(enquo(object), label, arg = "object")
     3. │ └─rlang::eval_bare(expr, quo_get_env(quo))
     4. ├─crosstalkr::as_gene_symbol(entrez_test)
     5. └─base::loadNamespace(x)
     6. └─base::withRestarts(stop(cond), retry_loadNamespace = function() NULL)
     7. └─base (local) withOneRestart(expr, restarts[[1L]])
     8. └─base (local) doWithOneRestart(return(expr), restart)
    
     [ FAIL 2 | WARN 2 | SKIP 8 | PASS 89 ]
     Error: Test failures
     Execution halted
Flavor: r-release-macos-x86_64

Version: 1.0.1
Check: tests
Result: ERROR
     Running ‘testthat.R’ [29s/54s]
    Running the tests in ‘tests/testthat.R’ failed.
    Last 13 lines of output:
     Error in `loadNamespace(x)`: there is no package called 'EnsDb.Hsapiens.v79'
     Backtrace:
     ▆
     1. ├─testthat::expect_equal(length(as_gene_symbol(entrez_test)), length(entrez_test)) at test-utils.R:16:2
     2. │ └─testthat::quasi_label(enquo(object), label, arg = "object")
     3. │ └─rlang::eval_bare(expr, quo_get_env(quo))
     4. ├─crosstalkr::as_gene_symbol(entrez_test)
     5. └─base::loadNamespace(x)
     6. └─base::withRestarts(stop(cond), retry_loadNamespace = function() NULL)
     7. └─base (local) withOneRestart(expr, restarts[[1L]])
     8. └─base (local) doWithOneRestart(return(expr), restart)
    
     [ FAIL 2 | WARN 2 | SKIP 8 | PASS 89 ]
     Error: Test failures
     Execution halted
Flavor: r-oldrel-macos-x86_64