CRAN Package Check Results for Package crsra

Last updated on 2020-07-06 01:53:59 CEST.

Flavor Version Tinstall Tcheck Ttotal Status Flags
r-devel-linux-x86_64-debian-clang 0.2.3 10.31 92.71 103.02 OK
r-devel-linux-x86_64-debian-gcc 0.2.3 8.56 70.89 79.45 OK
r-devel-linux-x86_64-fedora-clang 0.2.3 130.21 NOTE
r-devel-linux-x86_64-fedora-gcc 0.2.3 123.71 NOTE
r-devel-windows-ix86+x86_64 0.2.3 34.00 144.00 178.00 OK
r-patched-linux-x86_64 0.2.3 10.56 90.65 101.21 OK
r-patched-solaris-x86 0.2.3 182.70 NOTE
r-release-linux-x86_64 0.2.3 9.08 90.14 99.22 OK
r-release-osx-x86_64 0.2.3 NOTE
r-release-windows-ix86+x86_64 0.2.3 26.00 103.00 129.00 OK
r-oldrel-osx-x86_64 0.2.3 NOTE
r-oldrel-windows-ix86+x86_64 0.2.3 34.00 163.00 197.00 OK

Check Details

Version: 0.2.3
Check: data for non-ASCII characters
Result: NOTE
     Note: found 500 marked UTF-8 strings
Flavors: r-devel-linux-x86_64-fedora-clang, r-devel-linux-x86_64-fedora-gcc, r-patched-solaris-x86, r-release-osx-x86_64, r-oldrel-osx-x86_64