CRAN Package Check Results for Package crsuggest

Last updated on 2021-07-24 01:49:59 CEST.

Flavor Version Tinstall Tcheck Ttotal Status Flags
r-devel-linux-x86_64-debian-clang 0.3.1 21.78 117.88 139.66 OK
r-devel-linux-x86_64-debian-gcc 0.3.1 19.54 90.02 109.56 OK
r-devel-linux-x86_64-fedora-clang 0.3.1 182.67 NOTE
r-devel-linux-x86_64-fedora-gcc 0.3.1 168.81 OK
r-devel-windows-x86_64 0.3.1 24.00 107.00 131.00 NOTE
r-devel-windows-x86_64-gcc10-UCRT 0.3.1 OK
r-patched-linux-x86_64 0.3.1 21.92 111.22 133.14 OK
r-patched-solaris-x86 0.3.1 259.00 NOTE
r-release-linux-x86_64 0.3.1 18.00 111.50 129.50 OK
r-release-macos-arm64 0.3.1 NOTE
r-release-macos-x86_64 0.3.1 NOTE
r-release-windows-ix86+x86_64 0.3.1 43.00 103.00 146.00 NOTE
r-oldrel-macos-x86_64 0.3.1 NOTE
r-oldrel-windows-ix86+x86_64 0.3.1 43.00 141.00 184.00 NOTE

Check Details

Version: 0.3.1
Check: installed package size
Result: NOTE
     installed size is 5.8Mb
     sub-directories of 1Mb or more:
     data 5.7Mb
Flavors: r-devel-linux-x86_64-fedora-clang, r-devel-windows-x86_64, r-patched-solaris-x86, r-release-macos-arm64, r-release-macos-x86_64, r-release-windows-ix86+x86_64, r-oldrel-macos-x86_64, r-oldrel-windows-ix86+x86_64