Last updated on 2023-12-08 06:50:54 CET.
Flavor | Version | Tinstall | Tcheck | Ttotal | Status | Flags |
---|---|---|---|---|---|---|
r-devel-linux-x86_64-debian-clang | 0.4 | 47.52 | 341.76 | 389.28 | OK | |
r-devel-linux-x86_64-debian-gcc | 0.4 | 37.43 | 247.10 | 284.53 | OK | |
r-devel-linux-x86_64-fedora-clang | 0.4 | 503.59 | NOTE | |||
r-devel-linux-x86_64-fedora-gcc | 0.4 | 497.26 | OK | |||
r-devel-windows-x86_64 | 0.4 | 39.00 | 209.00 | 248.00 | NOTE | |
r-patched-linux-x86_64 | 0.4 | 30.79 | 327.87 | 358.66 | OK | |
r-release-linux-x86_64 | 0.4 | 30.49 | 320.26 | 350.75 | OK | |
r-release-macos-arm64 | 0.4 | 125.00 | NOTE | |||
r-release-macos-x86_64 | 0.4 | 198.00 | NOTE | |||
r-release-windows-x86_64 | 0.4 | 50.00 | 278.00 | 328.00 | NOTE | |
r-oldrel-macos-arm64 | 0.4 | 100.00 | NOTE | |||
r-oldrel-macos-x86_64 | 0.4 | 130.00 | NOTE | |||
r-oldrel-windows-x86_64 | 0.4 | 53.00 | 266.00 | 319.00 | NOTE |
Version: 0.4
Check: installed package size
Result: NOTE
installed size is 5.8Mb
sub-directories of 1Mb or more:
data 5.7Mb
Flavors: r-devel-linux-x86_64-fedora-clang, r-devel-windows-x86_64, r-release-macos-arm64, r-release-macos-x86_64, r-release-windows-x86_64, r-oldrel-macos-arm64, r-oldrel-macos-x86_64, r-oldrel-windows-x86_64