CRAN Package Check Results for Package crunch

Last updated on 2021-05-13 02:49:18 CEST.

Flavor Version Tinstall Tcheck Ttotal Status Flags
r-devel-linux-x86_64-debian-clang 1.28.0 39.42 359.26 398.68 OK
r-devel-linux-x86_64-debian-gcc 1.28.0 31.65 271.77 303.42 OK
r-devel-linux-x86_64-fedora-clang 1.28.0 484.38 OK
r-devel-linux-x86_64-fedora-gcc 1.28.0 493.64 OK
r-devel-windows-ix86+x86_64 1.28.0 60.00 296.00 356.00 OK
r-devel-windows-x86_64-gcc10-UCRT 1.28.0 OK
r-patched-linux-x86_64 1.28.0 41.73 344.94 386.67 OK
r-patched-solaris-x86 1.28.0 509.90 OK
r-release-linux-x86_64 1.28.0 36.59 350.17 386.76 OK
r-release-macos-x86_64 1.28.0 OK
r-release-windows-ix86+x86_64 1.28.0 46.00 401.00 447.00 OK
r-oldrel-macos-x86_64 1.28.0 WARN
r-oldrel-windows-ix86+x86_64 1.28.0 60.00 370.00 430.00 WARN

Check Details

Version: 1.28.0
Check: Rd cross-references
Result: WARN
    Missing link or links in documentation object 'cube-computing.Rd':
     ‘[base:marginSums]{base::margin.table()}’
     ‘[base:proportions]{base::prop.table()}’
    
    See section 'Cross-references' in the 'Writing R Extensions' manual.
Flavors: r-oldrel-macos-x86_64, r-oldrel-windows-ix86+x86_64