CRAN Package Check Results for Package crunch

Last updated on 2021-02-25 00:47:37 CET.

Flavor Version Tinstall Tcheck Ttotal Status Flags
r-devel-linux-x86_64-debian-clang 1.27.7 35.51 360.80 396.31 OK
r-devel-linux-x86_64-debian-gcc 1.27.7 27.49 274.93 302.42 OK
r-devel-linux-x86_64-fedora-clang 1.27.7 483.61 OK
r-devel-linux-x86_64-fedora-gcc 1.27.7 501.44 OK
r-devel-windows-ix86+x86_64 1.27.7 46.00 297.00 343.00 OK
r-patched-linux-x86_64 1.27.7 32.91 354.85 387.76 OK
r-patched-solaris-x86 1.27.7 527.10 OK
r-release-linux-x86_64 1.27.7 35.53 349.86 385.39 OK
r-release-macos-x86_64 1.27.7 OK
r-release-windows-ix86+x86_64 1.27.7 41.00 300.00 341.00 OK
r-oldrel-macos-x86_64 1.27.7 WARN
r-oldrel-windows-ix86+x86_64 1.27.7 36.00 293.00 329.00 WARN

Check Details

Version: 1.27.7
Check: Rd cross-references
Result: WARN
    Missing link or links in documentation object 'cube-computing.Rd':
     ‘[base:marginSums]{base::margin.table()}’
     ‘[base:proportions]{base::prop.table()}’
    
    See section 'Cross-references' in the 'Writing R Extensions' manual.
Flavors: r-oldrel-macos-x86_64, r-oldrel-windows-ix86+x86_64