Last updated on 2021-04-20 01:47:01 CEST.
Flavor | Version | Tinstall | Tcheck | Ttotal | Status | Flags |
---|---|---|---|---|---|---|
r-devel-linux-x86_64-debian-clang | 1.1.1 | 2.43 | 38.82 | 41.25 | NOTE | |
r-devel-linux-x86_64-debian-gcc | 1.1.1 | 1.81 | 30.29 | 32.10 | NOTE | |
r-devel-linux-x86_64-fedora-clang | 1.1.1 | 58.20 | NOTE | |||
r-devel-linux-x86_64-fedora-gcc | 1.1.1 | 49.95 | NOTE | |||
r-devel-windows-ix86+x86_64 | 1.1.1 | 5.00 | 49.00 | 54.00 | NOTE | |
r-devel-windows-x86_64-gcc10-UCRT | 1.1.1 | NOTE | ||||
r-patched-linux-x86_64 | 1.1.1 | 2.61 | 37.71 | 40.32 | OK | |
r-patched-solaris-x86 | 1.1.1 | 71.40 | OK | |||
r-release-linux-x86_64 | 1.1.1 | 2.21 | 37.98 | 40.19 | OK | |
r-release-macos-x86_64 | 1.1.1 | OK | ||||
r-release-windows-ix86+x86_64 | 1.1.1 | 7.00 | 60.00 | 67.00 | OK | |
r-oldrel-macos-x86_64 | 1.1.1 | OK | ||||
r-oldrel-windows-ix86+x86_64 | 1.1.1 | 3.00 | 56.00 | 59.00 | OK |
Version: 1.1.1
Check: LazyData
Result: NOTE
'LazyData' is specified without a 'data' directory
Flavors: r-devel-linux-x86_64-debian-clang, r-devel-linux-x86_64-debian-gcc, r-devel-linux-x86_64-fedora-clang, r-devel-linux-x86_64-fedora-gcc, r-devel-windows-ix86+x86_64, r-devel-windows-x86_64-gcc10-UCRT