CRAN Package Check Results for Package cstab

Last updated on 2020-07-15 01:48:20 CEST.

Flavor Version Tinstall Tcheck Ttotal Status Flags
r-devel-linux-x86_64-debian-clang 0.2-2 39.64 70.83 110.47 OK
r-devel-linux-x86_64-debian-gcc 0.2-2 26.51 49.02 75.53 OK
r-devel-linux-x86_64-fedora-clang 0.2-2 151.78 OK
r-devel-linux-x86_64-fedora-gcc 0.2-2 138.27 OK
r-devel-windows-ix86+x86_64 0.2-2 117.00 262.00 379.00 OK
r-patched-linux-x86_64 0.2-2 28.88 71.21 100.09 OK
r-patched-solaris-x86 0.2-2 226.00 OK
r-release-linux-x86_64 0.2-2 29.08 71.60 100.68 OK
r-release-macos-x86_64 0.2-2 ERROR
r-release-windows-ix86+x86_64 0.2-2 115.00 257.00 372.00 OK
r-oldrel-macos-x86_64 0.2-2 OK
r-oldrel-windows-ix86+x86_64 0.2-2 98.00 269.00 367.00 OK

Check Details

Version: 0.2-2
Check: whether package can be installed
Result: ERROR
    Installation failed.
Flavor: r-release-macos-x86_64