CRAN Package Check Results for Package ctmcmove

Last updated on 2021-09-23 01:49:31 CEST.

Flavor Version Tinstall Tcheck Ttotal Status Flags
r-devel-linux-x86_64-debian-clang 1.2.9 16.57 137.36 153.93 OK
r-devel-linux-x86_64-debian-gcc 1.2.9 12.71 106.09 118.80 OK
r-devel-linux-x86_64-fedora-clang 1.2.9 195.02 OK
r-devel-linux-x86_64-fedora-gcc 1.2.9 186.10 OK
r-devel-windows-x86_64 1.2.9 19.00 123.00 142.00 OK
r-devel-windows-x86_64-gcc10-UCRT 1.2.9 ERROR
r-patched-linux-x86_64 1.2.9 13.75 134.55 148.30 OK
r-patched-solaris-x86 1.2.9 273.90 OK
r-release-linux-x86_64 1.2.9 14.67 134.88 149.55 OK
r-release-macos-arm64 1.2.9 OK
r-release-macos-x86_64 1.2.9 OK
r-release-windows-ix86+x86_64 1.2.9 38.00 120.00 158.00 OK
r-oldrel-macos-x86_64 1.2.9 OK
r-oldrel-windows-ix86+x86_64 1.2.9 28.00 116.00 144.00 OK

Check Details

Version: 1.2.9
Check: package dependencies
Result: ERROR
    Package required but not available: 'gdistance'
    
    Package suggested but not available for checking: 'crawl'
    
    See section 'The DESCRIPTION file' in the 'Writing R Extensions'
    manual.
Flavor: r-devel-windows-x86_64-gcc10-UCRT